000
CXUS52 KTBW 191000
CF6PGD
PRELIMINARY LOCAL CLIMATOLOGICAL DATA (WS FORM: F-6)
STATION: PUNTA GORDA
MONTH: APRIL
YEAR: 2024
LATITUDE: 26 55 N
LONGITUDE: 82 0 W
TEMPERATURE IN F: :PCPN: SNOW: WIND :SUNSHINE: SKY :PK WND
================================================================================
1 2 3 4 5 6A 6B 7 8 9 10 11 12 13 14 15 16 17 18
12Z AVG MX 2MIN
DY MAX MIN AVG DEP HDD CDD WTR SNW DPTH SPD SPD DIR MIN PSBL S-S WX SPD DR
================================================================================
1 85 60 73 2 0 8 0.00 0.0 0 6.5 18 230 M M 1 24 220
2 88 64 76 5 0 11 0.00 0.0 0 8.3 18 220 M M 1 1 25 220
3 88 67 78 7 0 13 0.55 0.0 0 15.7 35 220 M M 5 13 47 230
4 80 65 73 2 0 8 0.00 0.0 0 9.9 18 290 M M 2 3 25 280
5 81 56 69 -2 0 4 0.00 0.0 0 6.9 20 280 M M 0 25 290
6 82 56 69 -3 0 4 0.00 0.0 0 9.1 18 290 M M 1 25 280
7 85 54 70 -2 0 5 0.00 0.0 0 7.5 15 80 M M 0 19 50
8 82 57 70 -2 0 5 0.00 0.0 0 10.3 21 100 M M 0 27 60
9 86 59 73 1 0 8 0.00 0.0 0 9.5 21 140 M M 5 31 160
10 90 63 77 5 0 12 0.00 0.0 0 11.9 22 150 M M 1 31 150
11 85 73 79 7 0 14 0.12 0.0 0 16.7 31 210 M M 6 1 45 210
12 83 63 73 0 0 8 0.00 0.0 0 10.1 20 280 M M 1 25 280
13 84 59 72 -1 0 7 0.00 0.0 0 8.4 21 50 M M 0 31 60
14 86 53 70 -3 0 5 0.00 0.0 0 4.6 16 120 M M 0 24 170
15 89 58 74 1 0 9 0.00 0.0 0 4.6 15 60 M M 1 20 60
16 89 56 73 0 0 8 0.00 0.0 0 9.5 21 90 M M 0 29 90
17 90 61 76 2 0 11 0.00 0.0 0 7.4 17 120 M M 0 1 24 120
18 88 64 76 2 0 11 0.00 0.0 0 6.2 16 240 M M 1 8 22 240
================================================================================
SM 1541 1088 0 151 0.67 0.0 163.1 M 25
================================================================================
AV 85.6 60.4 9.1 FASTST M M 1 MAX(MPH)
MISC ----> 35 220 47 230
================================================================================
NOTES:
# LAST OF SEVERAL OCCURRENCES
COLUMN 17 PEAK WIND IN M.P.H.
PRELIMINARY LOCAL CLIMATOLOGICAL DATA (WS FORM: F-6) , PAGE 2
STATION: PUNTA GORDA
MONTH: APRIL
YEAR: 2024
LATITUDE: 26 55 N
LONGITUDE: 82 0 W
[TEMPERATURE DATA] [PRECIPITATION DATA] SYMBOLS USED IN COLUMN 16
AVERAGE MONTHLY: 73.0 TOTAL FOR MONTH: 0.67 1 = FOG OR MIST
DPTR FM NORMAL: 0.8 DPTR FM NORMAL: -0.68 2 = FOG REDUCING VISIBILITY
HIGHEST: 90 ON 17,10 GRTST 24HR 0.55 ON 3- 3 TO 1/4 MILE OR LESS
LOWEST: 53 ON 14 3 = THUNDER
SNOW, ICE PELLETS, HAIL 4 = ICE PELLETS
TOTAL MONTH: 0.0 INCH 5 = HAIL
GRTST 24HR 0.0 6 = FREEZING RAIN OR DRIZZLE
GRTST DEPTH: 0 7 = DUSTSTORM OR SANDSTORM:
VSBY 1/2 MILE OR LESS
8 = SMOKE OR HAZE
[NO. OF DAYS WITH] [WEATHER - DAYS WITH] 9 = BLOWING SNOW
X = TORNADO
MAX 32 OR BELOW: 0 0.01 INCH OR MORE: 2
MAX 90 OR ABOVE: 2 0.10 INCH OR MORE: 2
MIN 32 OR BELOW: 0 0.50 INCH OR MORE: 1
MIN 0 OR BELOW: 0 1.00 INCH OR MORE: 0
[HDD (BASE 65) ]
TOTAL THIS MO. 0 CLEAR (SCALE 0-3) 15
DPTR FM NORMAL 0 PTCLDY (SCALE 4-7) 3
TOTAL FM JUL 1 183 CLOUDY (SCALE 8-10) 0
DPTR FM NORMAL -166
[CDD (BASE 65) ]
TOTAL THIS MO. 151
DPTR FM NORMAL 19 [PRESSURE DATA]
TOTAL FM JAN 1 567 HIGHEST SLP M ON M
DPTR FM NORMAL 136 LOWEST SLP 29.72 ON 3
[REMARKS]