000
CXUS51 KGYX 280900
CF6PWM
PRELIMINARY LOCAL CLIMATOLOGICAL DATA (WS FORM: F-6)
STATION: PORTLAND ME
MONTH: MARCH
YEAR: 2024
LATITUDE: 43 39 N
LONGITUDE: 70 19 W
TEMPERATURE IN F: :PCPN: SNOW: WIND :SUNSHINE: SKY :PK WND
================================================================================
1 2 3 4 5 6A 6B 7 8 9 10 11 12 13 14 15 16 17 18
12Z AVG MX 2MIN
DY MAX MIN AVG DEP HDD CDD WTR SNW DPTH SPD SPD DIR MIN PSBL S-S WX SPD DR
================================================================================
1 39 13 26 -4 39 0 0.00 0.0 0 8.5 20 270 M M 2 30 270
2 44 31 38 8 27 0 0.64 0.0 0 5.3 13 160 M M 7 1 19 200
3 55 40 48 18 17 0 1.11 0.0 0 9.5 20 350 M M 8 1 27 340
4 49 36 43 12 22 0 0.00 0.0 0 7.3 20 100 M M 6 1 25 100
5 40 37 39 8 26 0 0.44 0.0 0 6.1 10 100 M M 10 1 17 40
6 51 34 43 12 22 0 0.28 0.0 0 4.8 14 20 M M 9 12 18 10
7 43 37 40 9 25 0 1.35 0.0 0 15.1 24 20 M M 9 1 38 30
8 48 28 38 6 27 0 0.00 0.0 0 7.7 18 10 M M 1 28 360
9 39 26 33 1 32 0 0.01 0.0 0 7.4 17 110 M M 8 1 24 110
10 50 36 43 11 22 0 2.39 0.0 0 15.1 29 150 M M 9 1 50 150
11 41 31 36 3 29 0 0.00 0.0 0 17.5 30 300 M M 8 44 280
12 48 27 38 5 27 0 0.00 0.0 0 12.1 29 330 M M 2 42 320
13 50 27 39 6 26 0 0.00 0.0 0 6.0 14 150 M M 4 17 170
14 47 36 42 8 23 0 0.01 0.0 0 4.2 12 190 M M 5 18 180
15 40 37 39 5 26 0 0.32 0.0 0 7.5 18 60 M M 10 1 26 50
16 48 31 40 6 25 0 T 0.0 0 5.0 16 170 M M 8 12 23 190
17 55 35 45 11 20 0 0.16 0.0 0 9.2 22 270 M M 8 1 34 280
18 47 32 40 5 25 0 0.00 0.0 0 11.1 23 300 M M 5 33 250
19 44 31 38 3 27 0 T M 0 10.9 24 290 M M 6 34 330
20 45 30 38 3 27 0 0.05 0.4 T 9.6 21 250 M M 8 1 35 220
21 35 24 30 -6 35 0 T T T 20.8 31 300 M M 4 1 45 300
22 39 21 30 -6 35 0 0.00 0.0 0 8.6 20 300 M M 4 29 280
23 32 26 29 -7 36 0 2.13 5.3 2 12.1 25 350 M M 10 12456 35 360
24 39 22 31 -5 34 0 0.00 0.0 3 8.3 24 310 M M 5 34 340
25 38 25 32 -5 33 0 0.00 0.0 2 9.5 18 50 M M 5 26 40
26 36 31 34 -3 31 0 0.13 0.0 2 9.7 15 360 M M 9 1 22 30
27 50 35 43 5 22 0 0.26 0.0 1 4.6 10 90 M M 9 1 15 50
================================================================================
SM 1192 819 740 0 9.28 5.7 253.5 M 179
================================================================================
AV 44.1 30.3 9.4 FASTST M M 7 MAX(MPH)
MISC ----> 31 300 50 150
================================================================================
NOTES:
# LAST OF SEVERAL OCCURRENCES
COLUMN 17 PEAK WIND IN M.P.H.
PRELIMINARY LOCAL CLIMATOLOGICAL DATA (WS FORM: F-6) , PAGE 2
STATION: PORTLAND ME
MONTH: MARCH
YEAR: 2024
LATITUDE: 43 39 N
LONGITUDE: 70 19 W
[TEMPERATURE DATA] [PRECIPITATION DATA] SYMBOLS USED IN COLUMN 16
AVERAGE MONTHLY: 37.2 TOTAL FOR MONTH: 9.28 1 = FOG OR MIST
DPTR FM NORMAL: 3.7 DPTR FM NORMAL: 5.72 2 = FOG REDUCING VISIBILITY
HIGHEST: 55 ON 17, 3 GRTST 24HR 2.40 ON 9-10 TO 1/4 MILE OR LESS
LOWEST: 13 ON 1 3 = THUNDER
SNOW, ICE PELLETS, HAIL 4 = ICE PELLETS
TOTAL MONTH: 5.7 INCHES 5 = HAIL
GRTST 24HR 5.3 ON 23-23 6 = FREEZING RAIN OR DRIZZLE
GRTST DEPTH: 3 ON 24 7 = DUSTSTORM OR SANDSTORM:
VSBY 1/2 MILE OR LESS
8 = SMOKE OR HAZE
[NO. OF DAYS WITH] [WEATHER - DAYS WITH] 9 = BLOWING SNOW
X = TORNADO
MAX 32 OR BELOW: 1 0.01 INCH OR MORE: 14
MAX 90 OR ABOVE: 0 0.10 INCH OR MORE: 11
MIN 32 OR BELOW: 17 0.50 INCH OR MORE: 5
MIN 0 OR BELOW: 0 1.00 INCH OR MORE: 4
[HDD (BASE 65) ]
TOTAL THIS MO. 740 CLEAR (SCALE 0-3) 3
DPTR FM NORMAL -110 PTCLDY (SCALE 4-7) 13
TOTAL FM JUL 1 5073 CLOUDY (SCALE 8-10) 11
DPTR FM NORMAL -588
[CDD (BASE 65) ]
TOTAL THIS MO. 0
DPTR FM NORMAL 0 [PRESSURE DATA]
TOTAL FM JAN 1 0 HIGHEST SLP M ON M
DPTR FM NORMAL 0 LOWEST SLP 29.11 ON 10
[REMARKS]