000
CDUS43 KGID 220624
CLIGRI


CLIMATE REPORT
NATIONAL WEATHER SERVICE HASTINGS NE
124 AM CDT SUN OCT 22 2017


...................................

...THE GRAND ISLAND NE CLIMATE SUMMARY FOR OCTOBER 21 2017...

CLIMATE NORMAL PERIOD 1981 TO 2010
CLIMATE RECORD PERIOD 1895 TO 2017


WEATHER ITEM   OBSERVED TIME   RECORD YEAR NORMAL DEPARTURE LAST
                VALUE   (LST)  VALUE       VALUE  FROM      YEAR
                                                  NORMAL
..................................................................
TEMPERATURE (F)
 YESTERDAY
  MAXIMUM         69    357 AM  90    1947  63      6       70
  MINIMUM         39   1156 PM  14    1936  38      1       39
  AVERAGE         54                        50      4       55

PRECIPITATION (IN)
  YESTERDAY        0.00          2.45 1900   0.06  -0.06     0.00
  MONTH TO DATE    5.28                      1.37   3.91     0.12
  SINCE SEP 1      7.96                      3.60   4.36     2.65
  SINCE JAN 1     29.35                     24.37   4.98    22.05

SNOWFALL (IN)
  YESTERDAY        0.0           T    2006   0.1   -0.1      0.0
                                      1951
                                      1949
  MONTH TO DATE    0.0                       0.5   -0.5      0.0
  SINCE SEP 1      0.0                       0.6   -0.6      0.0
  SINCE JUL 1      0.0                       0.6   -0.6      0.0
  SNOW DEPTH       0

DEGREE DAYS
 HEATING
  YESTERDAY       11                        15     -4       10
  MONTH TO DATE  163                       237    -74      188
  SINCE SEP 1    219                       342   -123      253
  SINCE JUL 1    223                       352   -129      260

 COOLING
  YESTERDAY        0                         0      0        0
  MONTH TO DATE    4                        10     -6        3
  SINCE SEP 1    151                       119     32      130
  SINCE JAN 1   1062                      1033     29     1144
..................................................................


WIND (MPH)
  HIGHEST WIND SPEED    35   HIGHEST WIND DIRECTION    NW (320)
  HIGHEST GUST SPEED    44   HIGHEST GUST DIRECTION    NW (320)
  AVERAGE WIND SPEED    17.3


SKY COVER
  AVERAGE SKY COVER 0.5


WEATHER CONDITIONS
 THE FOLLOWING WEATHER WAS RECORDED YESTERDAY.
  NO SIGNIFICANT WEATHER WAS OBSERVED.


RELATIVE HUMIDITY (PERCENT)
 HIGHEST    89           800 PM
 LOWEST     51          1100 AM
 AVERAGE    70

..........................................................


THE GRAND ISLAND NE CLIMATE NORMALS FOR TODAY
                         NORMAL    RECORD    YEAR
 MAXIMUM TEMPERATURE (F)   62        91      1899
 MINIMUM TEMPERATURE (F)   37        22      1898


SUNRISE AND SUNSET
OCTOBER 22 2017.......SUNRISE   753 AM CDT   SUNSET   642 PM CDT
OCTOBER 23 2017.......SUNRISE   754 AM CDT   SUNSET   641 PM CDT


-  INDICATES NEGATIVE NUMBERS.
R  INDICATES RECORD WAS SET OR TIED.
MM INDICATES DATA IS MISSING.
T  INDICATES TRACE AMOUNT.




$$
