000
CDUS43 KGID 180627
CLIGRI


CLIMATE REPORT
NATIONAL WEATHER SERVICE HASTINGS NE
1226 AM CST MON DEC 18 2017


...................................

...THE GRAND ISLAND NE CLIMATE SUMMARY FOR DECEMBER 17 2017...

CLIMATE NORMAL PERIOD 1981 TO 2010
CLIMATE RECORD PERIOD 1895 TO 2017


WEATHER ITEM   OBSERVED TIME   RECORD YEAR NORMAL DEPARTURE LAST
                VALUE   (LST)  VALUE       VALUE  FROM      YEAR
                                                  NORMAL
..................................................................
TEMPERATURE (F)
 YESTERDAY
  MAXIMUM         44    256 PM  71    1980  36      8       14
  MINIMUM         24   1126 PM -13    2016  16      8      -13
  AVERAGE         34                        26      8        1

PRECIPITATION (IN)
  YESTERDAY        0.00          0.27 1916   0.02  -0.02     0.02
  MONTH TO DATE    0.06                      0.38  -0.32     0.14
  SINCE DEC 1      0.06                      0.38  -0.32     0.14
  SINCE JAN 1     30.00                     26.41   3.59    23.56

SNOWFALL (IN)
  YESTERDAY        0.0           3.0  1916   0.2   -0.2      0.6
  MONTH TO DATE    T                         2.7   -2.7      1.4
  SINCE DEC 1      T                         2.7   -2.7      1.4
  SINCE JUL 1      1.1                       6.9   -5.8      1.8
  6 AM SNOW DEPTH  0

DEGREE DAYS
 HEATING
  YESTERDAY       31                        39     -8       64
  MONTH TO DATE  484                       632   -148      725
  SINCE DEC 1    484                       632   -148      725
  SINCE JUL 1   1633                      1962   -329     1645

 COOLING
  YESTERDAY        0                         0      0        0
  MONTH TO DATE    0                         0      0        0
  SINCE DEC 1      0                         0      0        0
  SINCE JAN 1   1062                      1034     28     1146
..................................................................


WIND (MPH)
  HIGHEST WIND SPEED    17   HIGHEST WIND DIRECTION     N (10)
  HIGHEST GUST SPEED    21   HIGHEST GUST DIRECTION     N (10)
  AVERAGE WIND SPEED     8.9


SKY COVER
  AVERAGE SKY COVER 0.1


WEATHER CONDITIONS
 THE FOLLOWING WEATHER WAS RECORDED YESTERDAY.
  FOG


RELATIVE HUMIDITY (PERCENT)
 HIGHEST   100           100 AM
 LOWEST     58           300 PM
 AVERAGE    79

..........................................................


THE GRAND ISLAND NE CLIMATE NORMALS FOR TODAY
                         NORMAL    RECORD    YEAR
 MAXIMUM TEMPERATURE (F)   36        67      2013
                                             1976
 MINIMUM TEMPERATURE (F)   16       -15      2016


SUNRISE AND SUNSET
DECEMBER 18 2017......SUNRISE   753 AM CST   SUNSET   507 PM CST
DECEMBER 19 2017......SUNRISE   754 AM CST   SUNSET   507 PM CST


-  INDICATES NEGATIVE NUMBERS.
R  INDICATES RECORD WAS SET OR TIED.
MM INDICATES DATA IS MISSING.
T  INDICATES TRACE AMOUNT.




$$
