611
CDUS43 KGID 220626
CLIHSI


CLIMATE REPORT
NATIONAL WEATHER SERVICE HASTINGS NE
1226 AM CST MON JAN 22 2018


...................................

...THE HASTINGS NE CLIMATE SUMMARY FOR JANUARY 21 2018...

CLIMATE NORMAL PERIOD 1981 TO 2010
CLIMATE RECORD PERIOD 1894 TO 2018


WEATHER ITEM   OBSERVED TIME   RECORD YEAR NORMAL DEPARTURE LAST
                VALUE   (LST)  VALUE       VALUE  FROM      YEAR
                                                  NORMAL
..................................................................
TEMPERATURE (F)
 YESTERDAY
  MAXIMUM         35    125 PM  67    1986  36     -1       50
  MINIMUM         32    818 AM -13    1930  16     16       31
  AVERAGE         34                        26      8       41

PRECIPITATION (IN)
  YESTERDAY        T             0.23 1973   0.01  -0.01     0.00
  MONTH TO DATE    0.10                      0.22  -0.12     0.83
  SINCE DEC 1      0.38                      0.83  -0.45     1.44
  SINCE JAN 1      0.10                      0.22  -0.12     0.83

SNOWFALL (IN)
  YESTERDAY        0.0           5.5  1993   0.2   -0.2      0.0
  MONTH TO DATE    2.3                       3.8   -1.5      3.7
  SINCE DEC 1      8.1                       9.9   -1.8      4.7
  SINCE JUL 1      8.3                      13.7   -5.4      4.8
  SNOW DEPTH       0

DEGREE DAYS
 HEATING
  YESTERDAY       31                        39     -8       24
  MONTH TO DATE  905                       823     82      851
  SINCE DEC 1   2080                      1982     98     2033
  SINCE JUL 1   3223                      3263    -40     2900

 COOLING
  YESTERDAY        0                         0      0        0
  MONTH TO DATE    0                         0      0        0
  SINCE DEC 1      0                         0      0        0
  SINCE JAN 1      0                         0      0        0
..................................................................


WIND (MPH)
  HIGHEST WIND SPEED    26   HIGHEST WIND DIRECTION    NE (40)
  HIGHEST GUST SPEED    35   HIGHEST GUST DIRECTION    NE (30)
  AVERAGE WIND SPEED    16.3


SKY COVER
  AVERAGE SKY COVER 1.0


WEATHER CONDITIONS
 THE FOLLOWING WEATHER WAS RECORDED YESTERDAY.
  LIGHT RAIN
  FOG


RELATIVE HUMIDITY (PERCENT)
 HIGHEST   100          1100 AM
 LOWEST     82          1200 AM
 AVERAGE    91

..........................................................


THE HASTINGS NE CLIMATE NORMALS FOR TODAY
                         NORMAL    RECORD    YEAR
 MAXIMUM TEMPERATURE (F)   36        64      1950
                                             1931
 MINIMUM TEMPERATURE (F)   16       -13      1930


SUNRISE AND SUNSET
JANUARY 22 2018.......SUNRISE   752 AM CST   SUNSET   540 PM CST
JANUARY 23 2018.......SUNRISE   751 AM CST   SUNSET   541 PM CST


-  INDICATES NEGATIVE NUMBERS.
R  INDICATES RECORD WAS SET OR TIED.
MM INDICATES DATA IS MISSING.
T  INDICATES TRACE AMOUNT.




$$
