000
CDUS43 KGID 162344
CLIODX


CLIMATE REPORT
NATIONAL WEATHER SERVICE HASTINGS NE
542 PM CST TUE JAN 16 2018


...................................

...THE ORD NE CLIMATE SUMMARY FOR JANUARY 16 2018...
VALID TODAY AS OF 0500 PM LOCAL TIME.

CLIMATE NORMAL PERIOD 1981 TO 2010
CLIMATE RECORD PERIOD 1895 TO 2018


WEATHER ITEM   OBSERVED TIME   NORMAL DEPARTURE LAST
                VALUE   (LST)  VALUE  FROM      YEAR
                                      NORMAL
......................................................
TEMPERATURE (F)
 TODAY
  MAXIMUM         14    446 PM  37    -23       33
  MINIMUM         -7    831 AM  12    -19       24
  AVERAGE          4            25    -21       29

PRECIPITATION (IN)
  TODAY            0.00          0.01  -0.01     0.18
  MONTH TO DATE    0.12          0.16  -0.04     0.67
  SINCE DEC 1      0.55          0.75  -0.20     1.08
  SINCE JAN 1      0.12          0.16  -0.04     0.67

DEGREE DAYS
 HEATING
  TODAY           61            40     21       36
  MONTH TO DATE  775           653    122      770
  SINCE DEC 1   1997          1896    101     2050
  SINCE JUL 1   3342          3377    -35     3166

 COOLING
  TODAY            0             0      0        0
  MONTH TO DATE    0             0      0        0
  SINCE DEC 1      0             0      0        0
  SINCE JAN 1      0             0      0        0
......................................................


WIND (MPH)
  HIGHEST WIND SPEED    21   HIGHEST WIND DIRECTION    NW (320)
  HIGHEST GUST SPEED    27   HIGHEST GUST DIRECTION    NW (330)
  AVERAGE WIND SPEED    11.6


SKY COVER
  AVERAGE SKY COVER 0.5


WEATHER CONDITIONS
 THE FOLLOWING WEATHER WAS RECORDED TODAY.
  NO SIGNIFICANT WEATHER WAS OBSERVED.


RELATIVE HUMIDITY (PERCENT)
 HIGHEST    83          1100 AM
 LOWEST     58           200 PM
 AVERAGE    71

..........................................................


THE ORD NE CLIMATE NORMALS FOR TOMORROW
                         NORMAL
 MAXIMUM TEMPERATURE (F)   37
 MINIMUM TEMPERATURE (F)   12


SUNRISE AND SUNSET
JANUARY 16 2018.......SUNRISE   800 AM CST   SUNSET   532 PM CST
JANUARY 17 2018.......SUNRISE   759 AM CST   SUNSET   533 PM CST


-  INDICATES NEGATIVE NUMBERS.
R  INDICATES RECORD WAS SET OR TIED.
MM INDICATES DATA IS MISSING.
T  INDICATES TRACE AMOUNT.




$$
