000
CDUS43 KGID 230623
CLIODX


CLIMATE REPORT
NATIONAL WEATHER SERVICE HASTINGS NE
122 AM CDT MON OCT 23 2017


...................................

...THE ORD NE CLIMATE SUMMARY FOR OCTOBER 22 2017...

CLIMATE NORMAL PERIOD 1981 TO 2010
CLIMATE RECORD PERIOD 1895 TO 2017


WEATHER ITEM   OBSERVED TIME   NORMAL DEPARTURE LAST
                VALUE   (LST)  VALUE  FROM      YEAR
                                      NORMAL
......................................................
TEMPERATURE (F)
 YESTERDAY
  MAXIMUM         69    310 PM  60      9       80
  MINIMUM         27    654 AM  34     -7       29
  AVERAGE         48            47      1       55

PRECIPITATION (IN)
  YESTERDAY        0.00          0.06  -0.06     0.00
  MONTH TO DATE    5.32          1.48   3.84     0.09
  SINCE SEP 1      8.21          3.92   4.29     1.79
  SINCE JAN 1     28.38         22.83   5.55    28.95

DEGREE DAYS
 HEATING
  YESTERDAY       17            18     -1       10
  MONTH TO DATE  238           305    -67      255
  SINCE SEP 1    338           428    -90      347
  SINCE JUL 1    346           442    -96      361

 COOLING
  YESTERDAY        0             0      0        0
  MONTH TO DATE    1             6     -5        2
  SINCE SEP 1     96            87      9       79
  SINCE JAN 1    840           844     -4      885
......................................................


WIND (MPH)
  HIGHEST WIND SPEED    22   HIGHEST WIND DIRECTION    SW (230)
  HIGHEST GUST SPEED    30   HIGHEST GUST DIRECTION    SW (210)
  AVERAGE WIND SPEED     7.0


SKY COVER
  AVERAGE SKY COVER 0.0


WEATHER CONDITIONS
 THE FOLLOWING WEATHER WAS RECORDED YESTERDAY.
  NO SIGNIFICANT WEATHER WAS OBSERVED.


RELATIVE HUMIDITY (PERCENT)
 HIGHEST    92           100 AM
 LOWEST     22           200 PM
 AVERAGE    57

..........................................................


THE ORD NE CLIMATE NORMALS FOR TODAY
                         NORMAL
 MAXIMUM TEMPERATURE (F)   60
 MINIMUM TEMPERATURE (F)   34


SUNRISE AND SUNSET
OCTOBER 23 2017.......SUNRISE   757 AM CDT   SUNSET   642 PM CDT
OCTOBER 24 2017.......SUNRISE   759 AM CDT   SUNSET   641 PM CDT


-  INDICATES NEGATIVE NUMBERS.
R  INDICATES RECORD WAS SET OR TIED.
MM INDICATES DATA IS MISSING.
T  INDICATES TRACE AMOUNT.




$$
