000
CDUS43 KGID 120736
CLIGRI


CLIMATE REPORT
NATIONAL WEATHER SERVICE HASTINGS NE
136 AM CST TUE DEC 12 2017


...................................

...THE GRAND ISLAND NE CLIMATE SUMMARY FOR DECEMBER 11 2017...

CLIMATE NORMAL PERIOD 1981 TO 2010
CLIMATE RECORD PERIOD 1895 TO 2017


WEATHER ITEM   OBSERVED TIME   RECORD YEAR NORMAL DEPARTURE LAST
                VALUE   (LST)  VALUE       VALUE  FROM      YEAR
                                                  NORMAL
..................................................................
TEMPERATURE (F)
 YESTERDAY
  MAXIMUM         50    931 AM  70    1990  37     13       30
  MINIMUM         30   1159 PM -10    2000  17     13        9
  AVERAGE         40                        27     13       20

PRECIPITATION (IN)
  YESTERDAY        0.00          0.40 1932   0.03  -0.03     0.00
  MONTH TO DATE    T                         0.27  -0.27     0.11
  SINCE DEC 1      T                         0.27  -0.27     0.11
  SINCE JAN 1     29.94                     26.30   3.64    23.53

SNOWFALL (IN)
  YESTERDAY        0.0           8.7  1961   0.2   -0.2      0.0
  MONTH TO DATE    T                         1.7   -1.7      0.8
  SINCE DEC 1      T                         1.7   -1.7      0.8
  SINCE JUL 1      1.1                       5.9   -4.8      1.2
  SNOW DEPTH       0

DEGREE DAYS
 HEATING
  YESTERDAY       25                        38    -13       45
  MONTH TO DATE  316                       400    -84      431
  SINCE DEC 1    316                       400    -84      431
  SINCE JUL 1   1465                      1730   -265     1351

 COOLING
  YESTERDAY        0                         0      0        0
  MONTH TO DATE    0                         0      0        0
  SINCE DEC 1      0                         0      0        0
  SINCE JAN 1   1062                      1034     28     1146
..................................................................


WIND (MPH)
  HIGHEST WIND SPEED    38   HIGHEST WIND DIRECTION    NW (330)
  HIGHEST GUST SPEED    48   HIGHEST GUST DIRECTION    NW (330)
  AVERAGE WIND SPEED    19.9


SKY COVER
  AVERAGE SKY COVER 0.4


WEATHER CONDITIONS
 THE FOLLOWING WEATHER WAS RECORDED YESTERDAY.
  NO SIGNIFICANT WEATHER WAS OBSERVED.


RELATIVE HUMIDITY (PERCENT)
 HIGHEST    72          1100 PM
 LOWEST     29           900 AM
 AVERAGE    51

..........................................................


THE GRAND ISLAND NE CLIMATE NORMALS FOR TODAY
                         NORMAL    RECORD    YEAR
 MAXIMUM TEMPERATURE (F)   37        63      1980
 MINIMUM TEMPERATURE (F)   17       -18      1932


SUNRISE AND SUNSET
DECEMBER 12 2017......SUNRISE   749 AM CST   SUNSET   505 PM CST
DECEMBER 13 2017......SUNRISE   750 AM CST   SUNSET   506 PM CST


-  INDICATES NEGATIVE NUMBERS.
R  INDICATES RECORD WAS SET OR TIED.
MM INDICATES DATA IS MISSING.
T  INDICATES TRACE AMOUNT.




$$
