494
CDUS43 KGID 212233
CLIODX


CLIMATE REPORT
NATIONAL WEATHER SERVICE HASTINGS NE
531 PM CDT THU SEP 21 2017


...................................

...THE ORD NE CLIMATE SUMMARY FOR SEPTEMBER 21 2017...
VALID TODAY AS OF 0500 PM LOCAL TIME.

CLIMATE NORMAL PERIOD 1981 TO 2010
CLIMATE RECORD PERIOD 1895 TO 2017


WEATHER ITEM   OBSERVED TIME   NORMAL DEPARTURE LAST
                VALUE   (LST)  VALUE  FROM      YEAR
                                      NORMAL
......................................................
TEMPERATURE (F)
 TODAY
  MAXIMUM         91    359 PM  76     15       84
  MINIMUM         46    648 AM  46      0       65
  AVERAGE         69            61      8       75

PRECIPITATION (IN)
  TODAY            0.00          0.08  -0.08      T
  MONTH TO DATE    0.63          1.83  -1.20     1.70
  SINCE SEP 1      0.63          1.83  -1.20     1.70
  SINCE JAN 1     20.80         20.74   0.06    28.86

DEGREE DAYS
 HEATING
  TODAY            0             5     -5        0
  MONTH TO DATE   48            56     -8       35
  SINCE SEP 1     48            56     -8       35
  SINCE JUL 1     56            70    -14       49

 COOLING
  TODAY            4             2      2       10
  MONTH TO DATE   78            73      5       65
  SINCE SEP 1     78            73      5       65
  SINCE JAN 1    822           830     -8      871
......................................................


WIND (MPH)
  HIGHEST WIND SPEED    25   HIGHEST WIND DIRECTION     S (170)
  HIGHEST GUST SPEED    32   HIGHEST GUST DIRECTION     S (160)
  AVERAGE WIND SPEED     6.3


SKY COVER
  AVERAGE SKY COVER 0.0


WEATHER CONDITIONS
 THE FOLLOWING WEATHER WAS RECORDED TODAY.
  NO SIGNIFICANT WEATHER WAS OBSERVED.


RELATIVE HUMIDITY (PERCENT)
 HIGHEST    93          1200 AM
 LOWEST     29           200 PM
 AVERAGE    61

..........................................................


THE ORD NE CLIMATE NORMALS FOR TOMORROW
                         NORMAL
 MAXIMUM TEMPERATURE (F)   76
 MINIMUM TEMPERATURE (F)   46


SUNRISE AND SUNSET
SEPTEMBER 21 2017.....SUNRISE   722 AM CDT   SUNSET   734 PM CDT
SEPTEMBER 22 2017.....SUNRISE   723 AM CDT   SUNSET   732 PM CDT


-  INDICATES NEGATIVE NUMBERS.
R  INDICATES RECORD WAS SET OR TIED.
MM INDICATES DATA IS MISSING.
T  INDICATES TRACE AMOUNT.




$$

Thies
