000
CDUS43 KGID 302225
CLIODX


CLIMATE REPORT
NATIONAL WEATHER SERVICE HASTINGS NE
523 PM CDT SUN APR 30 2017


...................................

...THE ORD NE CLIMATE SUMMARY FOR APRIL 30 2017...
VALID TODAY AS OF 0500 PM LOCAL TIME.

CLIMATE NORMAL PERIOD 1981 TO 2010
CLIMATE RECORD PERIOD 1895 TO 2017


WEATHER ITEM   OBSERVED TIME   NORMAL DEPARTURE LAST
                VALUE   (LST)  VALUE  FROM      YEAR
                                      NORMAL
......................................................
TEMPERATURE (F)
 TODAY
  MAXIMUM         41    344 AM  66    -25       45
  MINIMUM         33    359 PM  41     -8       40
  AVERAGE         37            54    -17       43

PRECIPITATION (IN)
  TODAY            1.23          0.11   1.12     1.57
  MONTH TO DATE    3.75          2.59   1.16     8.99
  SINCE MAR 1      5.58          4.04   1.54    10.34
  SINCE JAN 1      7.52          4.85   2.67    11.49

DEGREE DAYS
 HEATING
  TODAY           28            12     16       22
  MONTH TO DATE  449           489    -40      437
  SINCE MAR 1   1178          1336   -158     1118
  SINCE JUL 1   5689          6353   -664     5467

 COOLING
  TODAY            0             0      0        0
  MONTH TO DATE    0             2     -2        0
  SINCE MAR 1      0             2     -2        0
  SINCE JAN 1      0             2     -2        0
......................................................


WIND (MPH)
  HIGHEST WIND SPEED    38   HIGHEST WIND DIRECTION     N (360)
  HIGHEST GUST SPEED    48   HIGHEST GUST DIRECTION     N (10)
  AVERAGE WIND SPEED    19.6


SKY COVER
  AVERAGE SKY COVER 0.9


WEATHER CONDITIONS
 THE FOLLOWING WEATHER WAS RECORDED TODAY.
  HEAVY RAIN
  RAIN
  LIGHT RAIN
  HEAVY SNOW
  SNOW
  LIGHT SNOW
  FOG
  FOG W/VISIBILITY <= 1/4 MILE


RELATIVE HUMIDITY (PERCENT)
 HIGHEST   100           400 PM
 LOWEST     60           200 AM
 AVERAGE    80

..........................................................


THE ORD NE CLIMATE NORMALS FOR TOMORROW
                         NORMAL
 MAXIMUM TEMPERATURE (F)   67
 MINIMUM TEMPERATURE (F)   41


SUNRISE AND SUNSET
APRIL 30 2017.........SUNRISE   634 AM CDT   SUNSET   833 PM CDT
MAY  1 2017...........SUNRISE   632 AM CDT   SUNSET   834 PM CDT


-  INDICATES NEGATIVE NUMBERS.
R  INDICATES RECORD WAS SET OR TIED.
MM INDICATES DATA IS MISSING.
T  INDICATES TRACE AMOUNT.




$$
