000
CDUS43 KGID 220623
CLIODX


CLIMATE REPORT
NATIONAL WEATHER SERVICE HASTINGS NE
1222 AM CST THU FEB 22 2018


...................................

...THE ORD NE CLIMATE SUMMARY FOR FEBRUARY 21 2018...

CLIMATE NORMAL PERIOD 1981 TO 2010
CLIMATE RECORD PERIOD 1895 TO 2018


WEATHER ITEM   OBSERVED TIME   NORMAL DEPARTURE LAST
                VALUE   (LST)  VALUE  FROM      YEAR
                                      NORMAL
......................................................
TEMPERATURE (F)
 YESTERDAY
  MAXIMUM         25    519 PM  41    -16       78
  MINIMUM         -6    639 AM  17    -23       26
  AVERAGE         10            29    -19       52

PRECIPITATION (IN)
  YESTERDAY        T             0.01  -0.01     0.00
  MONTH TO DATE    0.43          0.35   0.08     0.26
  SINCE DEC 1      1.69          1.31   0.38     1.82
  SINCE JAN 1      1.26          0.72   0.54     1.41

DEGREE DAYS
 HEATING
  YESTERDAY       55            36     19       13
  MONTH TO DATE  985           798    187      619
  SINCE DEC 1   3525          3293    232     3157
  SINCE JUL 1   4870          4774     96     4273

 COOLING
  YESTERDAY        0             0      0        0
  MONTH TO DATE    0             0      0        0
  SINCE DEC 1      0             0      0        0
  SINCE JAN 1      0             0      0        0
......................................................


WIND (MPH)
  HIGHEST WIND SPEED    12   HIGHEST WIND DIRECTION     S (190)
  HIGHEST GUST SPEED    17   HIGHEST GUST DIRECTION     S (180)
  AVERAGE WIND SPEED     5.0


SKY COVER
  AVERAGE SKY COVER 0.3


WEATHER CONDITIONS
 THE FOLLOWING WEATHER WAS RECORDED YESTERDAY.
  LIGHT SNOW
  FOG


RELATIVE HUMIDITY (PERCENT)
 HIGHEST    87           900 AM
 LOWEST     50           500 PM
 AVERAGE    69

..........................................................


THE ORD NE CLIMATE NORMALS FOR TODAY
                         NORMAL
 MAXIMUM TEMPERATURE (F)   42
 MINIMUM TEMPERATURE (F)   17


SUNRISE AND SUNSET
FEBRUARY 22 2018......SUNRISE   721 AM CST   SUNSET   618 PM CST
FEBRUARY 23 2018......SUNRISE   720 AM CST   SUNSET   619 PM CST


-  INDICATES NEGATIVE NUMBERS.
R  INDICATES RECORD WAS SET OR TIED.
MM INDICATES DATA IS MISSING.
T  INDICATES TRACE AMOUNT.




$$
