000
CDUS43 KGID 232316
CLIODX


CLIMATE REPORT
NATIONAL WEATHER SERVICE HASTINGS NE
616 PM CDT SUN JUL 23 2017


...................................

...THE ORD NE CLIMATE SUMMARY FOR JULY 23 2017...
VALID TODAY AS OF 0500 PM LOCAL TIME.

CLIMATE NORMAL PERIOD 1981 TO 2010
CLIMATE RECORD PERIOD 1895 TO 2017


WEATHER ITEM   OBSERVED TIME   NORMAL DEPARTURE LAST
                VALUE   (LST)  VALUE  FROM      YEAR
                                      NORMAL
......................................................
TEMPERATURE (F)
 TODAY
  MAXIMUM         91    258 PM  88      3       92
  MINIMUM         58    408 AM  62     -4       70
  AVERAGE         75            75      0       81

PRECIPITATION (IN)
  TODAY            0.00          0.08  -0.08     0.34
  MONTH TO DATE    1.43          1.93  -0.50     3.54
  SINCE JUN 1      2.02          6.05  -4.03     7.06
  SINCE JAN 1     13.14         14.71  -1.57    23.60

DEGREE DAYS
 HEATING
  TODAY            0             0      0        0
  MONTH TO DATE    0             0      0        8
  SINCE JUN 1     10            37    -27       10
  SINCE JUL 1      0             0      0        8

 COOLING
  TODAY           10            10      0       16
  MONTH TO DATE  301           217     84      224
  SINCE JUN 1    514           379    135      489
  SINCE JAN 1    528           420    108      511
......................................................


WIND (MPH)
  HIGHEST WIND SPEED    13   HIGHEST WIND DIRECTION    NE (60)
  HIGHEST GUST SPEED    15   HIGHEST GUST DIRECTION     E (70)
  AVERAGE WIND SPEED     4.7


SKY COVER
  AVERAGE SKY COVER 0.0


WEATHER CONDITIONS
 THE FOLLOWING WEATHER WAS RECORDED TODAY.
  FOG


RELATIVE HUMIDITY (PERCENT)
 HIGHEST    97           600 AM
 LOWEST     27           200 PM
 AVERAGE    62

..........................................................


THE ORD NE CLIMATE NORMALS FOR TOMORROW
                         NORMAL
 MAXIMUM TEMPERATURE (F)   88
 MINIMUM TEMPERATURE (F)   62


SUNRISE AND SUNSET
JULY 23 2017..........SUNRISE   622 AM CDT   SUNSET   902 PM CDT
JULY 24 2017..........SUNRISE   623 AM CDT   SUNSET   901 PM CDT


-  INDICATES NEGATIVE NUMBERS.
R  INDICATES RECORD WAS SET OR TIED.
MM INDICATES DATA IS MISSING.
T  INDICATES TRACE AMOUNT.




$$
