909
CDUS43 KGID 220623
CLIODX


CLIMATE REPORT
NATIONAL WEATHER SERVICE HASTINGS NE
1222 AM CST WED NOV 22 2017


...................................

...THE ORD NE CLIMATE SUMMARY FOR NOVEMBER 21 2017...

CLIMATE NORMAL PERIOD 1981 TO 2010
CLIMATE RECORD PERIOD 1895 TO 2017


WEATHER ITEM   OBSERVED TIME   NORMAL DEPARTURE LAST
                VALUE   (LST)  VALUE  FROM      YEAR
                                      NORMAL
......................................................
TEMPERATURE (F)
 YESTERDAY
  MAXIMUM         44    254 AM  46     -2       42
  MINIMUM         11   1048 PM  21    -10       21
  AVERAGE         28            34     -6       32

PRECIPITATION (IN)
  YESTERDAY        0.00          0.03  -0.03      T
  MONTH TO DATE    0.21          0.81  -0.60     0.77
  SINCE SEP 1      8.47          5.18   3.29     2.56
  SINCE JAN 1     28.64         24.09   4.55    29.72

DEGREE DAYS
 HEATING
  YESTERDAY       37            31      6       33
  MONTH TO DATE  578           555     23      411
  SINCE SEP 1   1138          1161    -23      842
  SINCE JUL 1   1146          1175    -29      856

 COOLING
  YESTERDAY        0             0      0        0
  MONTH TO DATE    0             0      0        0
  SINCE SEP 1     96            88      8       81
  SINCE JAN 1    840           845     -5      887
......................................................


WIND (MPH)
  HIGHEST WIND SPEED    37   HIGHEST WIND DIRECTION    NW (330)
  HIGHEST GUST SPEED    48   HIGHEST GUST DIRECTION     N (340)
  AVERAGE WIND SPEED    14.5


SKY COVER
  AVERAGE SKY COVER 0.3


WEATHER CONDITIONS
 THE FOLLOWING WEATHER WAS RECORDED YESTERDAY.
  NO SIGNIFICANT WEATHER WAS OBSERVED.


RELATIVE HUMIDITY (PERCENT)
 HIGHEST    84          1000 PM
 LOWEST     36           100 PM
 AVERAGE    60

..........................................................


THE ORD NE CLIMATE NORMALS FOR TODAY
                         NORMAL
 MAXIMUM TEMPERATURE (F)   45
 MINIMUM TEMPERATURE (F)   21


SUNRISE AND SUNSET
NOVEMBER 22 2017......SUNRISE   733 AM CST   SUNSET   510 PM CST
NOVEMBER 23 2017......SUNRISE   735 AM CST   SUNSET   510 PM CST


-  INDICATES NEGATIVE NUMBERS.
R  INDICATES RECORD WAS SET OR TIED.
MM INDICATES DATA IS MISSING.
T  INDICATES TRACE AMOUNT.




$$
