000
CXUS53 KGID 011759
CLMGRI

CLIMATE REPORT
NATIONAL WEATHER SERVICE HASTINGS NE
1248 PM CDT WED JUN 1 2016

...................................

...THE GRAND ISLAND NE CLIMATE SUMMARY FOR THE MONTH OF MAY 2016...

CLIMATE NORMAL PERIOD 1981 TO 2010
CLIMATE RECORD PERIOD 1895 TO 2016

WEATHER         OBSERVED          NORMAL  DEPART  LAST YEAR`S
                 VALUE   DATE(S)  VALUE   FROM    VALUE  DATE(S)
                                          NORMAL
................................................................
TEMPERATURE (F)
RECORD
 HIGH             104   05/29/1934
 LOW               23   05/02/1967
HIGHEST            85   05/30        90      -5       90  05/03
LOWEST             34   05/14        35      -1       35  05/12
AVG. MAXIMUM     71.9              72.7    -0.8     69.4
AVG. MINIMUM     48.5              49.6    -1.1     48.8
MEAN             60.2              61.2    -1.0     59.1
DAYS MAX >= 90      0               1.1    -1.1        1
DAYS MAX <= 32      0               0.0     0.0        0
DAYS MIN <= 32      0               0.3    -0.3        0
DAYS MIN <= 0       0               0.0     0.0        0

PRECIPITATION (INCHES)
RECORD
 MAXIMUM        11.27   1903
 MINIMUM         0.34   1934
TOTALS           6.84              4.41    2.43     3.69
DAILY AVG.       0.22              0.14    0.08     0.12
DAYS >= .01        15              11.6     3.4       18
DAYS >= .10         8               7.2     0.8        8
DAYS >= .50         4               2.9     1.1        2
DAYS >= 1.00        3               1.1     1.9        0
GREATEST
 24 HR. TOTAL    2.23   05/10 TO 05/11

SNOWFALL (INCHES)
RECORDS
 TOTAL            4.5   1947
TOTALS            0.0               0.0     0.0      0.0
SINCE 7/1        33.8              29.0     4.8     24.3
SNOWDEPTH AVG.      0                MM      MM        0
DAYS >= 1.0         0               0.0     0.0        0
GREATEST
 SNOW DEPTH         0   MM                             0  MM

DEGREE_DAYS
HEATING TOTAL     176               173       3      198
 SINCE 7/1       5131              6175   -1044     5961
COOLING TOTAL      34                54     -20       23
 SINCE 1/1         34                65     -31       27
.................................................................

WIND (MPH)
AVERAGE WIND SPEED              10.8
HIGHEST WIND SPEED/DIRECTION    43/210    DATE  05/08
HIGHEST GUST SPEED/DIRECTION    56/210    DATE  05/08

SKY COVER
POSSIBLE SUNSHINE (PERCENT)   MM
NUMBER OF DAYS FAIR           20
NUMBER OF DAYS PC              6
NUMBER OF DAYS CLOUDY          5

AVERAGE RH (PERCENT)     66

WEATHER CONDITIONS. NUMBER OF DAYS WITH
THUNDERSTORM              9     MIXED PRECIP               0
HEAVY RAIN                6     RAIN                       9
LIGHT RAIN               17     FREEZING RAIN              0
LT FREEZING RAIN          0     HAIL                       0
HEAVY SNOW                0     SNOW                       0
LIGHT SNOW                0     SLEET                      0
FOG                      14     FOG W/VIS <= 1/4 MILE      1
HAZE                      7

-  INDICATES NEGATIVE NUMBERS.
R  INDICATES RECORD WAS SET OR TIED.
MM INDICATES DATA IS MISSING.
T  INDICATES TRACE AMOUNT.

$$
