000
CXUS53 KGID 020013 CCA
CLMGRI

CLIMATE REPORT
NATIONAL WEATHER SERVICE HASTINGS NE
1211 PM CDT SAT JUL 1 2017
...CORRECTED THE NUMBER OF DAYS WITH THUNDERSTORMS...

...................................

...THE GRAND ISLAND NE CLIMATE SUMMARY FOR THE MONTH OF JUNE 2017...

CLIMATE NORMAL PERIOD 1981 TO 2010
CLIMATE RECORD PERIOD 1895 TO 2017

WEATHER         OBSERVED          NORMAL  DEPART  LAST YEAR`S
                 VALUE   DATE(S)  VALUE   FROM    VALUE  DATE(S)
                                          NORMAL
................................................................
TEMPERATURE (F)
RECORD
 HIGH             108   06/15/1946
                        06/10/1933
 LOW               36   06/04/1943
                        06/07/1935
                        06/21/1902
HIGHEST            99   06/13        99       0      101  06/21
                                                          06/15
LOWEST             47   06/24        46       1       50  06/07
AVG. MAXIMUM     87.5              83.2     4.3     89.6
AVG. MINIMUM     61.2              59.4     1.8     63.2
MEAN             74.4              71.3     3.1     76.4
DAYS MAX >= 90     12               6.5     5.5       14
DAYS MAX <= 32      0               0.0     0.0        0
DAYS MIN <= 32      0               0.0     0.0        0
DAYS MIN <= 0       0               0.0     0.0        0

PRECIPITATION (INCHES)
RECORD
 MAXIMUM        13.96   1967
 MINIMUM         0.05   2016
TOTALS           2.10              4.30   -2.20     0.05
DAILY AVG.       0.07              0.14   -0.07     0.00
DAYS >= .01         8              10.5    -2.5        2
DAYS >= .10         5               6.6    -1.6        0
DAYS >= .50         1               2.7    -1.7        0
DAYS >= 1.00        0               1.3    -1.3        0
GREATEST
 24 HR. TOTAL    0.89   06/13 TO 06/13

SNOWFALL (INCHES)
RECORDS
 TOTAL            0.0   MM
TOTALS            0.0               0.0     0.0      0.0
SINCE 7/1         9.2              29.0   -19.8     33.8
SNOWDEPTH AVG.      0                MM      MM        0
DAYS >= 1.0         0               0.0     0.0        0
GREATEST
 SNOW DEPTH         0   MM                             0  MM

DEGREE_DAYS
HEATING TOTAL       3                24     -21        0
 SINCE 7/1       5360              6199    -839     5131
COOLING TOTAL     292               213      79      349
 SINCE 1/1        342               278      64      383
.................................................................

WIND (MPH)
AVERAGE WIND SPEED              10.8
HIGHEST WIND SPEED/DIRECTION    54/310    DATE  06/27
HIGHEST GUST SPEED/DIRECTION    70/320    DATE  06/27

SKY COVER
POSSIBLE SUNSHINE (PERCENT)   MM
NUMBER OF DAYS FAIR           28
NUMBER OF DAYS PC              2
NUMBER OF DAYS CLOUDY          0

AVERAGE RH (PERCENT)     64

WEATHER CONDITIONS. NUMBER OF DAYS WITH
THUNDERSTORM              6     MIXED PRECIP               0
HEAVY RAIN                4     RAIN                       4
LIGHT RAIN               10     FREEZING RAIN              0
LT FREEZING RAIN          0     HAIL                       0
HEAVY SNOW                0     SNOW                       0
LIGHT SNOW                0     SLEET                      0
FOG                       3     FOG W/VIS <= 1/4 MILE      0
HAZE                      1

-  INDICATES NEGATIVE NUMBERS.
R  INDICATES RECORD WAS SET OR TIED.
MM INDICATES DATA IS MISSING.
T  INDICATES TRACE AMOUNT.

$$
REED
