084
CXUS53 KGID 011800
CLMHSI

CLIMATE REPORT
NATIONAL WEATHER SERVICE HASTINGS NE
1248 PM CDT WED JUN 1 2016

...................................

...THE HASTINGS NE CLIMATE SUMMARY FOR THE MONTH OF MAY 2016...

CLIMATE NORMAL PERIOD 1981 TO 2010
CLIMATE RECORD PERIOD 1894 TO 2016

WEATHER         OBSERVED          NORMAL  DEPART  LAST YEAR`S
                 VALUE   DATE(S)  VALUE   FROM    VALUE  DATE(S)
                                          NORMAL
................................................................
TEMPERATURE (F)
RECORD
 HIGH             105   05/29/1934
 LOW               24   05/02/1909
                        05/03/1907
HIGHEST            84   05/29        90      -6       91  05/03
LOWEST             34   05/14        37      -3       36  05/12
AVG. MAXIMUM     71.0              72.0    -1.0     69.3
AVG. MINIMUM     48.9              50.6    -1.7     50.0
MEAN             59.9              61.3    -1.4     59.6
DAYS MAX >= 90      0               0.6    -0.6        1
DAYS MAX <= 32      0               0.0     0.0        0
DAYS MIN <= 32      0               0.1    -0.1        0
DAYS MIN <= 0       0               0.0     0.0        0

PRECIPITATION (INCHES)
RECORD
 MAXIMUM        12.47   1965
 MINIMUM         0.47   1934
TOTALS           3.68              4.57   -0.89     3.86
DAILY AVG.       0.12              0.15   -0.03     0.12
DAYS >= .01        16                MM      MM       18
DAYS >= .10         9                MM      MM        9
DAYS >= .50         4                MM      MM        3
DAYS >= 1.00        0                MM      MM        0
GREATEST
 24 HR. TOTAL    0.83   05/30 TO 05/31

SNOWFALL (INCHES)
RECORDS
 TOTAL            4.5   1967
TOTALS            0.0               0.0     0.0      0.0
SINCE 7/1        32.4              28.8     3.6     17.0
SNOWDEPTH AVG.      0                MM      MM        0
DAYS >= 1.0         0                MM      MM        0
GREATEST
 SNOW DEPTH         0   MM                             0  MM

DEGREE_DAYS
HEATING TOTAL     176               169       7      184
 SINCE 7/1       5016              6008    -992     5798
COOLING TOTAL      29                54     -25       27
 SINCE 1/1         29                59     -30       31
.................................................................

WIND (MPH)
AVERAGE WIND SPEED              9.9
HIGHEST WIND SPEED/DIRECTION    47/300    DATE  05/25
HIGHEST GUST SPEED/DIRECTION    60/310    DATE  05/25

SKY COVER
POSSIBLE SUNSHINE (PERCENT)   MM
AVERAGE SKY COVER           0.30
NUMBER OF DAYS FAIR           21
NUMBER OF DAYS PC              5
NUMBER OF DAYS CLOUDY          5

AVERAGE RH (PERCENT)     67

WEATHER CONDITIONS. NUMBER OF DAYS WITH
THUNDERSTORM             10     MIXED PRECIP               0
HEAVY RAIN                4     RAIN                       9
LIGHT RAIN               16     FREEZING RAIN              0
LT FREEZING RAIN          0     HAIL                       0
HEAVY SNOW                0     SNOW                       0
LIGHT SNOW                0     SLEET                      0
FOG                      12     FOG W/VIS <= 1/4 MILE      1
HAZE                      4

-  INDICATES NEGATIVE NUMBERS.
R  INDICATES RECORD WAS SET OR TIED.
MM INDICATES DATA IS MISSING.
T  INDICATES TRACE AMOUNT.

$$
