000
CXUS53 KGID 241722 AAA
CLMHSI

CLIMATE REPORT...UPDATED
NATIONAL WEATHER SERVICE HASTINGS NE
1222 PM CDT MON SEP 24 2014

UPDATED TO INCLUDE MONTHLY/SEASONAL RECAPS AT BOTTOM

...................................

...THE HASTINGS NE CLIMATE SUMMARY FOR THE MONTH OF AUGUST 2014...

CLIMATE NORMAL PERIOD 1981 TO 2010
CLIMATE RECORD PERIOD 1894 TO 2014

WEATHER         OBSERVED          NORMAL  DEPART  LAST YEAR`S
                 VALUE   DATE(S)  VALUE   FROM    VALUE  DATE(S)
                                          NORMAL
................................................................
TEMPERATURE (F)
RECORD
 HIGH             111   08/23/1943
                        08/08/1934
 LOW               40   08/20/1950
                        08/30/1911
HIGHEST            92   08/20       101      -9       96  08/29
                        08/05                             08/27
                                                          08/26
LOWEST             55   08/12        51       4       60  08/18
                                                          08/17
                                                          08/12
AVG. MAXIMUM     84.5              85.2    -0.7     84.6
AVG. MINIMUM     63.7              63.4     0.3     65.3
MEAN             74.1              74.3    -0.2     75.0
DAYS MAX >= 90      6               8.0    -2.0        9
DAYS MAX <= 32      0               0.0     0.0        0
DAYS MIN <= 32      0               0.0     0.0        0
DAYS MIN <= 0       0               0.0     0.0        0

PRECIPITATION (INCHES)
RECORD
 MAXIMUM         9.86   1903
 MINIMUM         0.37   1919
TOTALS           7.79              3.30    4.49     3.25
DAILY AVG.       0.25              0.11    0.14     0.10
DAYS >= .01        14                MM      MM        7
DAYS >= .10        12                MM      MM        7
DAYS >= .50         7                MM      MM        2
DAYS >= 1.00        2                MM      MM        0
GREATEST
 24 HR. TOTAL    1.98   08/22 TO 08/23

SNOWFALL (INCHES)
RECORDS
 TOTAL            0.0
TOTALS            0.0               0.0     0.0      0.0
SINCE 7/1         0.0               0.0     0.0      0.0
SNOWDEPTH AVG.      0                MM      MM        0
DAYS >= 1.0         0                MM      MM        0
GREATEST
 SNOW DEPTH         0                                  0

DEGREE_DAYS
HEATING TOTAL       0                 5      -5        0
 SINCE 7/1          6                 6       0        6
COOLING TOTAL     291               293      -2      315
 SINCE 1/1        920               953     -33      958
.................................................................

WIND (MPH)
AVERAGE WIND SPEED              7.4
HIGHEST WIND SPEED/DIRECTION    55/340    DATE  08/17
HIGHEST GUST SPEED/DIRECTION    83/340    DATE  08/17

SKY COVER
POSSIBLE SUNSHINE (PERCENT)   MM
AVERAGE SKY COVER           0.20
NUMBER OF DAYS FAIR           23
NUMBER OF DAYS PC              7
NUMBER OF DAYS CLOUDY          0

AVERAGE RH (PERCENT)     67

WEATHER CONDITIONS. NUMBER OF DAYS WITH
THUNDERSTORM             16     MIXED PRECIP               0
HEAVY RAIN                9     RAIN                       9
LIGHT RAIN               14     FREEZING RAIN              0
LT FREEZING RAIN          0     HAIL                       1
HEAVY SNOW                0     SNOW                       0
LIGHT SNOW                0     SLEET                      0
FOG                      15     FOG W/VIS <= 1/4 MILE      3
HAZE                      9

-  INDICATES NEGATIVE NUMBERS.
R  INDICATES RECORD WAS SET OR TIED.
MM INDICATES DATA IS MISSING.
T  INDICATES TRACE AMOUNT.

&&

...AUGUST 2014 SUMMARY FOR HASTINGS MUNICIPAL AIRPORT...

...TEMPERATURES

NO DAILY TEMPERATURE RECORDS WERE SET DURING AUG. 2014

AVERAGE HIGH TEMPERATURE:     84.5 DEGREES (0.7 BELOW NORMAL)
AVERAGE LOW TEMPERATURE:      63.7 DEGREES (0.3 ABOVE NORMAL)
AVERAGE MEAN TEMPERATURE:     74.1 DEGREES (0.2 BELOW NORMAL)

HOTTEST HIGH TEMPERATURE:      92 DEGREES ON THE 5TH, 20TH
COOLEST HIGH TEMPERATURE:      74 DEGREES ON THE 25TH

COOLEST LOW TEMPERATURE:       55 DEGREES ON THE 12TH
WARMEST LOW TEMPERATURE:       70 DEGREES ON THE 6TH, 20TH

WARMEST 2-DAY STRETCH BASED
ON AVERAGE HIGH TEMPERATURE:   91.5 DEGREES FROM THE 4TH-5TH

WARMEST WEEK BASED
ON AVERAGE HIGH TEMPERATURE:   88.0 DEGREES FROM THE 17TH-23RD

WARMEST WEEK BASED
ON AVERAGE MEAN TEMPERATURE:   76.9 DEGREES FROM THE 17TH-23RD

COOLEST 2-DAY STRETCH BASED
ON AVERAGE HIGH TEMPERATURE:   77.0 DEGREES FROM THE 25TH-26TH

COOLEST WEEK BASED
ON AVERAGE HIGH TEMPERATURE:   79.4 DEGREES FROM THE 24TH-30TH

COOLEST WEEK BASED
ON AVERAGE LOW TEMPERATURE:    61.1 DEGREES FROM THE 8TH-14TH

COOLEST WEEK BASED
ON AVERAGE MEAN TEMPERATURE:   71.1 DEGREES FROM THE 24TH-30TH


...PRECIPITATION

1 DAILY PRECIPITATION RECORD WAS SET IN AUGUST 2014:
- AUG. 9: RECORD RAINFALL OF 1.06 INCHES (PREVIOUS 0.77 IN 1895)

TOTAL MONTHLY PRECIPITATION: 7.79 INCHES  (4.49 ABOVE NORMAL)

- AUG. 2014 WAS THE 5TH-WETTEST ON RECORD OUT OF 120 YEARS DATING TO
1895...AND WAS THE WETTEST SINCE 9.84 INCHES IN 1990

NUMBER OF DAYS WITH MEASURABLE PRECIPITATION (0.01 OR MORE): 14

HIGHEST CALENDAR DAY PRECIPITATION:  1.89 INCHES ON THE 22ND
HIGHEST 2-DAY PRECIPITATION TOTAL:   2.62 INCHES FROM THE 21ST-22ND


PRECIPITATION TOTALS AND DEPARTURES
FROM NORMAL FOR THE PAST 12 MONTHS:

MONTH          PRECIP.  DEPARTURE

SEP  2013       1.26      -1.30
OCT  2013       4.75      +2.76
NOV  2013       1.00      -0.29
DEC  2013       0.14      -0.47
JAN  2014       0.37      -0.04
FEB  2014       0.34      -0.15
MAR  2014       0.15      -1.64
APR  2014       3.93      +1.37
MAY  2014       2.15      -2.42
JUN  2014       8.69      +4.89
JUL  2014       1.48      -2.26
AUG  2014       7.79      +4.49

12-MONTH TOTAL  32.05     +4.94


...OTHER WEATHER ELEMENTS

HIGHEST WIND GUST: 83 MPH FROM THE NORTH-NORTHWEST ON THE 17TH
(OCCURRED AT 840 PM CDT DURING A SEVERE THUNDERSTORM)

HIGHEST SURFACE SEA LEVEL PRESSURE: 30.21 ON THE 11TH
LOWEST SURFACE SEA LEVEL PRESSURE:  29.59 ON THE 31ST

&&

...AUGUST 2014 NARRATIVE FOR HASTINGS MUNICIPAL AIRPORT...

FOLLOWING A PATTERN OF ALTERNATING ABOVE AND BELOW NORMAL MONTHLY
PRECIPITATION THAT HAD BEEN IN PLACE SINCE APRIL...AUGUST
DEFINITELY CHECKED IN ON THE VERY WET SIDE OF THINGS. TEMPERATURE-
WISE...THE MONTH AS A WHOLE AVERAGED OUT AS BEING VERY CLOSE TO THE
30-YEAR NORMAL...BUT FEATURED A LACK OF NOTABLE LATE SUMMER HEAT.

FOCUSING ON AUGUST RAINFALL IN MORE DETAIL...THE MONTHLY TOTAL OF
7.79 INCHES AT HASTINGS MUNICIPAL AIRPORT WAS A VERY SIGNIFICANT
4.49 INCHES ABOVE THE 30-YEAR AUGUST NORMAL OF 3.30 INCHES. IN OTHER
WORDS...HASTINGS RECEIVED 236 PERCENT OF NORMAL AUGUST RAINFALL.
THIS WAS THE 5TH-WETTEST AUGUST ON RECORD OUT OF 120 YEARS DATING TO
1895...AND WAS THE WETTEST SINCE 9.84 INCHES IN 1990. RAIN EVENTS
DURING THE MONTH WERE FAIRLY EVENLY-SPACED...AS MEASURABLE RAIN
FELL ON 14 OF THE 31 DAYS. HOWEVER...TWO-THIRDS OF AUGUST RAIN FELL
DURING THE LATTER HALF OF THE MONTH...INCLUDING THE HIGHEST DAILY
TOTAL OF 1.89 INCHES WHICH FELL ON THE 22ND.

TEMPERATURE-WISE...THE MONTH AS A WHOLE WENT DOWN IN THE BOOKS AS
BEING VERY AVERAGE/TYPICAL...BUT A CLOSER LOOK REVEALS THAT IT
LACKED A NOTABLE HOT STRETCH THAT OFTEN OCCURS DURING AUGUST. THE
AVERAGE MONTHLY TEMPERATURE (RESULTING FROM AVERAGING BOTH THE HIGHS
AND LOWS) WAS 74.1 DEGREES...MERELY 0.2 DEGREES BELOW THE 30-YEAR
NORMAL. THE MAJORITY OF THIS SLIGHTLY BELOW NORMAL OVERALL-AVERAGE
WAS ATTRIBUTED TO DAILY HIGH TEMPERATURES...WHICH AVERAGED 0.7
DEGREES BELOW NORMAL. ONLY SIX DAYS REACHED OR EXCEEDED 90
DEGREES...BELOW THE 30-YEAR AUGUST AVERAGE OF NINE DAYS. OF THE 31
DAYS DURING THE MONTH...14 WERE ABOVE NORMAL...11 WERE BELOW NORMAL
AND SIX DAYS EQUALED THEIR DAILY NORMAL. BREAKING DOWN THE MONTH
INTO WEEK-LONG CHUNKS...THE OVERALL-WARMEST WEEK WAS CENTERED FROM
THE 17TH-23RD...DURING WHICH DAILY HIGHS REACHED AT LEAST 85 DEGREES
EACH DAY AND LOWS ONLY DROPPED BELOW 64 ONCE. THE MILDEST LOW
TEMPERATURE OF THE MONTH WAS 70 DEGREES ON BOTH THE 6TH AND 20TH.
THE OVERALL-COOLEST WEEK WAS CENTERED FROM THE 24TH-30TH...DURING
WHICH FIVE OF SEVEN DAYS CLIMBED NO HIGHER THAN 80 DEGREES. THE
COOLEST LOW TEMPERATURE OF THE MONTH WAS 55 DEGREES ON THE 12TH AND
THE COOLEST HIGH TEMPERATURE WAS 74 DEGREES ON THE 25TH. THE MOST
EXTREME DAY-TO-DAY CHANGE IN HIGH TEMPERATURES DURING THE MONTH WAS
ONLY NINE DEGREES AND OCCURRED TWICE...FIRST CONSISTING OF A COOL-
DOWN FROM 92 DEGREES ON THE 5TH TO 83 DEGREES ON THE 6TH...AND THEN
AGAIN WITH A COOL-DOWN FROM 83 DEGREES ON THE 24TH TO 74 DEGREES ON
THE 25TH.

AS FOR SEVERE THUNDERSTORM ACTIVITY...MOST NOTABLY HASTINGS AIRPORT
MEASURED TWO PEAK WIND GUSTS WELL IN EXCESS OF SEVERE-CRITERIA
DURING THE MONTH. THE HIGHEST OF THESE WAS AN 83 MPH BLAST THAT
ACCOMPANIED A SEVERE THUNDERSTORM ON THE EVENING OF THE 17TH.
SEVERAL DAYS EARLIER ON THE 9TH...ANOTHER EVENING THUNDERSTORM
RESULTED IN A PEAK GUST OF 71 MPH. NWS HASTINGS RECEIVED NO REPORTS
OF SEVERE-CRITERIA HAIL FROM WITHIN THE CITY DURING THE MONTH
ALTHOUGH STONES UP TO NICKEL SIZE WERE REPORTED ON THE EXTREME EAST
SIDE OF TOWN ON THE EVENING OF THE 25TH.

&&

...METEOROLOGICAL-SUMMER 2014 SEASONAL RECAP COVERING JUNE-AUGUST...

- AVERAGE MEAN TEMPERATURE:  73.3 DEGREES (1.1 BELOW NORMAL)
- SEASONAL PRECIPITATION:   17.96 INCHES  (7.12 ABOVE NORMAL)

FOR THE METEOROLOGICAL SUMMER SEASON OF JUNE...JULY AND AUGUST AS A
WHOLE...HASTINGS AIRPORT RAINFALL TOTALED AN IMPRESSIVE 17.96
INCHES...WHICH WAS 166 PERCENT OF THE 30-YEAR SUMMER NORMAL OF 10.84
INCHES. THIS RESULTED IN THE 7TH-WETTEST SUMMER ON RECORD OUT OF 120
YEARS AND WAS THE WETTEST SINCE 22.84 INCHES IN 1993. THE WETTEST
CALENDAR DAY DURING SUMMER 2014 WAS JUNE 21ST WITH 2.20 INCHES AND
THE HIGHEST TWO-DAY TOTAL WAS 3.31 INCHES FROM JUNE 20TH-21ST.

TURNING TO TEMPERATURES DURING METEOROLOGICAL SUMMER...THE AVERAGE
DAILY TEMPERATURE WAS 73.3 DEGREES...WHICH WAS 1.1 DEGREES BELOW THE
30-YEAR SEASONAL NORMAL OF 74.4 DEGREES. OF THE THREE SUMMER
MONTHS...JUNE WAS THE WARMEST VERSUS NORMAL AT 0.4 DEGREES ABOVE
AND JULY WAS THE COOLEST VERSUS NORMAL AT 3.5 DEGREES BELOW. THE
HOTTEST HIGH TEMPERATURE OF SUMMER 2014 WAS 100 DEGREES ON JULY
21ST...AND THE COOLEST HIGH WAS 66 DEGREES ON JUNE 7TH. THE COOLEST
LOW TEMPERATURE OF THE SEASON WAS 50 DEGREES ON JULY 15TH AND THE
MILDEST LOW WAS 75 DEGREES ON JULY 21ST. IN TERMS OF AVERAGE DAILY
TEMPERATURE...THE OVERALL WARMEST WEEK OF SUMMER 2014 WAS JULY 20TH-
26TH AT 80.7 DEGREES...AND THE OVERALL COOLEST WEEK WAS JUNE 7TH-
13TH WITH 65.0 DEGREES.

POSSIBLY THE MOST NOTEWORTHY ASPECT OF TEMPERATURES DURING SUMMER
2014 WAS A LACK OF PRONOUNCED HEAT. AS EVIDENCE OF THIS...ONLY 18
DAYS BETWEEN JUNE 1-AUG 31 REACHED OR EXCEEDED 90 DEGREES...WELL
BELOW THE 30-YEAR AVERAGE OF 30 DAYS. THIS RESULTED IN THE 9TH-
FEWEST NUMBER OF 90+ DEGREES DAYS ON RECORD OUT OF 120 SUMMERS...AND
THE FEWEST SINCE 2009 ONLY HAD 17 DAYS. IN ADDITION...ONLY ONE DAY
THIS SUMMER REACHED 100 DEGREES...ALTHOUGH THE RECENT SUMMERS OF
2013 AND 2009 NEVER REACHED 100 DEGREES.

IN TERMS OF SEVERE THUNDERSTORM ACTIVITY...SUMMER 2014 WILL BE MOST
REMEMBERED IN HASTINGS FOR A NUMBER OF SEVERE-CRITERIA WIND GUSTS
AND ASSOCIATED DAMAGE. IN FACT...THE MONTHS OF JUNE AND AUGUST
COMBINED TO FEATURE 5 DAYS WITH THUNDERSTORM WIND GUSTS RANGING FROM
67 TO 83 MPH.

$$

PFANNKUCH/DOXEY
