000
CXUS51 KOKX 011329
CLMLGA
CLIMATE REPORT
NATIONAL WEATHER SERVICE NEW YORK, NY
923 AM EDT MON APR 01 2024
...................................
...THE LAGUARDIA NY CLIMATE SUMMARY FOR THE MONTH OF MARCH 2024...
CLIMATE NORMAL PERIOD 1991 TO 2020
CLIMATE RECORD PERIOD 1939 TO 2024
WEATHER OBSERVED NORMAL DEPART LAST YEAR`S
VALUE DATE(S) VALUE FROM VALUE DATE(S)
NORMAL
................................................................
TEMPERATURE (F)
RECORD
HIGH 86 03/29/1945
LOW 7 03/04/1943
HIGHEST 72 03/14 MM MM 63 03/26
03/15
LOWEST 29 03/22 MM MM 31 03/19
AVG. MAXIMUM 54.3 49.9 4.4 51.2
AVG. MINIMUM 40.3 36.2 4.1 38.2
MEAN 47.3 43.1 4.2 44.7
DAYS MAX >= 90 0 0.0 0.0 0
DAYS MAX <= 32 0 0.9 -0.9 0
DAYS MIN <= 32 4 9.4 -5.4 3
DAYS MIN <= 0 0 0.0 0.0 0
PRECIPITATION (INCHES)
RECORD
MAXIMUM 9.55 2010
MINIMUM 0.74 2006
TOTALS 9.62 4.01 5.61 3.29
DAILY AVG. 0.31 0.13 0.18 0.11
DAYS >= .01 12 10.9 1.1 14
DAYS >= .10 7 7.1 -0.1 8
DAYS >= .50 5 2.6 2.4 2
DAYS >= 1.00 4 1.0 3.0 1
GREATEST
24 HR. TOTAL 3.47 03/23 TO 03/23 1.28 03/03 TO 03/04
STORM TOTAL 3.47 1.13
(MM/DD(HH)) MM
SNOWFALL (INCHES)
RECORDS
TOTAL 18.9 1958
24 HR TOTAL MM
TOTALS T 5.4 -5.4 0.1
LIQUID EQUIV T 0.50 -0.50 0.00
SINCE 7/1 10.5 29.4 -18.9 MM
LIQUID 7/1 1.05 2.90 MM
DAYS >= TRACE 1 2.6 -1.6 4
DAYS >= 1.0 0 1.5 -1.5 0
GREATEST
SNOW DEPTH 0 MM 03/28
03/14
03/01
24 HR TOTAL MM MM
STORM TOTAL 0.0 0.1
(MM/DD(HH)) MM
DEGREE DAYS
HEATING TOTAL 543 681 -138 623
SINCE 7/1 3448 3904 -456 MM
COOLING TOTAL 0 1 -1 0
SINCE 1/1 0 1 -1 MM
................................................................
WIND (MPH)
AVERAGE WIND SPEED 12.4
HIGHEST WIND SPEED/DIRECTION 38/310 DATE 03/11
HIGHEST GUST SPEED/DIRECTION 58/320 DATE 03/11
SKY COVER
POSSIBLE SUNSHINE (PERCENT) MM
AVERAGE SKY COVER 0.67
NUMBER OF DAYS FAIR 4
NUMBER OF DAYS PC 14
NUMBER OF DAYS CLOUDY 13
AVERAGE RH (PERCENT) 57
WEATHER CONDITIONS. NUMBER OF DAYS WITH
THUNDERSTORM 0 MIXED PRECIP 0
HEAVY RAIN 6 RAIN 6
LIGHT RAIN 15 FREEZING RAIN 0
LT FREEZING RAIN 0 HAIL 0
HEAVY SNOW 0 SNOW 0
LIGHT SNOW 1 SLEET 0
FOG 10 FOG W/VIS <= 1/4 MILE 1
HAZE 5
- INDICATES NEGATIVE NUMBERS.
R INDICATES RECORD WAS SET OR TIED.
MM INDICATES DATA IS MISSING.
T INDICATES TRACE AMOUNT.
$$