000
CXUS51 KALY 012349
CLSGFL
CLIMATE REPORT
NATIONAL WEATHER SERVICE ALBANY NY
649 PM EST FRI MAR 01 2024
...................................
...THE GLENS FALLS NY CLIMATE SUMMARY FOR THE SEASON, FROM
12/1/2023 TO 2/29/2024...
CLIMATE NORMAL PERIOD: 1991 TO 2020
CLIMATE RECORD PERIOD: 1893 TO 2024
WEATHER OBSERVED NORMAL DEPART LAST YEAR`S
VALUE DATE(S) VALUE FROM VALUE DATE(S)
NORMAL
................................................................
TEMPERATURE (F)
RECORD
HIGH 70 02/25/2017
LOW -36 01/05/1904
HIGHEST 65 02/27 59 02/15
LOWEST -7 01/21 -24 02/04
AVG. MAXIMUM 37.1 32.7 4.4 36.9
AVG. MINIMUM 21.6 12.8 8.8 19.5
MEAN 29.4 22.7 6.7 28.2
DAYS MAX >= 90 0 0.0 0.0 0
DAYS MAX <= 32 25 42.2 -17.2 27
DAYS MIN <= 32 83 84.5 -1.5 85
DAYS MIN <= 0 4 16.4 -12.4 4
PRECIPITATION (INCHES)
RECORD
MAXIMUM 13.50 1903
MINIMUM 3.23 1980
TOTALS 9.80 7.52 2.28 9.28
DAILY AVG. 0.11 0.10
DAYS >= .01 37 31.9 5.1 34
DAYS >= .10 21 16.5 4.5 23
DAYS >= .50 7 5.0 2.0 6
DAYS >= 1.00 1 1.0 0.0 1
GREATEST
24 HR. TOTAL 2.02 12/17 TO 12/18
DEGREE DAYS
HEATING TOTAL 3214 3801 -587 3289
SINCE 7/1 4649 5485 -836 MM
COOLING TOTAL 0 0 0 0
SINCE 1/1 0 0 0 MM
................................................................
WIND (MPH)
AVERAGE WIND SPEED 5.0
HIGHEST WIND SPEED/DIRECTION 25/270 DATE 02/28
HIGHEST GUST SPEED/DIRECTION 40/260 DATE 01/14
WEATHER CONDITIONS. NUMBER OF DAYS WITH
THUNDERSTORM 1 MIXED PRECIP 0
HEAVY RAIN 3 RAIN 9
LIGHT RAIN 26 FREEZING RAIN 0
LT FREEZING RAIN 1 HAIL 0
HEAVY SNOW 3 SNOW 7
LIGHT SNOW 28 SLEET 0
FOG 56 FOG W/VIS <= 1/4 MILE 16
HAZE 14
- INDICATES NEGATIVE NUMBERS.
R INDICATES RECORD WAS SET OR TIED.
MM INDICATES DATA IS MISSING.
T INDICATES TRACE AMOUNT.
$$