000
CXUS54 KFWD 010830
CF60F2
PRELIMINARY LOCAL CLIMATOLOGICAL DATA (WS FORM: F-6)
STATION: BOWIE
MONTH: NOVEMBER
YEAR: 2022
LATITUDE: 33 36 N
LONGITUDE: 97 47 W
TEMPERATURE IN F: :PCPN: SNOW: WIND :SUNSHINE: SKY :PK WND
================================================================================
1 2 3 4 5 6A 6B 7 8 9 10 11 12 13 14 15 16 17 18
12Z AVG MX 2MIN
DY MAX MIN AVG DEP HDD CDD WTR SNW DPTH SPD SPD DIR MIN PSBL S-S WX SPD DR
================================================================================
1 77 46 62 4 3 0 0.00 M M 3.8 10 190 M M 0 M M
2 73 51 62 4 3 0 0.00 M M 7.3 13 160 M M 4 12 20 170
3 79 62 71 13 0 6 0.00 M M 11.5 15 160 M M 7 25 160
4 83 41 62 5 3 0 0.02 M M 12.3 26 290 M M 7 36 300
5 66 36 51 -6 14 0 0.00 M M 7.0 12 160 M M 0 20 160
6 80 52 66 9 0 1 0.00 M M 7.1 13 180 M M 0 20 180
7 71 52 62 6 3 0 0.00 M M 2.6 8 130 M M 8 12 M M
8 79 67 73 17 0 8 0.00 M M 8.2 12 160 M M 7 1 17 140
9 80 64 72 17 0 7 0.00 M M 9.8 18 160 M M 4 1 26 170
10 70 63 67 12 0 2 0.00 M M 7.6 12 160 M M 7 1 18 150
11 57 33 45 -9 20 0 0.10 M M 14.7 23 340 M M 8 1 30 340
12 51 28 40 -14 25 0 0.00 M M 6.3 12 340 M M 0 17 30
13 53 27 40 -14 25 0 0.00 M M 4.4 9 120 M M 0 8 22 120
14 41 35 38 -15 27 0 0.46 M M 7.1 12 330 M M 7 1 17 130
15 49 30 40 -13 25 0 0.00 M M 8.4 14 330 M M 4 1 22 360
16 55 29 42 -10 23 0 0.00 M M 3.4 10 330 M M 0 M M
17 60 27 44 -8 21 0 0.00 M M 2.2 9 180 M M 0 9 250
18 42 33 38 -14 27 0 0.00 M M 6.0 13 30 M M 7 20 30
19 47 29 38 -13 27 0 0.00 M M 4.0 8 340 M M 5 M M
20 52 24 38 -13 27 0 0.00 M M 2.8 7 180 M M 0 8 M M
21 56 38 47 -3 18 0 0.01 M M 4.7 9 170 M M 4 M M
22 57 33 45 -5 20 0 0.00 M M 3.8 10 180 M M 5 12 M M
23 53 42 48 -1 17 0 0.21 M M 6.4 9 170 M M 10 1 18 140
24 55 50 53 4 12 0 0.07 M M 6.0 12 10 M M 10 1 23 20
25 53 45 49 1 16 0 0.00 M M 7.5 12 10 M M 7 1 20 10
26 51 46 49 1 16 0 1.15 M M 6.3 14 260 M M 10 1 21 260
27 59 37 48 0 17 0 0.00 M M 6.3 15 330 M M 2 46 310
28 70 32 51 4 14 0 0.00 M M 7.7 18 190 M M 0 23 170
29 78 35 57 10 8 0 0.00 M M 13.6 25 350 M M 0 1 37 350
30 48 28 38 -8 27 0 0.00 M M 5.3 15 340 M M 0 18 340
================================================================================
SM 1845 1215 438 24 2.02 M 203.9 M 123
================================================================================
AV 61.5 40.5 6.8 FASTST M M 4 MAX(MPH)
MISC ----> 26 290 46 310
================================================================================
NOTES:
# LAST OF SEVERAL OCCURRENCES
COLUMN 17 PEAK WIND IN M.P.H.
PRELIMINARY LOCAL CLIMATOLOGICAL DATA (WS FORM: F-6) , PAGE 2
STATION: BOWIE
MONTH: NOVEMBER
YEAR: 2022
LATITUDE: 33 36 N
LONGITUDE: 97 47 W
[TEMPERATURE DATA] [PRECIPITATION DATA] SYMBOLS USED IN COLUMN 16
AVERAGE MONTHLY: 51.0 TOTAL FOR MONTH: 2.02 1 = FOG OR MIST
DPTR FM NORMAL: -1.5 DPTR FM NORMAL: -0.19 2 = FOG REDUCING VISIBILITY
HIGHEST: 83 ON 4 GRTST 24HR 1.15 ON 26-26 TO 1/4 MILE OR LESS
LOWEST: 24 ON 20 3 = THUNDER
SNOW, ICE PELLETS, HAIL 4 = ICE PELLETS
TOTAL MONTH: M 5 = HAIL
GRTST 24HR M ON M 6 = FREEZING RAIN OR DRIZZLE
GRTST DEPTH: M ON M 7 = DUSTSTORM OR SANDSTORM:
VSBY 1/2 MILE OR LESS
8 = SMOKE OR HAZE
[NO. OF DAYS WITH] [WEATHER - DAYS WITH] 9 = BLOWING SNOW
X = TORNADO
MAX 32 OR BELOW: 0 0.01 INCH OR MORE: 7
MAX 90 OR ABOVE: 0 0.10 INCH OR MORE: 4
MIN 32 OR BELOW: 9 0.50 INCH OR MORE: 1
MIN 0 OR BELOW: 0 1.00 INCH OR MORE: 1
[HDD (BASE 65) ]
TOTAL THIS MO. 438 CLEAR (SCALE 0-3) 12
DPTR FM NORMAL 55 PTCLDY (SCALE 4-7) 14
TOTAL FM JUL 1 539 CLOUDY (SCALE 8-10) 4
DPTR FM NORMAL 15
[CDD (BASE 65) ]
TOTAL THIS MO. 24
DPTR FM NORMAL 14 [PRESSURE DATA]
TOTAL FM JAN 1 2726 HIGHEST SLP M ON M
DPTR FM NORMAL 654 LOWEST SLP M ON M
[REMARKS]
#FINAL-11-22#