000
CXUS51 KBTV 010800
CF61V4
PRELIMINARY LOCAL CLIMATOLOGICAL DATA (WS FORM: F-6)
STATION: SAINT JOHNSBURY VT ASOS
MONTH: JANUARY
YEAR: 2023
LATITUDE: 44 25 N
LONGITUDE: 72 1 W
TEMPERATURE IN F: :PCPN: SNOW: WIND :SUNSHINE: SKY :PK WND
================================================================================
1 2 3 4 5 6A 6B 7 8 9 10 11 12 13 14 15 16 17 18
12Z AVG MX 2MIN
DY MAX MIN AVG DEP HDD CDD WTR SNW DPTH SPD SPD DIR MIN PSBL S-S WX SPD DR
================================================================================
1 45 35 40 21 25 0 0.00 M M M M M M M 0 M M
2 43 31 37 18 28 0 0.00 M M M M M M M 0 M M
3 36 26 31 12 34 0 0.00 M M M M M M M 0 M M
4 42 34 38 20 27 0 0.00 M M M M M M M 0 M M
5 39 35 37 19 28 0 0.00 M M M M M M M 0 M M
6 37 33 35 17 30 0 0.00 M M M M M M M 0 M M
7 33 19 26 8 39 0 0.00 M M M M M M M 0 M M
8 28 14 21 3 44 0 0.00 M M M M M M M 0 M M
9 31 11 21 3 44 0 0.00 M M M M M M M 0 M M
10 32 9 21 4 44 0 0.00 M M M M M M M 0 M M
11 26 3 15 -2 50 0 0.00 M M M M M M M 0 M M
12 33 20 27 10 38 0 0.00 M M M M M M M 0 M M
13 38 27 33 16 32 0 0.00 M M M M M M M 0 M M
14 27 24 26 9 39 0 0.00 M M M M M M M 0 M M
15 30 19 25 8 40 0 0.00 M M M M M M M 0 M M
16 26 20 23 6 42 0 0.00 M M M M M M M 0 M M
17 24 23 24 7 41 0 0.00 M M M M M M M 0 M M
18 M M M M M M 0.00 M M M M M M M M M M
19 34 30 32 16 33 0 M M M M M M M M 0 M M
20 33 29 31 15 34 0 0.00 M M M M M M M 0 M M
21 30 23 27 11 38 0 0.00 M M M M M M M 0 M M
22 28 25 27 11 38 0 0.00 M M M M M M M 0 M M
23 32 27 30 14 35 0 0.00 M M M M M M M 0 M M
24 35 27 31 15 34 0 0.00 M M M M M M M 0 M M
25 30 17 24 8 41 0 0.00 M M M M M M M 0 M M
26 36 23 30 14 35 0 0.00 M M M M M M M 0 M M
27 33 15 24 8 41 0 0.00 M M M M M M M 0 M M
28 41 20 31 15 34 0 0.00 M M M M M M M 0 M M
29 39 19 29 13 36 0 0.00 M M M M M M M 0 M M
30 35 18 27 11 38 0 0.00 M M M M M M M 0 M M
31 21 5 13 -4 52 0 0.00 M M M M M M M 0 M M
================================================================================
SM 997 661 1114 0 0.00 M M M 0
================================================================================
AV 33.2 22.0 M FASTST M M 0 MAX(MPH)
MISC ----> M M M M
================================================================================
NOTES:
# LAST OF SEVERAL OCCURRENCES
COLUMN 17 PEAK WIND IN M.P.H.
PRELIMINARY LOCAL CLIMATOLOGICAL DATA (WS FORM: F-6) , PAGE 2
STATION: SAINT JOHNSBURY VT ASOS
MONTH: JANUARY
YEAR: 2023
LATITUDE: 44 25 N
LONGITUDE: 72 1 W
[TEMPERATURE DATA] [PRECIPITATION DATA] SYMBOLS USED IN COLUMN 16
AVERAGE MONTHLY: 27.6 TOTAL FOR MONTH: 0.00 1 = FOG OR MIST
DPTR FM NORMAL: 10.5 DPTR FM NORMAL: -2.52 2 = FOG REDUCING VISIBILITY
HIGHEST: 45 ON 1 GRTST 24HR 1.02 ON 4- 5 TO 1/4 MILE OR LESS
LOWEST: 3 ON 11 3 = THUNDER
SNOW, ICE PELLETS, HAIL 4 = ICE PELLETS
TOTAL MONTH: M 5 = HAIL
GRTST 24HR M ON M 6 = FREEZING RAIN OR DRIZZLE
GRTST DEPTH: M ON M 7 = DUSTSTORM OR SANDSTORM:
VSBY 1/2 MILE OR LESS
8 = SMOKE OR HAZE
[NO. OF DAYS WITH] [WEATHER - DAYS WITH] 9 = BLOWING SNOW
X = TORNADO
MAX 32 OR BELOW: 13 0.01 INCH OR MORE: 0
MAX 90 OR ABOVE: 0 0.10 INCH OR MORE: 0
MIN 32 OR BELOW: 26 0.50 INCH OR MORE: 0
MIN 0 OR BELOW: 0 1.00 INCH OR MORE: 0
[HDD (BASE 65) ]
TOTAL THIS MO. 1114 CLEAR (SCALE 0-3) 30
DPTR FM NORMAL -371 PTCLDY (SCALE 4-7) 0
TOTAL FM JUL 1 3640 CLOUDY (SCALE 8-10) 1
DPTR FM NORMAL -862
[CDD (BASE 65) ]
TOTAL THIS MO. 0
DPTR FM NORMAL 0 [PRESSURE DATA]
TOTAL FM JAN 1 0 HIGHEST SLP M ON M
DPTR FM NORMAL 0 LOWEST SLP M ON M
[REMARKS]
#FINAL-01-23#