000
CXUS55 KBOU 021915 CCA
CF620V
PRELIMINARY LOCAL CLIMATOLOGICAL DATA (WS FORM: F-6)
STATION: KREMMLING
MONTH: AUGUST
YEAR: 2022
LATITUDE: 40 3 N
LONGITUDE: 106 22 W
TEMPERATURE IN F: :PCPN: SNOW: WIND :SUNSHINE: SKY :PK WND
================================================================================
1 2 3 4 5 6A 6B 7 8 9 10 11 12 13 14 15 16 17 18
12Z AVG MX 2MIN
DY MAX MIN AVG DEP HDD CDD WTR SNW DPTH SPD SPD DIR MIN PSBL S-S WX SPD DR
================================================================================
1 79 45 62 M 3 0 M M M 4.2 17 200 M M 1 25 200
2 79 50 65 M 0 0 M M M 4.9 12 250 M M 4 3 18 220
3 79 54 67 M 0 2 M M M 1.8 9 350 M M 5 1 M M
4 88 48 68 M 0 3 M M M 0.9 5 350 M M 1 25 350
5 90 50 70 M 0 5 M M M 3.0 16 100 M M 3 3 31 220
6 88 48 68 M 0 3 M M M 2.9 15 260 M M 2 12 22 260
7 82 48 65 M 0 0 M M M 3.9 14 10 M M 3 21 360
8 86 48 67 M 0 2 M M M 3.1 12 340 M M 3 18 360
9 90 41 66 M 0 1 M M M 3.4 14 90 M M 1 20 90
10 90 48 69 M 0 4 M M M 3.0 14 110 M M 0 17 110
11 91 50 71 M 0 6 M M M 3.5 17 50 M M 1 37 190
12 88 45 67 M 0 2 M M M 4.2 13 200 M M 3 35 220
13 86 50 68 M 0 3 M M M 3.3 13 280 M M 2 24 0
14 88 46 67 M 0 2 M M M 3.4 16 10 M M 4 38 25 10
15 77 55 66 M 0 1 M M M 3.4 12 310 M M 6 3 21 320
16 68 50 59 M 6 0 M M M 1.3 12 130 M M 8 M M
17 79 41 60 M 5 0 M M M 1.3 7 100 M M 3 12 M M
18 81 41 61 M 4 0 M M M 2.3 9 90 M M 1 M M
19 79 45 62 M 3 0 M M M 3.7 22 80 M M 2 28 80
20 77 48 63 M 2 0 M M M 3.5 18 190 M M 6 25 190
21 70 48 59 M 6 0 M M M 1.1 21 130 M M 7 3 30 130
22 79 48 64 M 1 0 M M M 1.2 13 100 M M 6 1 25 260
23 79 39 59 M 6 0 M M M 2.4 17 310 M M 2 2 23 310
24 81 39 60 M 5 0 M M M 2.7 17 100 M M 0 28 100
25 77 45 61 M 4 0 M M M 3.9 18 240 M M 5 32 240
26 73 48 61 M 4 0 M M M 2.1 7 10 M M 5 22 0
27 73 41 57 M 8 0 M M M 2.6 16 210 M M 4 123 24 210
28 77 36 57 M 8 0 M M M 3.4 16 260 M M 1 26 250
29 79 36 58 M 7 0 M M M 1.6 7 250 M M 0 M M
30 86 37 62 M 3 0 M M M 1.6 6 240 M M 0 M M
31 86 39 63 M 2 0 M M M 2.5 16 30 M M 0 23 30
================================================================================
SM 2525 1407 77 34 M M 86.3 M 89
================================================================================
AV 81.5 45.4 2.8 FASTST M M 3 MAX(MPH)
MISC ----> 22 80 37 190
================================================================================
NOTES:
# LAST OF SEVERAL OCCURRENCES
COLUMN 17 PEAK WIND IN M.P.H.
PRELIMINARY LOCAL CLIMATOLOGICAL DATA (WS FORM: F-6) , PAGE 2
STATION: KREMMLING
MONTH: AUGUST
YEAR: 2022
LATITUDE: 40 3 N
LONGITUDE: 106 22 W
[TEMPERATURE DATA] [PRECIPITATION DATA] SYMBOLS USED IN COLUMN 16
AVERAGE MONTHLY: 63.4 TOTAL FOR MONTH: M 1 = FOG OR MIST
DPTR FM NORMAL: 0.0 DPTR FM NORMAL: M 2 = FOG REDUCING VISIBILITY
HIGHEST: 91 ON 11 GRTST 24HR M ON M TO 1/4 MILE OR LESS
LOWEST: 36 ON 29,28 3 = THUNDER
SNOW, ICE PELLETS, HAIL 4 = ICE PELLETS
TOTAL MONTH: M 5 = HAIL
GRTST 24HR M ON M 6 = FREEZING RAIN OR DRIZZLE
GRTST DEPTH: M ON M 7 = DUSTSTORM OR SANDSTORM:
VSBY 1/2 MILE OR LESS
8 = SMOKE OR HAZE
[NO. OF DAYS WITH] [WEATHER - DAYS WITH] 9 = BLOWING SNOW
X = TORNADO
MAX 32 OR BELOW: 0 0.01 INCH OR MORE: 4
MAX 90 OR ABOVE: 4 0.10 INCH OR MORE: 0
MIN 32 OR BELOW: 0 0.50 INCH OR MORE: 0
MIN 0 OR BELOW: 0 1.00 INCH OR MORE: 0
[HDD (BASE 65) ]
TOTAL THIS MO. 77 CLEAR (SCALE 0-3) 19
DPTR FM NORMAL M PTCLDY (SCALE 4-7) 12
TOTAL FM JUL 1 107 CLOUDY (SCALE 8-10) 0
DPTR FM NORMAL M
[CDD (BASE 65) ]
TOTAL THIS MO. 34
DPTR FM NORMAL M [PRESSURE DATA]
TOTAL FM JAN 1 67 HIGHEST SLP M ON M
DPTR FM NORMAL M LOWEST SLP M ON M
[REMARKS]
#FINAL-08-22#