225
CXUS55 KBOU 011000
CF620V
PRELIMINARY LOCAL CLIMATOLOGICAL DATA (WS FORM: F-6)
STATION: KREMMLING
MONTH: JANUARY
YEAR: 2021
LATITUDE: 40 3 N
LONGITUDE: 106 22 W
TEMPERATURE IN F: :PCPN: SNOW: WIND :SUNSHINE: SKY :PK WND
================================================================================
1 2 3 4 5 6A 6B 7 8 9 10 11 12 13 14 15 16 17 18
12Z AVG MX 2MIN
DY MAX MIN AVG DEP HDD CDD WTR SNW DPTH SPD SPD DIR MIN PSBL S-S WX SPD DR
================================================================================
1 21 -6 8 M 57 0 0.00 M M 0.0 M M M M 7 1 M M
2 23 -4 10 M 55 0 0.00 M M 1.0 10 270 M M 7 2 M M
3 34 7 21 M 44 0 0.00 M M 5.5 20 260 M M 7 24 260
4 30 5 18 M 47 0 0.00 M M 2.0 14 280 M M 3 18 280
5 36 5 21 M 44 0 0.00 M M 2.7 10 10 M M 8 18 0
6 27 0 14 M 51 0 0.00 M M 0.4 6 10 M M 1 M M
7 21 -8 7 M 58 0 0.00 M M 0.8 6 70 M M 1 M M
8 23 -9 7 M 58 0 0.00 M M 0.3 3 270 M M 3 M M
9 25 -4 11 M 54 0 0.00 M M 1.1 7 90 M M 6 M M
10 19 -9 5 M 60 0 0.00 M M 0.0 M M M M 1 12 M M
11 14 -18 -2 M 67 0 0.00 M M 0.0 M M M M 1 18 M M
12 14 -18 -2 M 67 0 0.00 M M 0.1 4 40 M M 1 M M
13 36 3 20 M 45 0 0.00 M M 4.9 31 290 M M 7 52 290
14 30 18 24 M 41 0 0.00 M M 11.8 20 320 M M 1 38 300
15 36 3 20 M 45 0 0.00 M M 2.2 6 40 M M 0 18 340
16 34 10 22 M 43 0 0.00 M M 2.7 10 300 M M 7 24 310
17 37 21 29 M 36 0 0.00 M M 4.7 13 280 M M 9 23 270
18 34 9 22 M 43 0 0.00 M M 5.4 10 350 M M 7 20 330
19 28 0 14 M 51 0 0.00 M M 0.6 4 200 M M 1 M M
20 32 -4 14 M 51 0 0.00 M M 0.5 3 200 M M 1 1 M M
21 41 5 23 M 42 0 0.00 M M 4.7 16 250 M M 5 22 250
22 41 21 31 M 34 0 0.00 M M 2.4 8 240 M M 7 18 270
23 36 18 27 M 38 0 0.12 M M 4.6 16 240 M M 7 25 250
24 30 0 15 M 50 0 0.00 M M 0.1 3 140 M M 5 M M
25 30 3 17 M 48 0 0.02 M M 0.3 3 350 M M 8 M M
26 19 9 14 M 51 0 0.00 M M 0.1 4 140 M M 10 1 M M
27 36 0 18 M 47 0 0.02 M M 4.4 9 130 M M 4 17 180
28 41 9 25 M 40 0 0.00 M M 2.0 8 90 M M 1 M M
29 43 7 25 M 40 0 0.00 M M 2.3 18 220 M M 2 25 0
30 34 18 26 M 39 0 0.00 M M 4.0 12 350 M M 8 18 350
31 34 7 21 M 44 0 0.00 M M 1.0 5 130 M M 3 M M
================================================================================
SM 939 98 1490 0 0.16 M 72.4 M 139
================================================================================
AV 30.3 3.2 2.3 FASTST M M 4 MAX(MPH)
MISC ----> 31 290 52 290
================================================================================
NOTES:
# LAST OF SEVERAL OCCURRENCES
COLUMN 17 PEAK WIND IN M.P.H.
PRELIMINARY LOCAL CLIMATOLOGICAL DATA (WS FORM: F-6) , PAGE 2
STATION: KREMMLING
MONTH: JANUARY
YEAR: 2021
LATITUDE: 40 3 N
LONGITUDE: 106 22 W
[TEMPERATURE DATA] [PRECIPITATION DATA] SYMBOLS USED IN COLUMN 16
AVERAGE MONTHLY: 16.7 TOTAL FOR MONTH: 0.16 1 = FOG OR MIST
DPTR FM NORMAL: 0.0 DPTR FM NORMAL: M 2 = FOG REDUCING VISIBILITY
HIGHEST: 43 ON 29 GRTST 24HR 0.16 ON 9- 9 TO 1/4 MILE OR LESS
LOWEST: -18 ON 12,11 3 = THUNDER
SNOW, ICE PELLETS, HAIL 4 = ICE PELLETS
TOTAL MONTH: M 5 = HAIL
GRTST 24HR M ON M 6 = FREEZING RAIN OR DRIZZLE
GRTST DEPTH: M ON M 7 = DUSTSTORM OR SANDSTORM:
VSBY 1/2 MILE OR LESS
8 = SMOKE OR HAZE
[NO. OF DAYS WITH] [WEATHER - DAYS WITH] 9 = BLOWING SNOW
X = TORNADO
MAX 32 OR BELOW: 16 0.01 INCH OR MORE: 3
MAX 90 OR ABOVE: 0 0.10 INCH OR MORE: 1
MIN 32 OR BELOW: 31 0.50 INCH OR MORE: 0
MIN 0 OR BELOW: 13 1.00 INCH OR MORE: 0
[HDD (BASE 65) ]
TOTAL THIS MO. 1490 CLEAR (SCALE 0-3) 13
DPTR FM NORMAL M PTCLDY (SCALE 4-7) 15
TOTAL FM JUL 1 5268 CLOUDY (SCALE 8-10) 3
DPTR FM NORMAL M
[CDD (BASE 65) ]
TOTAL THIS MO. 0
DPTR FM NORMAL M [PRESSURE DATA]
TOTAL FM JAN 1 0 HIGHEST SLP M ON M
DPTR FM NORMAL M LOWEST SLP M ON M
[REMARKS]
#FINAL-01-21#