000
CXUS55 KBOU 010900
CF633V
PRELIMINARY LOCAL CLIMATOLOGICAL DATA (WS FORM: F-6)
STATION: WALDEN
MONTH: MARCH
YEAR: 2021
LATITUDE: 40 45 N
LONGITUDE: 106 16 W
TEMPERATURE IN F: :PCPN: SNOW: WIND :SUNSHINE: SKY :PK WND
================================================================================
1 2 3 4 5 6A 6B 7 8 9 10 11 12 13 14 15 16 17 18
12Z AVG MX 2MIN
DY MAX MIN AVG DEP HDD CDD WTR SNW DPTH SPD SPD DIR MIN PSBL S-S WX SPD DR
================================================================================
1 30 -4 13 M 52 0 0.00 M M 4.2 9 120 M M 0 M M
2 39 4 22 M 43 0 0.00 M M 8.0 14 210 M M 0 18 210
3 43 5 24 M 41 0 0.00 M M 2.9 8 130 M M 0 M M
4 33 10 22 M 43 0 0.00 M M 7.1 14 310 M M 8 21 330
5 34 17 26 M 39 0 0.00 M M 2.3 8 120 M M 5 M M
6 46 10 28 M 37 0 0.00 M M 7.5 14 180 M M 0 20 180
7 49 27 38 M 27 0 0.00 M M 10.0 16 200 M M 0 22 180
8 49 25 37 M 28 0 0.00 M M 8.1 16 240 M M 2 23 240
9 49 27 38 M 27 0 0.00 M M 11.0 18 130 M M 3 25 220
10 34 10 22 M 43 0 0.00 M M 12.8 29 210 M M 5 35 210
11 34 7 21 M 44 0 0.00 M M 5.2 16 200 M M 7 24 270
12 42 18 30 M 35 0 0.00 M M 4.2 16 60 M M 5 18 330
13 42 15 29 M 36 0 0.00 M M 8.6 21 80 M M 4 31 80
14 30 15 23 M 42 0 0.00 M M 14.8 30 350 M M 9 36 350
15 36 7 22 M 43 0 0.00 M M 9.2 22 200 M M 8 30 200
16 35 21 28 M 37 0 0.00 M M 5.4 15 340 M M 7 21 330
17 34 18 26 M 39 0 0.00 M M 7.8 15 340 M M 4 16 310
18 42 12 27 M 38 0 0.00 M M 6.1 12 200 M M 2 17 200
19 51 23 37 M 28 0 0.00 M M 8.3 15 230 M M 0 21 230
20 55 28 42 M 23 0 0.00 M M 14.5 27 200 M M 2 38 220
21 34 22 28 M 37 0 0.00 M M 7.1 14 350 M M 7 21 360
22 38 19 29 M 36 0 0.00 M M 3.8 13 250 M M 6 16 270
23 34 21 28 M 37 0 0.00 M M 10.5 21 40 M M 7 27 50
24 39 12 26 M 39 0 0.00 M M 6.1 13 250 M M 1 20 250
25 37 17 27 M 38 0 0.00 M M 10.6 18 220 M M 7 26 220
26 34 17 26 M 39 0 0.00 M M 5.2 15 340 M M 8 21 360
27 37 19 28 M 37 0 0.00 M M 8.1 16 240 M M 6 21 240
28 49 26 38 M 27 0 0.00 M M 13.8 25 210 M M 0 30 210
29 52 21 37 M 28 0 0.00 M M 22.4 43 230 M M 4 51 230
30 30 13 22 M 43 0 0.00 M M 8.6 22 240 M M 3 29 240
31 39 10 25 M 40 0 0.00 M M 6.9 15 210 M M 0 22 210
================================================================================
SM 1230 492 1146 0 0.00 M 261.0 M 120
================================================================================
AV 39.7 15.9 8.4 FASTST M M 4 MAX(MPH)
MISC ----> 43 230 51 230
================================================================================
NOTES:
# LAST OF SEVERAL OCCURRENCES
COLUMN 17 PEAK WIND IN M.P.H.
PRELIMINARY LOCAL CLIMATOLOGICAL DATA (WS FORM: F-6) , PAGE 2
STATION: WALDEN
MONTH: MARCH
YEAR: 2021
LATITUDE: 40 45 N
LONGITUDE: 106 16 W
[TEMPERATURE DATA] [PRECIPITATION DATA] SYMBOLS USED IN COLUMN 16
AVERAGE MONTHLY: 27.8 TOTAL FOR MONTH: 0.00 1 = FOG OR MIST
DPTR FM NORMAL: 0.0 DPTR FM NORMAL: M 2 = FOG REDUCING VISIBILITY
HIGHEST: 55 ON 20 GRTST 24HR 0.00 ON 1- 1 TO 1/4 MILE OR LESS
LOWEST: -4 ON 1 3 = THUNDER
SNOW, ICE PELLETS, HAIL 4 = ICE PELLETS
TOTAL MONTH: M 5 = HAIL
GRTST 24HR M ON M 6 = FREEZING RAIN OR DRIZZLE
GRTST DEPTH: M ON M 7 = DUSTSTORM OR SANDSTORM:
VSBY 1/2 MILE OR LESS
8 = SMOKE OR HAZE
[NO. OF DAYS WITH] [WEATHER - DAYS WITH] 9 = BLOWING SNOW
X = TORNADO
MAX 32 OR BELOW: 3 0.01 INCH OR MORE: 0
MAX 90 OR ABOVE: 0 0.10 INCH OR MORE: 0
MIN 32 OR BELOW: 31 0.50 INCH OR MORE: 0
MIN 0 OR BELOW: 1 1.00 INCH OR MORE: 0
[HDD (BASE 65) ]
TOTAL THIS MO. 1146 CLEAR (SCALE 0-3) 14
DPTR FM NORMAL M PTCLDY (SCALE 4-7) 16
TOTAL FM JUL 1 7966 CLOUDY (SCALE 8-10) 1
DPTR FM NORMAL M
[CDD (BASE 65) ]
TOTAL THIS MO. 0
DPTR FM NORMAL M [PRESSURE DATA]
TOTAL FM JAN 1 0 HIGHEST SLP M ON M
DPTR FM NORMAL M LOWEST SLP M ON M
[REMARKS]
#FINAL-03-21#