000
CXUS54 KEWX 011110
CF63T5
PRELIMINARY LOCAL CLIMATOLOGICAL DATA (WS FORM: F-6)
STATION: LA GRANGE
MONTH: JANUARY
YEAR: 2023
LATITUDE: 29 54 N
LONGITUDE: 96 57 W
TEMPERATURE IN F: :PCPN: SNOW: WIND :SUNSHINE: SKY :PK WND
================================================================================
1 2 3 4 5 6A 6B 7 8 9 10 11 12 13 14 15 16 17 18
12Z AVG MX 2MIN
DY MAX MIN AVG DEP HDD CDD WTR SNW DPTH SPD SPD DIR MIN PSBL S-S WX SPD DR
================================================================================
1 77 58 68 M 0 3 0.00 M M 9.6 16 170 M M 7 18 24 160
2 79 71 75 M 0 10 T M M 11.5 22 160 M M 8 18 31 170
3 75 51 63 M 2 0 0.03 M M 5.5 16 180 M M 4 27 270
4 73 43 58 M 7 0 0.00 M M 4.1 12 290 M M 0 M M
5 68 40 54 M 11 0 0.00 M M 3.2 9 10 M M 0 M M
6 80 45 63 M 2 0 0.00 M M 7.5 18 180 M M 2 18 28 180
7 75 60 68 M 0 3 T M M 4.5 12 190 M M 10 18 17 0
8 68 46 57 M 8 0 0.00 M M 7.6 15 350 M M 4 23 340
9 72 42 57 M 8 0 0.00 M M 3.7 9 180 M M 1 M M
10 75 58 67 M 0 2 0.00 M M 7.8 16 200 M M 4 1 20 220
11 80 59 70 M 0 5 0.00 M M 8.7 16 180 M M 4 1 23 180
12 68 50 59 M 6 0 0.00 M M 13.9 24 330 M M 1 32 340
13 61 38 50 M 15 0 0.00 M M 6.4 13 330 M M 0 17 330
14 65 31 48 M 17 0 0.00 M M 5.1 16 170 M M 0 M M
15 75 43 59 M 6 0 0.00 M M 9.9 23 180 M M 3 35 M
16 76 55 66 M 0 1 T M M 2.6 8 260 M M 4 1 M M
17 76 48 62 M 3 0 T M M 4.1 12 160 M M 6 12 M M
18 76 50 63 M 2 0 0.10 M M 6.3 17 320 M M 4 1 25 320
19 67 42 55 M 10 0 0.00 M M 4.1 10 20 M M 1 M M
20 55 48 52 M 13 0 0.01 M M 4.6 9 80 M M 9 M M
21 56 42 49 M 16 0 T M M 3.8 7 20 M M 7 M M
22 60 38 49 M 16 0 T M M 6.8 17 330 M M 1 12 21 340
23 59 31 45 M 20 0 T M M 4.6 12 80 M M 3 8 18 80
24 52 44 48 M 17 0 0.51 M M 10.9 21 320 M M 7 1 35 M
25 57 36 47 M 18 0 0.00 M M 7.6 15 350 M M 2 1 22 350
26 55 32 44 M 21 0 0.00 M M 2.9 9 360 M M 1 M M
27 55 32 44 M 21 0 0.00 M M 2.2 7 140 M M 9 M M
28 66 52 59 M 6 0 0.06 M M 6.0 12 180 M M 10 1 M M
29 73 40 57 M 8 0 T M M 7.7 14 350 M M 9 1 22 350
30 40 32 36 M 29 0 T M M 10.3 15 350 M M 10 1 21 350
31 34 32 33 M 32 0 T M M 10.6 15 360 M M 10 1 22 350
================================================================================
SM 2048 1389 314 24 0.71 M 204.0 M 141
================================================================================
AV 66.1 44.8 6.6 FASTST M M 5 MAX(MPH)
MISC ----> 24 330 35 9999
================================================================================
NOTES:
# LAST OF SEVERAL OCCURRENCES
COLUMN 17 PEAK WIND IN M.P.H.
PRELIMINARY LOCAL CLIMATOLOGICAL DATA (WS FORM: F-6) , PAGE 2
STATION: LA GRANGE
MONTH: JANUARY
YEAR: 2023
LATITUDE: 29 54 N
LONGITUDE: 96 57 W
[TEMPERATURE DATA] [PRECIPITATION DATA] SYMBOLS USED IN COLUMN 16
AVERAGE MONTHLY: 55.4 TOTAL FOR MONTH: 0.71 1 = FOG OR MIST
DPTR FM NORMAL: 0.0 DPTR FM NORMAL: M 2 = FOG REDUCING VISIBILITY
HIGHEST: 80 ON 11, 6 GRTST 24HR 1.23 ON 24-24 TO 1/4 MILE OR LESS
LOWEST: 31 ON 23,14 3 = THUNDER
SNOW, ICE PELLETS, HAIL 4 = ICE PELLETS
TOTAL MONTH: M 5 = HAIL
GRTST 24HR M ON M 6 = FREEZING RAIN OR DRIZZLE
GRTST DEPTH: M ON M 7 = DUSTSTORM OR SANDSTORM:
VSBY 1/2 MILE OR LESS
8 = SMOKE OR HAZE
[NO. OF DAYS WITH] [WEATHER - DAYS WITH] 9 = BLOWING SNOW
X = TORNADO
MAX 32 OR BELOW: 0 0.01 INCH OR MORE: 5
MAX 90 OR ABOVE: 0 0.10 INCH OR MORE: 1
MIN 32 OR BELOW: 6 0.50 INCH OR MORE: 1
MIN 0 OR BELOW: 0 1.00 INCH OR MORE: 0
[HDD (BASE 65) ]
TOTAL THIS MO. 314 CLEAR (SCALE 0-3) 11
DPTR FM NORMAL M PTCLDY (SCALE 4-7) 12
TOTAL FM JUL 1 681 CLOUDY (SCALE 8-10) 8
DPTR FM NORMAL M
[CDD (BASE 65) ]
TOTAL THIS MO. 24
DPTR FM NORMAL M [PRESSURE DATA]
TOTAL FM JAN 1 24 HIGHEST SLP M ON M
DPTR FM NORMAL M LOWEST SLP M ON M
[REMARKS]
#FINAL-01-23#