000
CXUS54 KMAF 011210
CF66R6
PRELIMINARY LOCAL CLIMATOLOGICAL DATA (WS FORM: F-6)
STATION: TERRELL COUNTY AIRPORT
MONTH: JANUARY
YEAR: 2021
LATITUDE: 30 2 N
LONGITUDE: 102 13 W
TEMPERATURE IN F: :PCPN: SNOW: WIND :SUNSHINE: SKY :PK WND
================================================================================
1 2 3 4 5 6A 6B 7 8 9 10 11 12 13 14 15 16 17 18
12Z AVG MX 2MIN
DY MAX MIN AVG DEP HDD CDD WTR SNW DPTH SPD SPD DIR MIN PSBL S-S WX SPD DR
================================================================================
1 46 20 33 -15 32 0 0.00 M M 6.4 16 330 M M 0 22 330
2 51 24 38 -10 27 0 0.00 M M 11.2 23 240 M M 0 29 250
3 63 40 52 4 13 0 0.00 M M 14.1 26 240 M M 0 33 250
4 70 43 57 9 8 0 0.00 M M 10.0 18 320 M M 0 22 340
5 65 35 50 2 15 0 0.00 M M 4.3 10 150 M M 0 13 160
6 60 43 52 4 13 0 0.00 M M 12.5 29 330 M M 0 36 330
7 63 34 49 1 16 0 0.00 M M 5.5 13 290 M M 0 14 290
8 54 34 44 -4 21 0 0.00 M M 8.8 16 100 M M 0 20 100
9 41 33 37 -11 28 0 0.00 M M 10.9 20 100 M M 0 25 110
10 41 36 39 -9 26 0 0.04 M M 9.4 18 10 M M 0 27 110
11 47 31 39 -9 26 0 0.00 M M 4.9 10 350 M M 0 13 330
12 50 28 39 -9 26 0 0.00 M M 4.1 8 130 M M 0 12 200
13 66 30 48 0 17 0 0.00 M M 15.5 35 240 M M 0 42 240
14 69 44 57 9 8 0 0.00 M M 14.5 35 340 M M 0 45 340
15 56 35 46 -2 19 0 0.00 M M 7.1 14 40 M M 0 18 20
16 64 30 47 -1 18 0 0.00 M M 7.8 13 120 M M 0 17 130
17 68 30 49 1 16 0 0.00 M M 4.6 13 340 M M 0 14 330
18 73 31 52 3 13 0 0.00 M M 7.1 13 170 M M 0 15 180
19 54 43 49 0 16 0 0.00 M M 16.4 25 350 M M 0 35 350
20 49 41 45 -4 20 0 0.02 M M 5.2 14 360 M M 0 17 360
21 61 45 53 4 12 0 0.37 M M 5.0 10 320 M M 0 14 250
22 73 51 62 13 3 0 0.01 M M 8.0 16 260 M M 0 20 260
23 61 46 54 5 11 0 0.01 M M 6.4 12 90 M M 0 15 90
24 65 57 61 12 4 0 0.07 M M 5.7 16 70 M M 0 20 100
25 70 41 56 7 9 0 0.00 M M 6.6 23 250 M M 0 32 250
26 75 37 56 6 9 0 0.00 M M 9.5 32 340 M M 0 42 350
27 61 37 49 -1 16 0 0.00 M M 6.7 14 290 M M 0 17 330
28 56 37 47 -3 18 0 0.00 M M 9.1 20 100 M M 0 26 100
29 62 35 49 -1 16 0 0.00 M M 7.0 15 120 M M 0 18 110
30 79 45 62 12 3 0 0.00 M M 7.5 23 260 M M 0 29 270
31 67 47 57 7 8 0 0.00 M M 10.6 22 350 M M 0 28 360
================================================================================
SM 1880 1163 487 0 0.52 M 262.4 M 0
================================================================================
AV 60.6 37.5 8.5 FASTST M M 0 MAX(MPH)
MISC ----> # 35 340 45 340
================================================================================
NOTES:
# LAST OF SEVERAL OCCURRENCES
COLUMN 17 PEAK WIND IN M.P.H.
PRELIMINARY LOCAL CLIMATOLOGICAL DATA (WS FORM: F-6) , PAGE 2
STATION: TERRELL COUNTY AIRPORT
MONTH: JANUARY
YEAR: 2021
LATITUDE: 30 2 N
LONGITUDE: 102 13 W
[TEMPERATURE DATA] [PRECIPITATION DATA] SYMBOLS USED IN COLUMN 16
AVERAGE MONTHLY: 49.1 TOTAL FOR MONTH: 0.52 1 = FOG OR MIST
DPTR FM NORMAL: 0.3 DPTR FM NORMAL: 0.09 2 = FOG REDUCING VISIBILITY
HIGHEST: 79 ON 30 GRTST 24HR 0.37 ON 21-21 TO 1/4 MILE OR LESS
LOWEST: 20 ON 1 3 = THUNDER
SNOW, ICE PELLETS, HAIL 4 = ICE PELLETS
TOTAL MONTH: M 5 = HAIL
GRTST 24HR M ON M 6 = FREEZING RAIN OR DRIZZLE
GRTST DEPTH: M ON M 7 = DUSTSTORM OR SANDSTORM:
VSBY 1/2 MILE OR LESS
8 = SMOKE OR HAZE
[NO. OF DAYS WITH] [WEATHER - DAYS WITH] 9 = BLOWING SNOW
X = TORNADO
MAX 32 OR BELOW: 0 0.01 INCH OR MORE: 6
MAX 90 OR ABOVE: 0 0.10 INCH OR MORE: 1
MIN 32 OR BELOW: 8 0.50 INCH OR MORE: 0
MIN 0 OR BELOW: 0 1.00 INCH OR MORE: 0
[HDD (BASE 65) ]
TOTAL THIS MO. 487 CLEAR (SCALE 0-3) 31
DPTR FM NORMAL -17 PTCLDY (SCALE 4-7) 0
TOTAL FM JUL 1 1132 CLOUDY (SCALE 8-10) 0
DPTR FM NORMAL -154
[CDD (BASE 65) ]
TOTAL THIS MO. 0
DPTR FM NORMAL 0 [PRESSURE DATA]
TOTAL FM JAN 1 0 HIGHEST SLP 30.49 ON 11
DPTR FM NORMAL 0 LOWEST SLP 29.56 ON 24
[REMARKS]
#FINAL-01-21#