000
CXUS52 KTAE 010800
CF6AAF
PRELIMINARY LOCAL CLIMATOLOGICAL DATA (WS FORM: F-6)
STATION: APALACHICOLA
MONTH: JUNE
YEAR: 2021
LATITUDE: 29 43 N
LONGITUDE: 85 2 W
TEMPERATURE IN F: :PCPN: SNOW: WIND :SUNSHINE: SKY :PK WND
================================================================================
1 2 3 4 5 6A 6B 7 8 9 10 11 12 13 14 15 16 17 18
12Z AVG MX 2MIN
DY MAX MIN AVG DEP HDD CDD WTR SNW DPTH SPD SPD DIR MIN PSBL S-S WX SPD DR
================================================================================
1 84 69 77 -2 0 12 0.00 0.0 0 8.1 16 130 M M 3 24 130
2 85 66 76 -3 0 11 0.00 0.0 0 6.6 14 160 M M 1 18 140
3 86 70 78 -1 0 13 0.00 0.0 M 4.5 15 190 M M 1 19 180
4 87 71 79 0 0 14 0.00 0.0 M 3.8 14 180 M M 1 16 200
5 84 70 77 -3 0 12 0.00 0.0 M 4.4 9 160 M M 1 12 190
6 89 78 84 4 0 19 0.00 0.0 M 10.9 17 150 M M 4 22 160
7 88 80 84 4 0 19 0.02 0.0 M 11.7 18 170 M M 7 23 160
8 89 73 81 1 0 16 0.00 0.0 0 7.3 15 160 M M 4 18 150
9 89 69 79 -1 0 14 0.00 0.0 0 4.8 13 220 M M 1 17 200
10 89 71 80 0 0 15 0.00 0.0 0 5.4 14 240 M M 0 19 210
11 90 71 81 1 0 16 0.00 0.0 0 7.9 17 230 M M 2 23 220
12 89 76 83 3 0 18 0.01 0.0 0 10.7 18 260 M M 3 3 23 250
13 94 75 85 4 0 20 T 0.0 M 6.7 20 250 M M 2 3 26 320
14 90 71 81 0 0 16 0.00 0.0 M 6.7 15 220 M M 1 19 230
15 93 70 82 1 0 17 1.00 0.0 M 9.4 22 10 M M 2 13 29 350
16 87 74 81 0 0 16 0.02 0.0 M 5.9 18 250 M M 2 13 23 240
17 88 73 81 0 0 16 0.00 0.0 0 6.2 14 190 M M 2 1 18 180
18 86 77 82 1 0 17 0.04 0.0 0 8.0 14 170 M M 4 19 170
19 88 77 83 2 0 18 1.04 0.0 0 17.5 33 250 M M 5 13 40 250
20 84 75 80 -1 0 15 1.08 0.0 0 10.4 26 270 M M 7 13 37 280
21 85 72 79 -2 0 14 2.58 0.0 0 9.0 20 310 M M 5 13 26 310
22 81 75 78 -3 0 13 0.37 0.0 0 9.7 18 240 M M 5 1 23 260
23 84 M M M M M 0.55 0.0 0 4.4 18 360 M M 4 13 22 360
24 86 73 80 -2 0 15 0.05 M M 6.9 15 110 M M 6 13 22 110
25 85 74 80 -2 0 15 0.00 M M 8.6 15 120 M M 3 21 120
26 85 76 81 -1 0 16 0.09 M M 7.6 16 150 M M 2 21 140
27 87 73 80 -2 0 15 0.64 0.0 0 8.2 17 140 M M 5 13 24 100
28 86 75 81 -1 0 16 0.00 0.0 0 8.3 15 130 M M 2 22 80
29 87 73 80 -2 0 15 0.01 0.0 0 6.7 16 130 M M 1 3 25 130
30 83 73 78 -4 0 13 1.27 0.0 0 5.7 24 180 M M 4 13 32 170
================================================================================
SM 2608 2120 0 446 8.77 0.0 232.0 M 90
================================================================================
AV 86.9 73.1 7.7 FASTST M M 3 MAX(MPH)
MISC ----> 33 250 40 250
================================================================================
NOTES:
# LAST OF SEVERAL OCCURRENCES
COLUMN 17 PEAK WIND IN M.P.H.
PRELIMINARY LOCAL CLIMATOLOGICAL DATA (WS FORM: F-6) , PAGE 2
STATION: APALACHICOLA
MONTH: JUNE
YEAR: 2021
LATITUDE: 29 43 N
LONGITUDE: 85 2 W
[TEMPERATURE DATA] [PRECIPITATION DATA] SYMBOLS USED IN COLUMN 16
AVERAGE MONTHLY: 80.0 TOTAL FOR MONTH: 8.77 1 = FOG OR MIST
DPTR FM NORMAL: -0.7 DPTR FM NORMAL: 2.91 2 = FOG REDUCING VISIBILITY
HIGHEST: 94 ON 13 GRTST 24HR 2.83 ON 21-22 TO 1/4 MILE OR LESS
LOWEST: 66 ON 2 3 = THUNDER
SNOW, ICE PELLETS, HAIL 4 = ICE PELLETS
TOTAL MONTH: 0.0 INCH 5 = HAIL
GRTST 24HR 0.0 6 = FREEZING RAIN OR DRIZZLE
GRTST DEPTH: 0 7 = DUSTSTORM OR SANDSTORM:
VSBY 1/2 MILE OR LESS
8 = SMOKE OR HAZE
[NO. OF DAYS WITH] [WEATHER - DAYS WITH] 9 = BLOWING SNOW
X = TORNADO
MAX 32 OR BELOW: 0 0.01 INCH OR MORE: 15
MAX 90 OR ABOVE: 4 0.10 INCH OR MORE: 8
MIN 32 OR BELOW: 0 0.50 INCH OR MORE: 7
MIN 0 OR BELOW: 0 1.00 INCH OR MORE: 5
[HDD (BASE 65) ]
TOTAL THIS MO. 0 CLEAR (SCALE 0-3) 17
DPTR FM NORMAL 0 PTCLDY (SCALE 4-7) 13
TOTAL FM JUL 1 1098 CLOUDY (SCALE 8-10) 0
DPTR FM NORMAL -126
[CDD (BASE 65) ]
TOTAL THIS MO. 446
DPTR FM NORMAL -23 [PRESSURE DATA]
TOTAL FM JAN 1 949 HIGHEST SLP 30.18 ON 9
DPTR FM NORMAL 1 LOWEST SLP 29.80 ON 13
[REMARKS]
#FINAL-06-21#