000
CXUS52 KTAE 010800
CF6AAF
PRELIMINARY LOCAL CLIMATOLOGICAL DATA (WS FORM: F-6)
STATION: APALACHICOLA
MONTH: OCTOBER
YEAR: 2023
LATITUDE: 29 43 N
LONGITUDE: 85 2 W
TEMPERATURE IN F: :PCPN: SNOW: WIND :SUNSHINE: SKY :PK WND
================================================================================
1 2 3 4 5 6A 6B 7 8 9 10 11 12 13 14 15 16 17 18
12Z AVG MX 2MIN
DY MAX MIN AVG DEP HDD CDD WTR SNW DPTH SPD SPD DIR MIN PSBL S-S WX SPD DR
================================================================================
1 86 70 78 2 0 13 0.00 0.0 M 9.5 17 70 M M 0 26 80
2 86 68 77 1 0 12 0.00 M M 8.5 16 100 M M 0 27 100
3 84 66 75 -1 0 10 0.00 0.0 M 6.9 14 70 M M 0 8 20 70
4 85 67 76 1 0 11 0.00 M M 7.3 17 110 M M 0 18 24 110
5 83 68 76 1 0 11 0.00 M M 5.7 14 90 M M 0 21 100
6 81 69 75 0 0 10 0.02 M M 3.4 8 120 M M 0 11 120
7 85 65 75 1 0 10 0.00 M M 8.7 18 10 M M 0 25 20
8 74 54 64 -10 1 0 0.00 M M 6.3 15 30 M M 0 23 50
9 75 50 63 -11 2 0 0.00 M M 4.1 9 200 M M 0 12 40
10 82 51 67 -7 0 2 0.00 0.0 M 2.2 12 170 M M 0 15 180
11 76 64 70 -3 0 5 2.50 0.0 M 9.0 23 60 M M 5 1 39 70
12 84 66 75 2 0 10 0.34 0.0 M 10.9 23 240 M M 2 1 35 220
13 77 66 72 -1 0 7 0.00 0.0 M 3.8 9 310 M M 3 1 12 320
14 82 68 75 3 0 10 0.00 0.0 M 7.2 15 330 M M 0 22 330
15 74 56 65 -7 0 0 0.00 0.0 0 10.0 18 290 M M 1 26 300
16 69 51 60 -12 5 0 0.00 0.0 0 9.2 18 10 M M 0 27 340
17 72 47 60 -11 5 0 0.00 0.0 M 4.5 15 10 M M 0 20 20
18 73 49 61 -10 4 0 0.00 0.0 0 3.7 14 140 M M 0 20 140
19 78 51 65 -6 0 0 0.00 0.0 0 3.6 10 140 M M 0 17 130
20 82 57 70 0 0 5 0.02 0.0 0 7.3 22 260 M M 0 29 270
21 80 58 69 -1 0 4 0.00 0.0 0 5.8 13 210 M M 0 1 16 200
22 86 57 72 2 0 7 0.00 0.0 0 3.2 14 300 M M 0 1 17 300
23 82 61 72 3 0 7 0.00 0.0 0 5.4 12 90 M M 0 1 17 100
24 80 61 71 2 0 6 0.00 0.0 0 8.6 18 90 M M 0 30 100
25 82 61 72 4 0 7 0.00 0.0 0 7.7 17 110 M M 1 1 25 110
26 81 65 73 5 0 8 0.00 0.0 0 7.3 17 100 M M 0 26 90
27 81 64 73 5 0 8 0.00 0.0 0 5.7 13 110 M M 0 18 110
28 80 63 72 5 0 7 0.00 0.0 0 4.9 13 120 M M 0 20 120
29 80 64 72 5 0 7 0.00 0.0 0 5.3 13 150 M M 0 19 110
30 81 63 72 5 0 7 0.00 M M 4.7 12 150 M M 0 18 140
31 81 59 70 4 0 5 0.00 0.0 0 10.0 21 360 M M 0 31 10
================================================================================
SM 2482 1879 17 189 2.88 0.0 200.4 M 12
================================================================================
AV 80.1 60.6 6.5 FASTST M M 0 MAX(MPH)
MISC ----> # 23 60 39 70
================================================================================
NOTES:
# LAST OF SEVERAL OCCURRENCES
COLUMN 17 PEAK WIND IN M.P.H.
PRELIMINARY LOCAL CLIMATOLOGICAL DATA (WS FORM: F-6) , PAGE 2
STATION: APALACHICOLA
MONTH: OCTOBER
YEAR: 2023
LATITUDE: 29 43 N
LONGITUDE: 85 2 W
[TEMPERATURE DATA] [PRECIPITATION DATA] SYMBOLS USED IN COLUMN 16
AVERAGE MONTHLY: 70.3 TOTAL FOR MONTH: 2.88 1 = FOG OR MIST
DPTR FM NORMAL: -1.2 DPTR FM NORMAL: -0.75 2 = FOG REDUCING VISIBILITY
HIGHEST: 86 ON 22, 2 GRTST 24HR 2.84 ON 11-12 TO 1/4 MILE OR LESS
LOWEST: 47 ON 17 3 = THUNDER
SNOW, ICE PELLETS, HAIL 4 = ICE PELLETS
TOTAL MONTH: 0.0 INCH 5 = HAIL
GRTST 24HR 0.0 6 = FREEZING RAIN OR DRIZZLE
GRTST DEPTH: 0 7 = DUSTSTORM OR SANDSTORM:
VSBY 1/2 MILE OR LESS
8 = SMOKE OR HAZE
[NO. OF DAYS WITH] [WEATHER - DAYS WITH] 9 = BLOWING SNOW
X = TORNADO
MAX 32 OR BELOW: 0 0.01 INCH OR MORE: 4
MAX 90 OR ABOVE: 0 0.10 INCH OR MORE: 2
MIN 32 OR BELOW: 0 0.50 INCH OR MORE: 1
MIN 0 OR BELOW: 0 1.00 INCH OR MORE: 1
[HDD (BASE 65) ]
TOTAL THIS MO. 17 CLEAR (SCALE 0-3) 29
DPTR FM NORMAL -7 PTCLDY (SCALE 4-7) 2
TOTAL FM JUL 1 17 CLOUDY (SCALE 8-10) 0
DPTR FM NORMAL -3
[CDD (BASE 65) ]
TOTAL THIS MO. 189
DPTR FM NORMAL -36 [PRESSURE DATA]
TOTAL FM JAN 1 2970 HIGHEST SLP 30.24 ON 25
DPTR FM NORMAL 307 LOWEST SLP 29.50 ON 12
[REMARKS]
#FINAL-10-23#