000
CXUS56 KMFR 011030
CF6AAT
PRELIMINARY LOCAL CLIMATOLOGICAL DATA (WS FORM: F-6)
STATION: ALTURAS CA
MONTH: NOVEMBER
YEAR: 2023
LATITUDE: 41 29 N
LONGITUDE: 120 34 W
TEMPERATURE IN F: :PCPN: SNOW: WIND :SUNSHINE: SKY :PK WND
================================================================================
1 2 3 4 5 6A 6B 7 8 9 10 11 12 13 14 15 16 17 18
12Z AVG MX 2MIN
DY MAX MIN AVG DEP HDD CDD WTR SNW DPTH SPD SPD DIR MIN PSBL S-S WX SPD DR
================================================================================
1 67 22 45 3 20 0 0.00 M M 0.8 7 280 M M 1 8 9 290
2 58 31 45 3 20 0 T M M 2.1 10 260 M M 7 18 16 250
3 67 31 49 7 16 0 0.00 M M 2.0 10 270 M M 2 128 14 290
4 67 38 53 12 12 0 0.07 M M 5.2 28 220 M M 5 18 41 220
5 57 33 45 4 20 0 0.00 M M 7.5 23 240 M M 2 18 31 250
6 52 38 45 4 20 0 0.40 M M 8.9 25 230 M M 8 1 34 240
7 43 26 35 -5 30 0 0.09 M M 3.4 16 290 M M 6 18 21 290
8 50 21 36 -4 29 0 0.00 M M 1.1 7 60 M M 2 128 9 150
9 53 17 35 -5 30 0 0.00 M M 3.4 13 190 M M 1 18 19 160
10 55 27 41 1 24 0 0.00 M M 2.1 10 280 M M 4 18 15 290
11 59 25 42 3 23 0 0.00 M M 2.5 15 280 M M 0 18 22 260
12 59 25 42 3 23 0 0.00 M M 4.7 18 200 M M 0 18 26 200
13 57 29 43 5 22 0 0.00 M M 3.0 18 170 M M 1 18 26 170
14 61 25 43 5 22 0 0.00 M M 2.9 21 190 M M 4 18 29 200
15 59 22 41 3 24 0 T M M 1.5 7 120 M M 2 18 9 290
16 55 27 41 3 24 0 0.01 M M 1.1 16 170 M M 5 18 23 170
17 59 23 41 4 24 0 T M M 2.0 12 170 M M 3 18 15 170
18 49 33 41 4 24 0 0.68 M M 8.1 29 280 M M 10 13 47 290
19 41 23 32 -4 33 0 T M M 6.8 17 280 M M 6 18 26 300
20 50 18 34 -2 31 0 0.00 M M 2.3 8 40 M M 0 18 12 150
21 55 22 39 3 26 0 0.00 M M 3.7 14 170 M M 0 18 18 180
22 51 20 36 0 29 0 0.06 M M 0.8 6 280 M M 4 18 9 280
23 42 26 34 -1 31 0 0.02 M M 12.5 25 10 M M 6 1 35 20
24 38 15 27 -8 38 0 0.00 M M 3.7 15 10 M M 3 18 21 360
25 43 11 27 -8 38 0 0.00 M M 1.3 7 80 M M 0 18 9 250
26 47 10 29 -5 36 0 0.00 M M 1.6 8 60 M M 0 18 10 70
27 51 12 32 -2 33 0 0.00 M M 2.7 10 60 M M 0 18 13 60
28 51 12 32 -2 33 0 0.00 M M 2.6 13 180 M M 0 18 19 180
29 49 16 33 0 32 0 0.00 M M 1.0 9 360 M M 6 18 13 20
30 38 21 30 -3 35 0 0.06 M M 1.9 21 300 M M 8 18 30 300
================================================================================
SM 1583 699 802 0 1.39 M 103.2 M 96
================================================================================
AV 52.8 23.3 3.4 FASTST M M 3 MAX(MPH)
MISC ----> 29 280 47 290
================================================================================
NOTES:
# LAST OF SEVERAL OCCURRENCES
COLUMN 17 PEAK WIND IN M.P.H.
PRELIMINARY LOCAL CLIMATOLOGICAL DATA (WS FORM: F-6) , PAGE 2
STATION: ALTURAS CA
MONTH: NOVEMBER
YEAR: 2023
LATITUDE: 41 29 N
LONGITUDE: 120 34 W
[TEMPERATURE DATA] [PRECIPITATION DATA] SYMBOLS USED IN COLUMN 16
AVERAGE MONTHLY: 38.0 TOTAL FOR MONTH: 1.39 1 = FOG OR MIST
DPTR FM NORMAL: 0.3 DPTR FM NORMAL: 0.19 2 = FOG REDUCING VISIBILITY
HIGHEST: 67 ON 4, 3 GRTST 24HR 0.68 ON 17-18 TO 1/4 MILE OR LESS
LOWEST: 10 ON 26 3 = THUNDER
SNOW, ICE PELLETS, HAIL 4 = ICE PELLETS
TOTAL MONTH: M 5 = HAIL
GRTST 24HR M ON M 6 = FREEZING RAIN OR DRIZZLE
GRTST DEPTH: M ON M 7 = DUSTSTORM OR SANDSTORM:
VSBY 1/2 MILE OR LESS
8 = SMOKE OR HAZE
[NO. OF DAYS WITH] [WEATHER - DAYS WITH] 9 = BLOWING SNOW
X = TORNADO
MAX 32 OR BELOW: 0 0.01 INCH OR MORE: 8
MAX 90 OR ABOVE: 0 0.10 INCH OR MORE: 2
MIN 32 OR BELOW: 26 0.50 INCH OR MORE: 1
MIN 0 OR BELOW: 0 1.00 INCH OR MORE: 0
[HDD (BASE 65) ]
TOTAL THIS MO. 802 CLEAR (SCALE 0-3) 17
DPTR FM NORMAL -18 PTCLDY (SCALE 4-7) 12
TOTAL FM JUL 1 1579 CLOUDY (SCALE 8-10) 1
DPTR FM NORMAL -69
[CDD (BASE 65) ]
TOTAL THIS MO. 0
DPTR FM NORMAL 0 [PRESSURE DATA]
TOTAL FM JAN 1 243 HIGHEST SLP 30.61 ON 20
DPTR FM NORMAL 8 LOWEST SLP 29.66 ON 6
[REMARKS]
#FINAL-11-23#