000
CXUS51 KPHI 020620
CLMABE
CLIMATE REPORT
NATIONAL WEATHER SERVICE MOUNT HOLLY NJ
120 AM EST SAT MAR 02 2024
...................................
...THE ALLENTOWN PA CLIMATE SUMMARY FOR THE MONTH OF FEBRUARY 2024...
CLIMATE NORMAL PERIOD: 1991 TO 2020
CLIMATE RECORD PERIOD: 1922 TO 2024
WEATHER OBSERVED NORMAL DEPART LAST YEAR`S
VALUE DATE(S) VALUE FROM VALUE DATE(S)
NORMAL
................................................................
TEMPERATURE (F)
RECORD
HIGH 81 02/21/2018
LOW -12 02/09/1934
HIGHEST 62 58 4 66
LOWEST 12 4 8 4
AVG. MAXIMUM 45.1 41.6 3.5 47.7
AVG. MINIMUM 25.3 23.2 2.1 25.0
MEAN 35.2 32.4 2.8 36.4
DAYS MAX >= 90 0 0.0 0.0 0
DAYS MAX <= 32 0 5.7 -5.7 2
DAYS MIN <= 32 24 23.8 0.2 22
DAYS MIN <= 0 0 0.4 -0.4 0
PRECIPITATION (INCHES)
RECORD
MAXIMUM 7.62 2008
MINIMUM 0.55 2002
TOTALS 2.33 2.77 -0.44 1.05
DAILY AVG. 0.08 0.10 -0.02 0.04
DAYS >= .01 9 10.1 -1.1 6
DAYS >= .10 5 5.9 -0.9 5
DAYS >= .50 2 1.7 0.3 0
DAYS >= 1.00 1 0.4 0.6 0
GREATEST
24 HR. TOTAL 1.03 02/13 TO 02/13 0.44
SNOWFALL (INCHES)
RECORDS
TOTAL 42.9 2010
24 HR TOTAL MM
TOTALS 14.8 10.8 4.0 2.2
SINCE 7/1 25.2 26.3 -1.1 MM
SNOWDEPTH AVG. 1 0
DAYS >= 1.0 2 2.4 -0.4 1
GREATEST
SNOW DEPTH 8 02/17 2 02/28
24 HR TOTAL 9.1 02/13 TO 02/13 2.2
DEGREE DAYS
HEATING TOTAL 856 913 -57 796
SINCE 7/1 3739 4023 -284 MM
COOLING TOTAL 0 0 0 0
SINCE 1/1 0 0 0 MM
................................................................
WIND (MPH)
AVERAGE WIND SPEED 6.4
HIGHEST WIND SPEED/DIRECTION 37/300 DATE 02/28
HIGHEST GUST SPEED/DIRECTION 49/290 DATE 02/28
SKY COVER
POSSIBLE SUNSHINE (PERCENT) MM
AVERAGE SKY COVER 0.33
NUMBER OF DAYS FAIR 17
NUMBER OF DAYS PC 8
NUMBER OF DAYS CLOUDY 4
AVERAGE RH (PERCENT) 64
WEATHER CONDITIONS. NUMBER OF DAYS WITH
THUNDERSTORM 1 MIXED PRECIP 0
HEAVY RAIN 0 RAIN 2
LIGHT RAIN 9 FREEZING RAIN 0
LT FREEZING RAIN 0 HEAVY SNOW 1
SNOW 1 LIGHT SNOW 4
SLEET 0 FOG 10
FOG W/VIS <= 1/4 MILE 2 HAZE 0
- INDICATES NEGATIVE NUMBERS.
R INDICATES RECORD WAS SET OR TIED.
MM INDICATES DATA IS MISSING.
T INDICATES TRACE AMOUNT.
$$