000
CXUS55 KABQ 011010
CF6ABQ
PRELIMINARY LOCAL CLIMATOLOGICAL DATA (WS FORM: F-6)
STATION: ALBUQUERQUE NM
MONTH: MARCH
YEAR: 2022
LATITUDE: 35 2 N
LONGITUDE: 106 37 W
TEMPERATURE IN F: :PCPN: SNOW: WIND :SUNSHINE: SKY :PK WND
================================================================================
1 2 3 4 5 6A 6B 7 8 9 10 11 12 13 14 15 16 17 18
12Z AVG MX 2MIN
DY MAX MIN AVG DEP HDD CDD WTR SNW DPTH SPD SPD DIR MIN PSBL S-S WX SPD DR
================================================================================
1 66 32 49 4 16 0 0.00 0.0 0 5.0 13 20 M M 4 16 20
2 72 39 56 10 9 0 0.00 0.0 0 6.8 16 10 M M 1 20 360
3 67 37 52 6 13 0 0.00 0.0 0 8.0 23 190 M M 7 36 180
4 69 42 56 10 9 0 T 0.0 0 18.4 46 220 M M 5 78 64 220
5 57 38 48 2 17 0 0.00 0.0 0 6.8 18 240 M M 5 25 260
6 45 28 37 -10 28 0 T 0.0 0 14.2 35 270 M M 2 48 270
7 51 20 36 -11 29 0 0.05 0.4 0 6.1 21 30 M M 5 1 27 40
8 47 27 37 -10 28 0 T 0.2 1 11.1 23 300 M M 4 1 29 310
9 56 21 39 -9 26 0 0.00 0.0 0 6.0 29 280 M M 5 41 270
10 54 35 45 -3 20 0 T 0.0 0 12.2 29 330 M M 8 36 330
11 47 26 37 -11 28 0 0.00 0.0 0 10.1 20 20 M M 4 26 350
12 57 27 42 -6 23 0 0.00 0.0 0 5.1 16 360 M M 0 21 360
13 65 31 48 -1 17 0 0.00 0.0 0 8.9 26 280 M M 2 35 280
14 61 41 51 2 14 0 0.00 0.0 0 10.0 25 330 M M 3 36 320
15 66 31 49 0 16 0 0.00 0.0 0 4.4 14 200 M M 0 19 190
16 70 39 55 5 10 0 0.00 0.0 0 7.9 25 290 M M 6 33 290
17 55 38 47 -3 18 0 T 0.0 0 12.3 25 320 M M 7 35 320
18 61 30 46 -4 19 0 0.00 0.0 0 5.4 17 300 M M 3 24 290
19 62 29 46 -4 19 0 0.00 0.0 0 4.5 12 270 M M 4 17 240
20 70 42 56 5 9 0 0.00 0.0 0 10.3 35 180 M M 7 8 45 190
21 50 37 44 -7 21 0 0.08 T 0 10.0 25 30 M M 8 1 33 30
22 45 32 39 -12 26 0 0.22 0.7 0 8.9 22 80 M M 9 15 26 80
23 51 29 40 -11 25 0 0.14 2.4 2 6.9 20 80 M M 5 18 24 60
24 70 33 52 0 13 0 0.00 0.0 0 5.2 16 310 M M 1 22 320
25 73 41 57 5 8 0 0.00 0.0 0 3.8 12 150 M M 0 14 190
26 77 43 60 8 5 0 0.00 0.0 0 3.8 10 30 M M 5 14 160
27 79 46 63 11 2 0 0.00 0.0 0 6.7 17 180 M M 5 22 150
28 71 44 58 5 7 0 0.00 0.0 0 7.4 28 190 M M 7 39 190
29 59 45 52 -1 13 0 T 0.0 0 11.8 32 240 M M 6 43 260
30 61 43 52 -1 13 0 0.06 0.0 0 11.7 36 310 M M 7 1 49 320
31 62 37 50 -3 15 0 T 0.0 0 7.6 23 170 M M 6 30 170
================================================================================
SM 1896 1083 516 0 0.55 3.7 257.3 M 141
================================================================================
AV 61.2 34.9 8.3 FASTST M M 5 MAX(MPH)
MISC ----> 46 220 64 220
================================================================================
NOTES:
# LAST OF SEVERAL OCCURRENCES
COLUMN 17 PEAK WIND IN M.P.H.
PRELIMINARY LOCAL CLIMATOLOGICAL DATA (WS FORM: F-6) , PAGE 2
STATION: ALBUQUERQUE NM
MONTH: MARCH
YEAR: 2022
LATITUDE: 35 2 N
LONGITUDE: 106 37 W
[TEMPERATURE DATA] [PRECIPITATION DATA] SYMBOLS USED IN COLUMN 16
AVERAGE MONTHLY: 48.0 TOTAL FOR MONTH: 0.55 1 = FOG OR MIST
DPTR FM NORMAL: -1.5 DPTR FM NORMAL: 0.09 2 = FOG REDUCING VISIBILITY
HIGHEST: 79 ON 27 GRTST 24HR 0.30 ON 22-23 TO 1/4 MILE OR LESS
LOWEST: 20 ON 7 3 = THUNDER
SNOW, ICE PELLETS, HAIL 4 = ICE PELLETS
TOTAL MONTH: 3.7 INCHES 5 = HAIL
GRTST 24HR 2.4 ON 23-23 6 = FREEZING RAIN OR DRIZZLE
GRTST DEPTH: 2 ON 23 7 = DUSTSTORM OR SANDSTORM:
VSBY 1/2 MILE OR LESS
8 = SMOKE OR HAZE
[NO. OF DAYS WITH] [WEATHER - DAYS WITH] 9 = BLOWING SNOW
X = TORNADO
MAX 32 OR BELOW: 0 0.01 INCH OR MORE: 5
MAX 90 OR ABOVE: 0 0.10 INCH OR MORE: 2
MIN 32 OR BELOW: 13 0.50 INCH OR MORE: 0
MIN 0 OR BELOW: 0 1.00 INCH OR MORE: 0
[HDD (BASE 65) ]
TOTAL THIS MO. 516 CLEAR (SCALE 0-3) 8
DPTR FM NORMAL 35 PTCLDY (SCALE 4-7) 20
TOTAL FM JUL 1 3492 CLOUDY (SCALE 8-10) 3
DPTR FM NORMAL -178
[CDD (BASE 65) ]
TOTAL THIS MO. 0
DPTR FM NORMAL 0 [PRESSURE DATA]
TOTAL FM JAN 1 0 HIGHEST SLP M ON M
DPTR FM NORMAL 0 LOWEST SLP 29.52 ON 29
[REMARKS]
#FINAL-03-22#