000
CXUS55 KABR 011700
CF6ABR
PRELIMINARY LOCAL CLIMATOLOGICAL DATA (WS FORM: F-6)
STATION: ABERDEEN SD
MONTH: MARCH
YEAR: 2020
LATITUDE: 45 27 N
LONGITUDE: 98 26 W
TEMPERATURE IN F: :PCPN: SNOW: WIND :SUNSHINE: SKY :PK WND
================================================================================
1 2 3 4 5 6A 6B 7 8 9 10 11 12 13 14 15 16 17 18
12Z AVG MX 2MIN
DY MAX MIN AVG DEP HDD CDD WTR SNW DPTH SPD SPD DIR MIN PSBL S-S WX SPD DR
================================================================================
1 40 22 31 8 34 0 0.00 0.0 5 14.4 32 300 M M 5 1 42 290
2 37 14 26 2 39 0 0.00 0.0 4 10.5 22 300 M M 3 30 290
3 42 28 35 11 30 0 0.00 0.0 4 11.5 22 300 M M 4 30 290
4 42 25 34 10 31 0 0.02 T 3 10.3 28 290 M M 3 16 39 290
5 40 22 31 6 34 0 0.00 0.0 3 18.7 33 330 M M 4 1 46 310
6 40 19 30 5 35 0 0.00 0.0 1 13.7 29 160 M M 2 12 34 160
7 50 33 42 16 23 0 0.00 0.0 T 11.5 20 170 M M 0 27 170
8 53 29 41 15 24 0 T T T 14.3 24 330 M M 4 29 330
9 29 19 24 -3 41 0 T T T 12.0 23 340 M M 7 29 340
10 36 19 28 1 37 0 0.03 0.4 T 3.2 12 140 M M 6 1 13 150
11 44 25 35 7 30 0 T 0.0 T 8.7 16 170 M M 5 22 170
12 44 27 36 8 29 0 0.01 0.0 0 16.6 32 320 M M 6 45 320
13 36 24 30 2 35 0 0.00 0.0 0 10.6 17 10 M M 1 23 360
14 33 20 27 -2 38 0 0.00 0.0 0 12.4 18 60 M M 5 25 60
15 34 22 28 -1 37 0 T T 0 14.2 25 160 M M 9 31 160
16 36 27 32 2 33 0 0.01 T 0 10.8 22 350 M M 10 1 30 350
17 44 17 31 1 34 0 0.00 0.0 0 9.4 18 170 M M 5 25 170
18 47 32 40 9 25 0 0.00 0.0 0 7.0 17 40 M M 9 18 23 40
19 32 15 24 -7 41 0 T 0.0 0 23.6 33 350 M M 7 16 46 10
20 28 9 19 -13 46 0 0.00 0.0 0 11.0 28 360 M M 0 40 360
21 39 16 28 -4 37 0 0.00 0.0 0 15.1 26 160 M M 9 35 170
22 47 27 37 4 28 0 0.00 0.0 0 6.9 15 10 M M 4 22 120
23 53 19 36 3 29 0 0.00 0.0 0 8.6 21 160 M M 1 1 26 170
24 65 32 49 15 16 0 T 0.0 0 10.7 26 330 M M 5 18 33 330
25 39 24 32 -2 33 0 0.03 T 0 10.1 18 360 M M 8 1 24 360
26 38 22 30 -4 35 0 T T 0 4.0 10 190 M M 9 1 12 190
27 55 33 44 9 21 0 0.00 0.0 0 5.6 10 200 M M 9 12 15 230
28 53 32 43 7 22 0 0.00 0.0 0 12.7 24 20 M M 3 35 10
29 57 28 43 7 22 0 0.00 0.0 0 8.6 17 360 M M 0 22 360
30 66 25 46 10 19 0 0.00 0.0 0 10.2 21 150 M M 1 29 140
31 58 40 49 12 16 0 0.06 0.0 0 13.2 28 140 M M 4 36 140
================================================================================
SM 1357 746 954 0 0.16 0.4 350.1 M 148
================================================================================
AV 43.8 24.1 11.3 FASTST M M 5 MAX(MPH)
MISC ----> # 33 330 # 46 310
================================================================================
NOTES:
# LAST OF SEVERAL OCCURRENCES
COLUMN 17 PEAK WIND IN M.P.H.
PRELIMINARY LOCAL CLIMATOLOGICAL DATA (WS FORM: F-6) , PAGE 2
STATION: ABERDEEN SD
MONTH: MARCH
YEAR: 2020
LATITUDE: 45 27 N
LONGITUDE: 98 26 W
[TEMPERATURE DATA] [PRECIPITATION DATA] SYMBOLS USED IN COLUMN 16
AVERAGE MONTHLY: 33.9 TOTAL FOR MONTH: 0.16 1 = FOG OR MIST
DPTR FM NORMAL: 4.0 DPTR FM NORMAL: -1.00 2 = FOG REDUCING VISIBILITY
HIGHEST: 66 ON 30 GRTST 24HR 0.06 ON 31-31 TO 1/4 MILE OR LESS
LOWEST: 9 ON 20 3 = THUNDER
SNOW, ICE PELLETS, HAIL 4 = ICE PELLETS
TOTAL MONTH: 0.4 INCH 5 = HAIL
GRTST 24HR 0.4 ON 10-10 6 = FREEZING RAIN OR DRIZZLE
GRTST DEPTH: 5 ON 1 7 = DUSTSTORM OR SANDSTORM:
VSBY 1/2 MILE OR LESS
8 = SMOKE OR HAZE
[NO. OF DAYS WITH] [WEATHER - DAYS WITH] 9 = BLOWING SNOW
X = TORNADO
MAX 32 OR BELOW: 3 0.01 INCH OR MORE: 6
MAX 90 OR ABOVE: 0 0.10 INCH OR MORE: 0
MIN 32 OR BELOW: 28 0.50 INCH OR MORE: 0
MIN 0 OR BELOW: 0 1.00 INCH OR MORE: 0
[HDD (BASE 65) ]
TOTAL THIS MO. 954 CLEAR (SCALE 0-3) 10
DPTR FM NORMAL -134 PTCLDY (SCALE 4-7) 14
TOTAL FM JUL 1 7236 CLOUDY (SCALE 8-10) 7
DPTR FM NORMAL -315
[CDD (BASE 65) ]
TOTAL THIS MO. 0
DPTR FM NORMAL 0 [PRESSURE DATA]
TOTAL FM JAN 1 0 HIGHEST SLP 30.73 ON 20
DPTR FM NORMAL 0 LOWEST SLP 29.54 ON 2
[REMARKS]
#FINAL-03-20#