000
CXUS52 KTAE 010900
CF6ABY
PRELIMINARY LOCAL CLIMATOLOGICAL DATA (WS FORM: F-6)
STATION: ALBANY
MONTH: FEBRUARY
YEAR: 2024
LATITUDE: 31 31 N
LONGITUDE: 84 11 W
TEMPERATURE IN F: :PCPN: SNOW: WIND :SUNSHINE: SKY :PK WND
================================================================================
1 2 3 4 5 6A 6B 7 8 9 10 11 12 13 14 15 16 17 18
12Z AVG MX 2MIN
DY MAX MIN AVG DEP HDD CDD WTR SNW DPTH SPD SPD DIR MIN PSBL S-S WX SPD DR
================================================================================
1 62 30 46 -6 19 0 0.00 0.0 0 2.0 10 240 M M 0 14 240
2 70 37 54 2 11 0 0.00 0.0 0 2.2 12 320 M M 0 16 340
3 70 36 53 1 12 0 0.00 0.0 0 7.0 16 90 M M 0 8 24 90
4 56 48 52 0 13 0 1.13 M M 13.0 29 70 M M 10 13 39 70
5 52 42 47 -5 18 0 0.00 0.0 M 8.0 21 60 M M 10 12 26 60
6 65 38 52 0 13 0 0.00 0.0 0 6.6 15 50 M M 0 26 360
7 62 34 48 -4 17 0 0.00 0.0 M 5.8 16 60 M M 0 20 50
8 68 35 52 -1 13 0 0.00 0.0 M 3.6 13 210 M M 0 19 190
9 73 46 60 7 5 0 0.00 0.0 M 4.5 13 190 M M 3 18 210
10 75 57 66 13 0 1 0.00 0.0 M 6.9 22 190 M M 7 28 180
11 69 57 63 10 2 0 0.15 0.0 M 7.4 15 220 M M 8 1 22 230
12 67 55 61 8 4 0 2.65 0.0 0 9.0 40 40 M M 9 13 55 30
13 62 40 51 -3 14 0 0.00 0.0 M 9.7 21 310 M M 3 30 290
14 66 32 49 -5 16 0 0.00 0.0 M 2.7 10 40 M M 0 16 30
15 70 40 55 1 10 0 0.00 0.0 0 2.2 12 230 M M 0 17 210
16 66 48 57 3 8 0 T 0.0 0 3.8 14 200 M M 3 21 180
17 61 45 53 -1 12 0 0.01 0.0 0 7.2 16 340 M M 6 1 22 360
18 52 35 44 -11 21 0 0.00 0.0 0 5.1 12 360 M M 0 19 360
19 64 32 48 -7 17 0 0.00 0.0 0 2.5 12 340 M M 1 17 320
20 66 29 48 -7 17 0 0.00 0.0 0 1.0 10 240 M M 0 15 260
21 69 32 51 -4 14 0 0.00 0.0 0 1.2 10 190 M M 0 18 16 190
22 72 37 55 -1 10 0 0.00 0.0 0 8.0 22 210 M M 1 18 30 210
23 76 48 62 6 3 0 0.01 0.0 0 10.5 23 310 M M 5 1 36 310
24 73 39 56 0 9 0 T 0.0 0 9.1 26 280 M M 0 42 320
25 67 35 51 -5 14 0 0.00 0.0 0 2.1 9 220 M M 0 14 300
26 75 36 56 0 9 0 0.00 0.0 0 5.2 14 200 M M 0 19 220
27 78 53 66 9 0 1 0.00 0.0 0 13.3 26 180 M M 5 8 33 180
28 82 53 68 11 0 3 0.01 0.0 0 12.7 24 240 M M 7 34 260
29 62 45 54 -3 11 0 0.00 0.0 0 10.0 15 50 M M 4 22 50
================================================================================
SM 1950 1194 312 5 3.96 0.0 182.3 M 82
================================================================================
AV 67.2 41.2 6.3 FASTST M M 3 MAX(MPH)
MISC ----> 40 40 55 30
================================================================================
NOTES:
# LAST OF SEVERAL OCCURRENCES
COLUMN 17 PEAK WIND IN M.P.H.
PRELIMINARY LOCAL CLIMATOLOGICAL DATA (WS FORM: F-6) , PAGE 2
STATION: ALBANY
MONTH: FEBRUARY
YEAR: 2024
LATITUDE: 31 31 N
LONGITUDE: 84 11 W
[TEMPERATURE DATA] [PRECIPITATION DATA] SYMBOLS USED IN COLUMN 16
AVERAGE MONTHLY: 54.2 TOTAL FOR MONTH: 3.96 1 = FOG OR MIST
DPTR FM NORMAL: 0.2 DPTR FM NORMAL: -0.05 2 = FOG REDUCING VISIBILITY
HIGHEST: 82 ON 28 GRTST 24HR 2.69 ON 11-12 TO 1/4 MILE OR LESS
LOWEST: 29 ON 20 3 = THUNDER
SNOW, ICE PELLETS, HAIL 4 = ICE PELLETS
TOTAL MONTH: 0.0 INCH 5 = HAIL
GRTST 24HR 0.0 6 = FREEZING RAIN OR DRIZZLE
GRTST DEPTH: 0 7 = DUSTSTORM OR SANDSTORM:
VSBY 1/2 MILE OR LESS
8 = SMOKE OR HAZE
[NO. OF DAYS WITH] [WEATHER - DAYS WITH] 9 = BLOWING SNOW
X = TORNADO
MAX 32 OR BELOW: 0 0.01 INCH OR MORE: 6
MAX 90 OR ABOVE: 0 0.10 INCH OR MORE: 3
MIN 32 OR BELOW: 5 0.50 INCH OR MORE: 2
MIN 0 OR BELOW: 0 1.00 INCH OR MORE: 2
[HDD (BASE 65) ]
TOTAL THIS MO. 312 CLEAR (SCALE 0-3) 18
DPTR FM NORMAL -6 PTCLDY (SCALE 4-7) 7
TOTAL FM JUL 1 1439 CLOUDY (SCALE 8-10) 4
DPTR FM NORMAL -18
[CDD (BASE 65) ]
TOTAL THIS MO. 5
DPTR FM NORMAL -7 [PRESSURE DATA]
TOTAL FM JAN 1 20 HIGHEST SLP 30.40 ON 29
DPTR FM NORMAL -1 LOWEST SLP 29.41 ON 4
[REMARKS]
#FINAL-02-24#