000
CXUS52 KTAE 010800
CF6ABY
PRELIMINARY LOCAL CLIMATOLOGICAL DATA (WS FORM: F-6)
STATION: ALBANY
MONTH: SEPTEMBER
YEAR: 2021
LATITUDE: 31 31 N
LONGITUDE: 84 11 W
TEMPERATURE IN F: :PCPN: SNOW: WIND :SUNSHINE: SKY :PK WND
================================================================================
1 2 3 4 5 6A 6B 7 8 9 10 11 12 13 14 15 16 17 18
12Z AVG MX 2MIN
DY MAX MIN AVG DEP HDD CDD WTR SNW DPTH SPD SPD DIR MIN PSBL S-S WX SPD DR
================================================================================
1 94 76 85 4 0 20 1.28 0.0 M 6.0 29 340 M M 6 138 58 310
2 93 73 83 2 0 18 T 0.0 M 3.7 13 150 M M 3 17 140
3 92 73 83 2 0 18 0.00 0.0 0 7.1 13 40 M M 1 19 30
4 90 68 79 -1 0 14 0.00 0.0 0 3.2 10 80 M M 1 13 70
5 93 66 80 0 0 15 0.00 0.0 M 1.7 9 290 M M 1 12 300
6 95 71 83 3 0 18 0.00 0.0 0 2.3 10 190 M M 1 18 13 190
7 95 74 85 5 0 20 T M M 3.3 21 210 M M 2 18 24 200
8 82 76 79 -1 0 14 0.28 M M 3.2 10 190 M M 4 1 13 210
9 90 69 80 0 0 15 0.01 0.0 0 6.2 15 340 M M 7 20 320
10 90 62 76 -4 0 11 0.00 0.0 M 4.3 13 50 M M 2 16 90
11 91 70 81 2 0 16 0.00 0.0 0 6.1 14 130 M M 5 19 90
12 93 72 83 4 0 18 0.00 0.0 0 4.7 13 140 M M 1 16 140
13 94 69 82 3 0 17 0.00 0.0 0 2.1 8 30 M M 1 15 70
14 92 70 81 2 0 16 0.00 0.0 0 1.7 10 140 M M 1 18 15 150
15 87 74 81 3 0 16 0.25 0.0 0 5.0 21 170 M M 6 18 27 160
16 84 75 80 2 0 15 0.66 0.0 0 5.0 10 80 M M 7 18 13 80
17 89 74 82 4 0 17 0.00 0.0 0 2.4 9 90 M M 8 8 10 90
18 89 74 82 4 0 17 2.00 0.0 0 3.6 17 170 M M 5 138 21 170
19 88 74 81 3 0 16 0.48 0.0 M 4.6 20 120 M M 7 13 25 120
20 92 76 84 7 0 19 0.05 0.0 M 2.9 9 220 M M 7 1 14 220
21 94 75 85 8 0 20 T 0.0 0 3.0 10 160 M M 5 18 14 150
22 91 65 78 1 0 13 0.01 0.0 0 6.6 20 320 M M 6 128 25 330
23 82 57 70 -6 0 5 0.00 0.0 0 5.2 14 310 M M 0 18 320
24 85 55 70 -6 0 5 0.00 0.0 0 3.5 12 60 M M 0 16 80
25 87 60 74 -2 0 9 0.00 0.0 M 2.2 8 290 M M 2 10 20
26 88 60 74 -2 0 9 0.00 0.0 M 1.4 8 20 M M 0 13 90
27 90 62 76 1 0 11 0.00 0.0 M 1.9 8 190 M M 1 11 190
28 92 66 79 4 0 14 0.00 0.0 0 1.5 8 280 M M 1 1 12 250
29 93 64 79 4 0 14 0.00 0.0 0 1.3 7 40 M M 1 12 9 30
30 92 66 79 5 0 14 0.00 M 0 1.5 7 100 M M 0 11 30
================================================================================
SM 2707 2066 0 444 5.02 0.0 107.2 M 92
================================================================================
AV 90.2 68.9 3.6 FASTST M M 3 MAX(MPH)
MISC ----> 29 340 58 310
================================================================================
NOTES:
# LAST OF SEVERAL OCCURRENCES
COLUMN 17 PEAK WIND IN M.P.H.
PRELIMINARY LOCAL CLIMATOLOGICAL DATA (WS FORM: F-6) , PAGE 2
STATION: ALBANY
MONTH: SEPTEMBER
YEAR: 2021
LATITUDE: 31 31 N
LONGITUDE: 84 11 W
[TEMPERATURE DATA] [PRECIPITATION DATA] SYMBOLS USED IN COLUMN 16
AVERAGE MONTHLY: 79.6 TOTAL FOR MONTH: 5.02 1 = FOG OR MIST
DPTR FM NORMAL: 1.5 DPTR FM NORMAL: 1.65 2 = FOG REDUCING VISIBILITY
HIGHEST: 95 ON 7, 6 GRTST 24HR 2.04 ON 18-19 TO 1/4 MILE OR LESS
LOWEST: 55 ON 24 3 = THUNDER
SNOW, ICE PELLETS, HAIL 4 = ICE PELLETS
TOTAL MONTH: 0.0 INCH 5 = HAIL
GRTST 24HR 0.0 6 = FREEZING RAIN OR DRIZZLE
GRTST DEPTH: 0 7 = DUSTSTORM OR SANDSTORM:
VSBY 1/2 MILE OR LESS
8 = SMOKE OR HAZE
[NO. OF DAYS WITH] [WEATHER - DAYS WITH] 9 = BLOWING SNOW
X = TORNADO
MAX 32 OR BELOW: 0 0.01 INCH OR MORE: 9
MAX 90 OR ABOVE: 20 0.10 INCH OR MORE: 6
MIN 32 OR BELOW: 0 0.50 INCH OR MORE: 3
MIN 0 OR BELOW: 0 1.00 INCH OR MORE: 2
[HDD (BASE 65) ]
TOTAL THIS MO. 0 CLEAR (SCALE 0-3) 18
DPTR FM NORMAL -1 PTCLDY (SCALE 4-7) 12
TOTAL FM JUL 1 0 CLOUDY (SCALE 8-10) 0
DPTR FM NORMAL 0
[CDD (BASE 65) ]
TOTAL THIS MO. 444
DPTR FM NORMAL 50 [PRESSURE DATA]
TOTAL FM JAN 1 2772 HIGHEST SLP 30.30 ON 12
DPTR FM NORMAL 292 LOWEST SLP 29.76 ON 1
[REMARKS]
#FINAL-09-21#