000
CXUS54 KFWD 010730
CF6ACT
PRELIMINARY LOCAL CLIMATOLOGICAL DATA (WS FORM: F-6)
STATION: WACO
MONTH: AUGUST
YEAR: 2023
LATITUDE: 31 37 N
LONGITUDE: 97 13 W
TEMPERATURE IN F: :PCPN: SNOW: WIND :SUNSHINE: SKY :PK WND
================================================================================
1 2 3 4 5 6A 6B 7 8 9 10 11 12 13 14 15 16 17 18
12Z AVG MX 2MIN
DY MAX MIN AVG DEP HDD CDD WTR SNW DPTH SPD SPD DIR MIN PSBL S-S WX SPD DR
================================================================================
1 106 80 93 6 0 28 0.00 0.0 0 7.2 15 150 M M 0 22 160
2 106 80 93 6 0 28 0.00 0.0 0 11.3 18 140 M M 0 24 180
3 104 80 92 5 0 27 0.00 0.0 0 12.5 18 150 M M 0 24 190
4 105 80 93 6 0 28 0.00 0.0 0 12.2 18 160 M M 0 26 180
5 105 81 93 6 0 28 0.00 0.0 0 11.1 21 180 M M 0 27 180
6 104 81 93 6 0 28 0.00 0.0 0 12.5 21 180 M M 0 27 180
7 105 81 93 6 0 28 0.00 0.0 0 13.2 21 180 M M 0 26 190
8 104 80 92 5 0 27 0.00 0.0 0 14.3 24 190 M M 0 33 180
9 106 80 93 7 0 28 0.00 0.0 0 18.1 30 180 M M 0 40 180
10 107 82 95 9 0 30 0.00 0.0 0 14.5 23 180 M M 0 30 180
11 106 80 93 7 0 28 0.00 0.0 0 15.8 22 180 M M 0 30 180
12 106 80 93 7 0 28 0.00 0.0 0 15.5 24 180 M M 0 32 220
13 105 79 92 6 0 27 0.00 0.0 0 13.8 22 200 M M 1 28 190
14 107 79 93 7 0 28 0.00 0.0 0 11.1 20 190 M M 1 3 27 60
15 98 74 86 0 0 21 0.00 0.0 0 8.6 18 20 M M 0 24 360
16 100 66 83 -3 0 18 0.00 0.0 0 5.4 13 80 M M 0 18 50
17 109 69 89 3 0 24 0.00 0.0 0 7.9 16 140 M M 0 21 120
18 107 78 93 7 0 28 0.00 0.0 0 8.9 16 150 M M 0 23 180
19 105 77 91 6 0 26 0.00 0.0 0 8.4 18 150 M M 0 25 140
20 110 78 94 9 0 29 0.00 0.0 0 6.8 20 50 M M 1 29 70
21 106 77 92 7 0 27 0.00 0.0 0 7.0 20 80 M M 0 31 90
22 104 80 92 7 0 27 0.00 0.0 0 9.6 21 110 M M 0 30 60
23 104 77 91 6 0 26 0.00 0.0 0 5.9 17 140 M M 0 28 140
24 107 77 92 8 0 27 0.00 0.0 0 3.6 13 170 M M 1 22 180
25 110 78 94 10 0 29 0.00 0.0 0 5.9 18 150 M M 0 25 170
26 107 82 95 11 0 30 0.00 0.0 0 8.1 14 200 M M 1 18 210
27 107 74 91 7 0 26 0.34 0.0 0 6.6 32 300 M M 1 45 290
28 98 74 86 2 0 21 T 0.0 0 7.0 17 360 M M 1 33 10
29 98 73 86 2 0 21 0.00 0.0 0 7.7 17 20 M M 1 28 20
30 101 70 86 3 0 21 0.00 0.0 0 5.6 14 50 M M 0 27 360
31 100 69 85 2 0 20 0.00 0.0 0 4.6 13 110 M M 0 17 120
================================================================================
SM 3247 2396 0 812 0.34 0.0 300.7 M 8
================================================================================
AV104.7 77.3 9.7 FASTST M M 0 MAX(MPH)
MISC ----> 32 300 45 290
================================================================================
NOTES:
# LAST OF SEVERAL OCCURRENCES
COLUMN 17 PEAK WIND IN M.P.H.
PRELIMINARY LOCAL CLIMATOLOGICAL DATA (WS FORM: F-6) , PAGE 2
STATION: WACO
MONTH: AUGUST
YEAR: 2023
LATITUDE: 31 37 N
LONGITUDE: 97 13 W
[TEMPERATURE DATA] [PRECIPITATION DATA] SYMBOLS USED IN COLUMN 16
AVERAGE MONTHLY: 91.0 TOTAL FOR MONTH: 0.34 1 = FOG OR MIST
DPTR FM NORMAL: 5.5 DPTR FM NORMAL: -1.71 2 = FOG REDUCING VISIBILITY
HIGHEST: 110 ON 25,20 GRTST 24HR 0.34 ON 27-27 TO 1/4 MILE OR LESS
LOWEST: 66 ON 16 3 = THUNDER
SNOW, ICE PELLETS, HAIL 4 = ICE PELLETS
TOTAL MONTH: 0.0 INCH 5 = HAIL
GRTST 24HR 0.0 6 = FREEZING RAIN OR DRIZZLE
GRTST DEPTH: 0 7 = DUSTSTORM OR SANDSTORM:
VSBY 1/2 MILE OR LESS
8 = SMOKE OR HAZE
[NO. OF DAYS WITH] [WEATHER - DAYS WITH] 9 = BLOWING SNOW
X = TORNADO
MAX 32 OR BELOW: 0 0.01 INCH OR MORE: 1
MAX 90 OR ABOVE: 31 0.10 INCH OR MORE: 1
MIN 32 OR BELOW: 0 0.50 INCH OR MORE: 0
MIN 0 OR BELOW: 0 1.00 INCH OR MORE: 0
[HDD (BASE 65) ]
TOTAL THIS MO. 0 CLEAR (SCALE 0-3) 31
DPTR FM NORMAL 0 PTCLDY (SCALE 4-7) 0
TOTAL FM JUL 1 0 CLOUDY (SCALE 8-10) 0
DPTR FM NORMAL 0
[CDD (BASE 65) ]
TOTAL THIS MO. 812
DPTR FM NORMAL 177 [PRESSURE DATA]
TOTAL FM JAN 1 2477 HIGHEST SLP M ON M
DPTR FM NORMAL 236 LOWEST SLP 29.66 ON 9
[REMARKS]
#FINAL-08-23#