000
CXUS54 KFWD 010734
CLMACT
CLIMATE REPORT
NATIONAL WEATHER SERVICE FORT WORTH TX
234 AM CDT WED NOV 01 2023
...................................
...THE WACO CLIMATE SUMMARY FOR THE MONTH OF OCTOBER 2023...
CLIMATE NORMAL PERIOD 1991 TO 2020
CLIMATE RECORD PERIOD 1901 TO 2023
WEATHER OBSERVED NORMAL DEPART LAST YEAR`S
VALUE DATE(S) VALUE FROM VALUE DATE(S)
NORMAL
................................................................
TEMPERATURE (F)
RECORD
HIGH 101 10/02/1989
10/03/1979
LOW 25 10/31/1993
HIGHEST 94 10/04 93 1 100 10/12
10/20
LOWEST 36 10/17 40 -4 37 10/19
AVG. MAXIMUM 80.4 80.7 -0.3 84.4
AVG. MINIMUM 57.1 56.2 0.9 54.4
MEAN 68.7 68.4 0.3 69.4
DAYS MAX >= 90 6 5.0 1.0 11
DAYS MAX <= 32 0 0.0 0.0 0
DAYS MAX >= 100 0 1
DAYS MIN <= 32 0 0.2 -0.2 0
DAYS MIN <= 0 0 0.0 0.0 0
DAYS MIN >= 80 0 0
PRECIPITATION (INCHES)
RECORD
MAXIMUM 15.19 2015
MINIMUM 0.00 1952
TOTALS 4.91 4.41 0.50 2.85
DAILY AVG. 0.16 0.14 0.02 0.09
DAYS >= .01 10 6.7 3.3 5
DAYS >= .10 9 4.5 4.5 4
DAYS >= .50 4 2.8 1.2 3
DAYS >= 1.00 1 1.4 -0.4 1
GREATEST
24 HR. TOTAL 1.63 10/25 TO 10/26 1.33
SNOWFALL (INCHES)
RECORDS
TOTAL T 1993
24 HR TOTAL T 10/29/1993 TO 10/29/1993
TOTALS 0.0 0.0 0.0 0.0
SINCE 7/1 0.0 0.0 0.0 MM
SNOWDEPTH AVG. 0 0
DAYS >= TRACE 0 0
DAYS >= 1.0 0 0.0 0.0 0
GREATEST
SNOW DEPTH 0 0 MM
24 HR TOTAL MM MM
DEGREE DAYS
HEATING TOTAL 76 64 12 40
SINCE 7/1 76 66 10 MM
COOLING TOTAL 199 171 28 182
SINCE 1/1 3254 2828 426 MM
................................................................
WIND (MPH)
AVERAGE WIND SPEED 9.4
HIGHEST WIND SPEED/DIRECTION 32/300 DATE 10/26
HIGHEST GUST SPEED/DIRECTION 43/290 DATE 10/26
SKY COVER
POSSIBLE SUNSHINE (PERCENT) MM
AVERAGE SKY COVER 0.31
NUMBER OF DAYS FAIR 18
NUMBER OF DAYS PC 7
NUMBER OF DAYS CLOUDY 5
AVERAGE RH (PERCENT) 67
WEATHER CONDITIONS. NUMBER OF DAYS WITH
THUNDERSTORM 3 MIXED PRECIP 0
HEAVY RAIN 7 RAIN 8
LIGHT RAIN 9 FREEZING RAIN 0
LT FREEZING RAIN 0 HAIL 0
HEAVY SNOW 0 SNOW 0
LIGHT SNOW 0 SLEET 0
FOG 11 FOG W/VIS <= 1/4 MILE 0
HAZE 3
- INDICATES NEGATIVE NUMBERS.
R INDICATES RECORD WAS SET OR TIED.
MM INDICATES DATA IS MISSING.
T INDICATES TRACE AMOUNT.
$$