000
CXUS54 KFWD 010733
CLMACT
CLIMATE REPORT
NATIONAL WEATHER SERVICE FORT WORTH TX
233 AM CDT SUN OCT 01 2023
...................................
...THE WACO CLIMATE SUMMARY FOR THE MONTH OF SEPTEMBER 2023...
CLIMATE NORMAL PERIOD 1991 TO 2020
CLIMATE RECORD PERIOD 1901 TO 2023
WEATHER OBSERVED NORMAL DEPART LAST YEAR`S
VALUE DATE(S) VALUE FROM VALUE DATE(S)
NORMAL
................................................................
TEMPERATURE (F)
RECORD
HIGH 111 09/04/2000
LOW 39 09/27/1942
HIGHEST 108 09/08 99 9 101 09/22
09/23
09/25
LOWEST 61 09/18 53 8 51 09/27
AVG. MAXIMUM 95.8 90.8 5.0 95.0
AVG. MINIMUM 72.4 66.7 5.7 67.6
MEAN 84.1 78.7 5.4 81.3
DAYS MAX >= 90 26 18.9 7.1 26
DAYS MAX <= 32 0 0.0 0.0 0
DAYS MAX >= 100 10 4
DAYS MIN <= 32 0 0.0 0.0 0
DAYS MIN <= 0 0 0.0 0.0 0
DAYS MIN >= 80 3 0
PRECIPITATION (INCHES)
RECORD
MAXIMUM 11.17 1913
MINIMUM 0.00 1956
TOTALS 3.34 2.87 0.47 0.41
DAILY AVG. 0.11 0.10 0.01 0.01
DAYS >= .01 7 5.8 1.2 1
DAYS >= .10 6 3.9 2.1 1
DAYS >= .50 2 1.6 0.4 0
DAYS >= 1.00 2 0.9 1.1 0
GREATEST
24 HR. TOTAL 1.28 09/13 TO 09/14 0.41
DEGREE DAYS
HEATING TOTAL 0 3 -3 0
SINCE 7/1 0 0 0 MM
COOLING TOTAL 578 416 162 497
SINCE 1/1 3055 2657 398 MM
................................................................
WIND (MPH)
AVERAGE WIND SPEED 8.2
HIGHEST WIND SPEED/DIRECTION 39/180 DATE 09/24
HIGHEST GUST SPEED/DIRECTION 59/240 DATE 09/24
SKY COVER
POSSIBLE SUNSHINE (PERCENT) MM
AVERAGE SKY COVER 0.13
NUMBER OF DAYS FAIR 25
NUMBER OF DAYS PC 4
NUMBER OF DAYS CLOUDY 1
AVERAGE RH (PERCENT) 60
WEATHER CONDITIONS. NUMBER OF DAYS WITH
THUNDERSTORM 6 MIXED PRECIP 0
HEAVY RAIN 4 RAIN 4
LIGHT RAIN 6 FREEZING RAIN 0
LT FREEZING RAIN 0 HAIL 0
HEAVY SNOW 0 SNOW 0
LIGHT SNOW 0 SLEET 0
FOG 6 FOG W/VIS <= 1/4 MILE 1
HAZE 2
- INDICATES NEGATIVE NUMBERS.
R INDICATES RECORD WAS SET OR TIED.
MM INDICATES DATA IS MISSING.
T INDICATES TRACE AMOUNT.
$$