000
CXUS54 KLZK 011330
CF6ADF
PRELIMINARY LOCAL CLIMATOLOGICAL DATA (WS FORM: F-6)
STATION: ARKADELPHIA AIRPORT
MONTH: DECEMBER
YEAR: 2022
LATITUDE: 34 9 N
LONGITUDE: 93 4 W
TEMPERATURE IN F: :PCPN: SNOW: WIND :SUNSHINE: SKY :PK WND
================================================================================
1 2 3 4 5 6A 6B 7 8 9 10 11 12 13 14 15 16 17 18
12Z AVG MX 2MIN
DY MAX MIN AVG DEP HDD CDD WTR SNW DPTH SPD SPD DIR MIN PSBL S-S WX SPD DR
================================================================================
1 52 24 38 -9 27 0 T M M 2.8 7 110 M M 2 M M
2 48 39 44 -2 21 0 T M M 0.3 3 40 M M 9 M M
3 M M M M M M 0.00 M M M M M M M M M M
4 M M M M M M 0.00 M M M M M M M M M M
5 M M M M M M 0.00 M M M M M M M M M M
6 M M M M M M 0.00 M M M M M M M M M M
7 71 62 67 22 0 2 0.01 M M 5.2 9 20 M M 10 12 M M
8 65 59 62 17 3 0 0.05 M M 1.8 21 20 M M 10 12 M M
9 64 53 59 15 6 0 0.55 M M 1.4 8 10 M M 9 1 M M
10 72 53 63 19 2 0 1.52 M M 4.1 9 20 M M 10 13 M M
11 53 50 52 8 13 0 T M M 5.6 12 20 M M 10 1 16 20
12 51 48 50 6 15 0 T M M 4.6 7 80 M M 10 1 M M
13 63 49 56 12 9 0 1.42 M M 4.8 13 150 M M 10 13 18 150
14 60 39 50 7 15 0 0.02 M M 5.7 13 260 M M 6 1 21 290
15 51 32 42 -1 23 0 T M M 6.8 17 230 M M 0 8 20 260
16 45 27 36 -7 29 0 0.00 M M 3.9 10 230 M M 4 M M
17 49 25 37 -6 28 0 0.00 M M 4.8 15 240 M M 0 8 21 310
18 52 22 37 -6 28 0 0.00 M M 0.6 3 30 M M 0 M M
19 45 31 38 -4 27 0 T M M 2.7 6 120 M M 8 M M
20 M M M M M M 0.00 M M 5.8 8 10 M M 9 M M
21 M M M M M M 0.00 M M M M M M M M M M
22 M M M M M M 0.00 M M M M M M M M M M
23 M M M M M M 0.00 M M M M M M M M M M
24 M M M M M M 0.00 M M M M M M M M M M
25 M M M M M M 0.00 M M M M M M M M M M
26 M M M M M M 0.00 M M M M M M M M M M
27 M M M M M M 0.00 M M M M M M M M M M
28 M M M M M M 0.00 M M M M M M M M M M
29 M M M M M M 0.00 M M M M M M M M M M
30 64 55 60 19 5 0 0.00 M M 1.2 3 30 M M 9 M M
31 67 49 58 17 7 0 T M M 2.7 9 180 M M 7 1 M M
================================================================================
SM 972 717 258 2 3.57 M 64.8 M 123
================================================================================
AV 57.2 42.2 3.6 FASTST M M 7 MAX(MPH)
MISC ----> 21 20 # 21 310
================================================================================
NOTES:
# LAST OF SEVERAL OCCURRENCES
COLUMN 17 PEAK WIND IN M.P.H.
PRELIMINARY LOCAL CLIMATOLOGICAL DATA (WS FORM: F-6) , PAGE 2
STATION: ARKADELPHIA AIRPORT
MONTH: DECEMBER
YEAR: 2022
LATITUDE: 34 9 N
LONGITUDE: 93 4 W
[TEMPERATURE DATA] [PRECIPITATION DATA] SYMBOLS USED IN COLUMN 16
AVERAGE MONTHLY: 49.7 TOTAL FOR MONTH: 3.57 1 = FOG OR MIST
DPTR FM NORMAL: 6.3 DPTR FM NORMAL: -1.80 2 = FOG REDUCING VISIBILITY
HIGHEST: 72 ON 10 GRTST 24HR 1.52 ON 10-10 TO 1/4 MILE OR LESS
LOWEST: 22 ON 18 3 = THUNDER
SNOW, ICE PELLETS, HAIL 4 = ICE PELLETS
TOTAL MONTH: M 5 = HAIL
GRTST 24HR M ON M 6 = FREEZING RAIN OR DRIZZLE
GRTST DEPTH: M ON M 7 = DUSTSTORM OR SANDSTORM:
VSBY 1/2 MILE OR LESS
8 = SMOKE OR HAZE
[NO. OF DAYS WITH] [WEATHER - DAYS WITH] 9 = BLOWING SNOW
X = TORNADO
MAX 32 OR BELOW: 0 0.01 INCH OR MORE: 6
MAX 90 OR ABOVE: 0 0.10 INCH OR MORE: 3
MIN 32 OR BELOW: 6 0.50 INCH OR MORE: 3
MIN 0 OR BELOW: 0 1.00 INCH OR MORE: 2
[HDD (BASE 65) ]
TOTAL THIS MO. 258 CLEAR (SCALE 0-3) 4
DPTR FM NORMAL -413 PTCLDY (SCALE 4-7) 3
TOTAL FM JUL 1 847 CLOUDY (SCALE 8-10) 24
DPTR FM NORMAL -373
[CDD (BASE 65) ]
TOTAL THIS MO. 2
DPTR FM NORMAL 1 [PRESSURE DATA]
TOTAL FM JAN 1 1044 HIGHEST SLP M ON M
DPTR FM NORMAL -874 LOWEST SLP M ON M
[REMARKS]
#FINAL-12-22#