000
CXUS54 KLCH 011650
CF6AEX
PRELIMINARY LOCAL CLIMATOLOGICAL DATA (WS FORM: F-6)
STATION: ALEXANDRIA
MONTH: JANUARY
YEAR: 2022
LATITUDE: 31 19 N
LONGITUDE: 92 33 W
TEMPERATURE IN F: :PCPN: SNOW: WIND :SUNSHINE: SKY :PK WND
================================================================================
1 2 3 4 5 6A 6B 7 8 9 10 11 12 13 14 15 16 17 18
12Z AVG MX 2MIN
DY MAX MIN AVG DEP HDD CDD WTR SNW DPTH SPD SPD DIR MIN PSBL S-S WX SPD DR
================================================================================
1 84 68 76 27 0 11 0.05 0.0 M 13.8 28 200 M M 7 18 40 200
2 68 28 48 -1 17 0 0.05 0.0 M 16.9 29 320 M M 8 1 39 310
3 50 25 38 -11 27 0 0.00 0.0 M 5.3 14 330 M M 0 19 330
4 59 29 44 -5 21 0 0.00 0.0 M 6.1 15 190 M M 0 1 20 220
5 72 43 58 9 7 0 0.00 0.0 M 6.5 13 140 M M 4 1 17 180
6 69 38 54 5 11 0 T M M 10.0 22 350 M M 8 1 31 360
7 50 32 41 -8 24 0 0.00 0.0 M 6.7 15 50 M M 4 23 30
8 71 40 56 7 9 0 1.05 M M 14.2 31 160 M M 8 13 48 160
9 79 51 65 16 0 0 0.41 0.0 M 12.5 24 20 M M 8 13 37 20
10 56 37 47 -2 18 0 0.00 0.0 M 9.8 20 30 M M 2 30 30
11 61 30 46 -3 19 0 0.00 0.0 M 2.3 12 360 M M 0 8 15 60
12 63 45 54 5 11 0 0.00 0.0 M 1.5 8 130 M M 4 10 110
13 70 40 55 6 10 0 0.00 0.0 M 3.7 15 270 M M 0 8 19 270
14 71 40 56 7 9 0 0.00 0.0 M 4.4 12 130 M M 0 18 15 140
15 57 33 45 -4 20 0 0.11 M M 16.6 32 310 M M 8 1 44 310
16 51 33 42 -7 23 0 0.00 0.0 M 12.5 25 310 M M 6 33 310
17 61 32 47 -2 18 0 0.00 0.0 M 3.5 13 320 M M 0 19 320
18 68 35 52 3 13 0 0.00 0.0 M 9.4 21 200 M M 0 29 180
19 77 50 64 15 1 0 1.72 M M 9.3 23 50 M M 6 13 36 40
20 60 33 47 -2 18 0 0.05 M M 12.4 23 10 M M 9 1 35 50
21 43 28 36 -13 29 0 0.00 0.0 M 9.5 16 30 M M 2 25 360
22 49 24 37 -12 28 0 0.00 0.0 M 5.4 13 10 M M 0 18 20
23 59 23 41 -8 24 0 0.00 0.0 M 1.3 8 310 M M 0 11 340
24 56 33 45 -4 20 0 0.45 M M 3.9 13 220 M M 6 1 17 220
25 55 40 48 -2 17 0 0.29 M M 7.2 21 80 M M 7 1 27 70
26 53 30 42 -8 23 0 0.00 0.0 M 7.8 17 30 M M 0 26 20
27 57 29 43 -7 22 0 0.00 0.0 M 4.2 12 330 M M 1 16 360
28 56 34 45 -5 20 0 0.00 0.0 M 9.7 23 330 M M 1 33 360
29 57 28 43 -7 22 0 0.00 0.0 M 4.0 14 230 M M 0 20 230
30 69 37 53 3 12 0 0.00 0.0 M 7.9 18 250 M M 0 8 26 250
31 68 40 54 4 11 0 0.00 0.0 0 5.7 17 120 M M 1 18 21 120
================================================================================
SM 1919 1108 504 11 4.18 0.0 244.0 M 100
================================================================================
AV 61.9 35.7 7.9 FASTST M M 3 MAX(MPH)
MISC ----> 32 310 48 160
================================================================================
NOTES:
# LAST OF SEVERAL OCCURRENCES
COLUMN 17 PEAK WIND IN M.P.H.
PRELIMINARY LOCAL CLIMATOLOGICAL DATA (WS FORM: F-6) , PAGE 2
STATION: ALEXANDRIA
MONTH: JANUARY
YEAR: 2022
LATITUDE: 31 19 N
LONGITUDE: 92 33 W
[TEMPERATURE DATA] [PRECIPITATION DATA] SYMBOLS USED IN COLUMN 16
AVERAGE MONTHLY: 48.8 TOTAL FOR MONTH: 4.18 1 = FOG OR MIST
DPTR FM NORMAL: -0.5 DPTR FM NORMAL: -1.29 2 = FOG REDUCING VISIBILITY
HIGHEST: 84 ON 1 GRTST 24HR 1.72 ON 19-19 TO 1/4 MILE OR LESS
LOWEST: 23 ON 23 3 = THUNDER
SNOW, ICE PELLETS, HAIL 4 = ICE PELLETS
TOTAL MONTH: 0.0 INCH 5 = HAIL
GRTST 24HR 0.0 6 = FREEZING RAIN OR DRIZZLE
GRTST DEPTH: 0 7 = DUSTSTORM OR SANDSTORM:
VSBY 1/2 MILE OR LESS
8 = SMOKE OR HAZE
[NO. OF DAYS WITH] [WEATHER - DAYS WITH] 9 = BLOWING SNOW
X = TORNADO
MAX 32 OR BELOW: 0 0.01 INCH OR MORE: 9
MAX 90 OR ABOVE: 0 0.10 INCH OR MORE: 6
MIN 32 OR BELOW: 12 0.50 INCH OR MORE: 2
MIN 0 OR BELOW: 0 1.00 INCH OR MORE: 2
[HDD (BASE 65) ]
TOTAL THIS MO. 504 CLEAR (SCALE 0-3) 17
DPTR FM NORMAL 9 PTCLDY (SCALE 4-7) 13
TOTAL FM JUL 1 950 CLOUDY (SCALE 8-10) 1
DPTR FM NORMAL -314
[CDD (BASE 65) ]
TOTAL THIS MO. 11
DPTR FM NORMAL 5 [PRESSURE DATA]
TOTAL FM JAN 1 11 HIGHEST SLP 30.62 ON 10
DPTR FM NORMAL 5 LOWEST SLP 29.64 ON 1
[REMARKS]
#FINAL-01-22#