000
CXUS52 KCAE 011539
CF6AGS
PRELIMINARY LOCAL CLIMATOLOGICAL DATA (WS FORM: F-6)
STATION: AUGUSTA BUSH FIELD GA
MONTH: OCTOBER
YEAR: 2022
LATITUDE: 33 22 N
LONGITUDE: 81 58 W
TEMPERATURE IN F: :PCPN: SNOW: WIND :SUNSHINE: SKY :PK WND
================================================================================
1 2 3 4 5 6A 6B 7 8 9 10 11 12 13 14 15 16 17 18
12Z AVG MX 2MIN
DY MAX MIN AVG DEP HDD CDD WTR SNW DPTH SPD SPD DIR MIN PSBL S-S WX SPD DR
================================================================================
1 75 56 66 -6 0 1 0.00 0.0 0 2.8 10 280 M M 9 1 14 290
2 76 58 67 -4 0 2 0.00 0.0 0 6.3 14 50 M M 9 17 50
3 69 48 59 -12 6 0 0.00 0.0 0 6.4 17 50 M M 7 1 21 40
4 77 42 60 -11 5 0 0.00 0.0 0 2.9 17 360 M M 0 1 25 330
5 80 42 61 -9 4 0 0.00 0.0 0 2.1 13 320 M M 0 1 17 290
6 84 43 64 -6 1 0 0.00 0.0 0 1.7 9 60 M M 0 1 13 220
7 87 45 66 -4 0 1 0.00 0.0 0 2.1 14 320 M M 0 12 17 310
8 83 52 68 -1 0 3 0.00 0.0 0 3.6 13 30 M M 0 15 10
9 74 53 64 -5 1 0 0.00 0.0 0 3.1 9 60 M M 6 13 110
10 80 53 67 -1 0 2 0.00 0.0 0 5.3 13 40 M M 4 8 16 20
11 82 57 70 2 0 5 0.00 0.0 0 5.2 13 100 M M 6 18 18 70
12 82 60 71 3 0 6 1.82 0.0 0 6.0 17 180 M M 6 13 24 190
13 79 59 69 2 0 4 T 0.0 0 5.8 16 290 M M 5 12 22 290
14 76 47 62 -5 3 0 0.00 0.0 0 3.9 13 320 M M 0 1 17 320
15 82 43 63 -3 2 0 0.00 0.0 0 1.7 9 200 M M 0 18 15 210
16 85 45 65 -1 0 0 0.00 0.0 0 2.0 12 210 M M 1 12 15 190
17 82 59 71 5 0 6 0.00 0.0 0 6.7 21 260 M M 1 8 28 240
18 62 41 52 -13 13 0 0.00 0.0 0 9.6 17 330 M M 0 22 300
19 63 30 47 -18 18 0 0.00 0.0 0 2.6 14 330 M M 0 19 280
20 68 31 50 -14 15 0 0.00 0.0 0 1.7 13 260 M M 0 1 19 250
21 70 31 51 -13 14 0 0.00 0.0 0 1.0 7 360 M M 0 17 50
22 75 33 54 -10 11 0 0.00 0.0 0 1.8 13 90 M M 0 1 17 40
23 78 40 59 -4 6 0 0.00 0.0 0 1.2 10 10 M M 0 1 13 10
24 78 40 59 -4 6 0 0.00 0.0 0 1.1 8 30 M M 0 12 10 30
25 78 39 59 -4 6 0 0.00 0.0 0 2.0 9 140 M M 1 2 12 110
26 79 51 65 3 0 0 0.00 0.0 0 5.7 16 290 M M 4 20 250
27 75 48 62 0 3 0 0.00 0.0 0 6.6 14 60 M M 2 20 90
28 75 51 63 1 2 0 0.00 0.0 0 7.6 15 60 M M 2 19 30
29 64 55 60 -1 5 0 T 0.0 0 7.7 14 40 M M 10 1 16 30
30 62 57 60 -1 5 0 0.01 0.0 0 6.1 12 50 M M 10 1 14 60
31 79 59 69 9 0 4 0.01 0.0 0 4.7 13 180 M M 8 12 16 220
================================================================================
SM 2359 1468 126 34 1.84 0.0 127.0 M 91
================================================================================
AV 76.1 47.4 4.1 FASTST M M 3 MAX(MPH)
MISC ----> 21 260 28 240
================================================================================
NOTES:
# LAST OF SEVERAL OCCURRENCES
COLUMN 17 PEAK WIND IN M.P.H.
PRELIMINARY LOCAL CLIMATOLOGICAL DATA (WS FORM: F-6) , PAGE 2
STATION: AUGUSTA BUSH FIELD GA
MONTH: OCTOBER
YEAR: 2022
LATITUDE: 33 22 N
LONGITUDE: 81 58 W
[TEMPERATURE DATA] [PRECIPITATION DATA] SYMBOLS USED IN COLUMN 16
AVERAGE MONTHLY: 61.7 TOTAL FOR MONTH: 1.84 1 = FOG OR MIST
DPTR FM NORMAL: -4.3 DPTR FM NORMAL: -0.72 2 = FOG REDUCING VISIBILITY
HIGHEST: 87 ON 7 GRTST 24HR 1.82 ON 12-12 TO 1/4 MILE OR LESS
LOWEST: 30 ON 19 3 = THUNDER
SNOW, ICE PELLETS, HAIL 4 = ICE PELLETS
TOTAL MONTH: 0.0 INCH 5 = HAIL
GRTST 24HR 0.0 6 = FREEZING RAIN OR DRIZZLE
GRTST DEPTH: 0 7 = DUSTSTORM OR SANDSTORM:
VSBY 1/2 MILE OR LESS
8 = SMOKE OR HAZE
[NO. OF DAYS WITH] [WEATHER - DAYS WITH] 9 = BLOWING SNOW
X = TORNADO
MAX 32 OR BELOW: 0 0.01 INCH OR MORE: 3
MAX 90 OR ABOVE: 0 0.10 INCH OR MORE: 1
MIN 32 OR BELOW: 3 0.50 INCH OR MORE: 1
MIN 0 OR BELOW: 0 1.00 INCH OR MORE: 1
[HDD (BASE 65) ]
TOTAL THIS MO. 126 CLEAR (SCALE 0-3) 19
DPTR FM NORMAL 46 PTCLDY (SCALE 4-7) 8
TOTAL FM JUL 1 133 CLOUDY (SCALE 8-10) 4
DPTR FM NORMAL 51
[CDD (BASE 65) ]
TOTAL THIS MO. 34
DPTR FM NORMAL -78 [PRESSURE DATA]
TOTAL FM JAN 1 2103 HIGHEST SLP 30.33 ON 29
DPTR FM NORMAL -238 LOWEST SLP 29.69 ON 17
[REMARKS]
#FINAL-10-22#