000
CXUS53 KCYS 011840
CLAAIA
CLIMATE REPORT
NATIONAL WEATHER SERVICE CHEYENNE WY
1140 AM MST SUN JAN 01 2023
...................................
...THE ALLIANCE NEBRASKA AIRPORT CLIMATE SUMMARY FOR THE YEAR OF 2022...
CLIMATE NORMAL PERIOD 1991 TO 2020
CLIMATE RECORD PERIOD 1896 TO 2022
WEATHER OBSERVED NORMAL DEPART LAST YEAR`S
VALUE DATE(S) VALUE FROM VALUE DATE(S)
NORMAL
................................................................
TEMPERATURE (F)
RECORD
HIGH 110 07/19/1983
LOW -42 12/22/1989
HIGHEST 105 07/18 MM MM 103 06/23
07/28
LOWEST -21 12/22 MM MM -28 02/14
AVG. MAXIMUM 62.9 61.7 1.2 64.2
AVG. MINIMUM 29.5 30.7 -1.2 31.7
MEAN 46.2 46.2 -0.0 47.9
DAYS MAX >= 90 63 43.0 20.0 62
DAYS MAX <= 32 40 34.7 5.3 22
DAYS MIN <= 32 208 195.6 12.4 199
DAYS MIN <= 0 33 19.1 13.9 14
PRECIPITATION (INCHES)
RECORD
MAXIMUM 22.93 2015
MINIMUM 3.99 2002
TOTALS 12.75 14.88 -2.13 12.88
DAILY AVG. T 0.04 -0.04 T
DAYS >= .01 51 78.8 -27.8 61
DAYS >= .10 28 33.2 -5.2 27
DAYS >= .50 6 8.4 -2.4 7
DAYS >= 1.00 4 2.1 1.9 3
GREATEST
24 HR. TOTAL 1.93 05/29 TO 05/30 2.30 09/01 TO 09/01
STORM TOTAL 1.65 2.30
(MM/DD(HH)) MM
DEGREE DAYS
HEATING TOTAL 7512 7395 117 6875
SINCE 7/1 3145 3060 85 MM
COOLING TOTAL 796 561 235 806
SINCE 1/1 796 561 235 MM
................................................................
WIND (MPH)
AVERAGE WIND SPEED 11.3
HIGHEST WIND SPEED/DIRECTION 58/340 DATE 06/07
HIGHEST GUST SPEED/DIRECTION 83/270 DATE 05/08
SKY COVER
POSSIBLE SUNSHINE (PERCENT) MM
AVERAGE SKY COVER 0.24
NUMBER OF DAYS FAIR 256
NUMBER OF DAYS PC 85
NUMBER OF DAYS CLOUDY 24
AVERAGE RH (PERCENT) 61
WEATHER CONDITIONS. NUMBER OF DAYS WITH
THUNDERSTORM 34 MIXED PRECIP 0
HEAVY RAIN 14 RAIN 24
LIGHT RAIN 72 FREEZING RAIN 0
LT FREEZING RAIN 3 HAIL 0
HEAVY SNOW 4 SNOW 12
LIGHT SNOW 47 SLEET 0
FOG 115 FOG W/VIS <= 1/4 MILE 23
HAZE 60
- INDICATES NEGATIVE NUMBERS.
R INDICATES RECORD WAS SET OR TIED.
MM INDICATES DATA IS MISSING.
T INDICATES TRACE AMOUNT.
$$