000
CXUS56 KSGX 011045
CF6AJO
PRELIMINARY LOCAL CLIMATOLOGICAL DATA (WS FORM: F-6)
STATION: CORONA AIRPORT CA
MONTH: APRIL
YEAR: 2021
LATITUDE: 33 53 N
LONGITUDE: 117-36 E
TEMPERATURE IN F: :PCPN: SNOW: WIND :SUNSHINE: SKY :PK WND
================================================================================
1 2 3 4 5 6A 6B 7 8 9 10 11 12 13 14 15 16 17 18
12Z AVG MX 2MIN
DY MAX MIN AVG DEP HDD CDD WTR SNW DPTH SPD SPD DIR MIN PSBL S-S WX SPD DR
================================================================================
1 87 52 70 M 0 5 T M M 4.6 9 120 M M 0 M M
2 80 41 61 M 4 0 0.00 M M 4.4 14 280 M M 0 23 280
3 81 46 64 M 1 0 0.00 M M 5.3 17 270 M M 2 1 22 270
4 82 41 62 M 3 0 0.00 M M 3.2 13 280 M M 0 22 280
5 76 42 59 M 6 0 0.00 M M 4.1 14 290 M M 0 16 300
6 76 49 63 M 2 0 0.00 M M 6.0 15 290 M M 3 23 290
7 83 46 65 M 0 0 0.00 M M 5.1 16 280 M M 0 1 21 280
8 78 45 62 M 3 0 0.00 M M 3.9 14 270 M M 0 18 260
9 80 43 62 M 3 0 0.00 M M 4.8 14 280 M M 0 20 280
10 80 45 63 M 2 0 0.00 M M 5.1 15 270 M M 0 12 23 270
11 77 50 64 M 1 0 0.00 M M 6.2 15 300 M M 1 1 20 300
12 70 53 62 M 3 0 0.00 M M 6.2 14 290 M M 6 1 20 290
13 67 54 61 M 4 0 0.00 M M 5.8 13 280 M M 9 17 250
14 67 44 56 M 9 0 0.00 M M 6.9 14 280 M M 4 22 280
15 70 39 55 M 10 0 0.00 M M 5.2 15 290 M M 0 24 280
16 75 41 58 M 7 0 0.00 M M 4.4 14 270 M M 0 M M
17 78 44 61 M 4 0 0.00 M M 4.4 16 290 M M 1 22 290
18 87 42 65 M 0 0 0.00 M M 7.8 21 40 M M 0 1 32 50
19 89 41 65 M 0 0 0.00 M M 5.5 15 280 M M 0 22 280
20 77 51 64 M 1 0 0.00 M M 7.5 17 290 M M 0 18 23 290
21 69 55 62 M 3 0 0.00 M M 5.4 13 280 M M 9 21 260
22 65 55 60 M 5 0 0.00 M M 6.9 13 280 M M 10 17 270
23 69 54 62 M 3 0 0.00 M M 6.3 13 260 M M 8 18 260
24 70 50 60 M 5 0 0.00 M M 6.7 16 270 M M 5 22 270
25 71 48 60 M 5 0 0.00 M M 6.1 13 240 M M 5 23 270
26 67 48 58 M 7 0 0.00 M M 8.0 15 240 M M 7 24 240
27 69 46 58 M 7 0 T M M 4.3 14 270 M M 5 18 250
28 85 41 63 M 2 0 0.00 M M 4.6 15 270 M M 0 21 250
29 96 45 71 M 0 6 0.00 M M 4.8 14 270 M M 0 21 240
30 96 47 72 M 0 7 0.00 M M 5.8 17 280 M M 0 24 280
================================================================================
SM 2317 1398 100 18 T M 165.3 M 75
================================================================================
AV 77.2 46.6 5.5 FASTST M M 3 MAX(MPH)
MISC ----> 21 40 32 50
================================================================================
NOTES:
# LAST OF SEVERAL OCCURRENCES
COLUMN 17 PEAK WIND IN M.P.H.
PRELIMINARY LOCAL CLIMATOLOGICAL DATA (WS FORM: F-6) , PAGE 2
STATION: CORONA AIRPORT CA
MONTH: APRIL
YEAR: 2021
LATITUDE: 33 53 N
LONGITUDE: 117-36 E
[TEMPERATURE DATA] [PRECIPITATION DATA] SYMBOLS USED IN COLUMN 16
AVERAGE MONTHLY: 61.9 TOTAL FOR MONTH: T 1 = FOG OR MIST
DPTR FM NORMAL: 0.0 DPTR FM NORMAL: M 2 = FOG REDUCING VISIBILITY
HIGHEST: 96 ON 30,29 GRTST 24HR T ON 1- 1 TO 1/4 MILE OR LESS
LOWEST: 39 ON 15 3 = THUNDER
SNOW, ICE PELLETS, HAIL 4 = ICE PELLETS
TOTAL MONTH: M 5 = HAIL
GRTST 24HR M ON M 6 = FREEZING RAIN OR DRIZZLE
GRTST DEPTH: M ON M 7 = DUSTSTORM OR SANDSTORM:
VSBY 1/2 MILE OR LESS
8 = SMOKE OR HAZE
[NO. OF DAYS WITH] [WEATHER - DAYS WITH] 9 = BLOWING SNOW
X = TORNADO
MAX 32 OR BELOW: 0 0.01 INCH OR MORE: 0
MAX 90 OR ABOVE: 2 0.10 INCH OR MORE: 0
MIN 32 OR BELOW: 0 0.50 INCH OR MORE: 0
MIN 0 OR BELOW: 0 1.00 INCH OR MORE: 0
[HDD (BASE 65) ]
TOTAL THIS MO. 100 CLEAR (SCALE 0-3) 20
DPTR FM NORMAL M PTCLDY (SCALE 4-7) 7
TOTAL FM JUL 1 1446 CLOUDY (SCALE 8-10) 3
DPTR FM NORMAL M
[CDD (BASE 65) ]
TOTAL THIS MO. 18
DPTR FM NORMAL M [PRESSURE DATA]
TOTAL FM JAN 1 37 HIGHEST SLP M ON M
DPTR FM NORMAL M LOWEST SLP M ON M
[REMARKS]
#FINAL-04-21#