000
CXUS56 KSGX 011045
CF6AJO
PRELIMINARY LOCAL CLIMATOLOGICAL DATA (WS FORM: F-6)
STATION: CORONA AIRPORT CA
MONTH: OCTOBER
YEAR: 2023
LATITUDE: 33 53 N
LONGITUDE: 117-36 E
TEMPERATURE IN F: :PCPN: SNOW: WIND :SUNSHINE: SKY :PK WND
================================================================================
1 2 3 4 5 6A 6B 7 8 9 10 11 12 13 14 15 16 17 18
12Z AVG MX 2MIN
DY MAX MIN AVG DEP HDD CDD WTR SNW DPTH SPD SPD DIR MIN PSBL S-S WX SPD DR
================================================================================
1 72 51 62 M 3 0 T M M 5.8 13 280 M M 6 16 270
2 75 44 60 M 5 0 0.00 M M 3.8 16 280 M M 0 23 280
3 87 48 68 M 0 3 0.00 M M 3.5 12 250 M M 0 17 240
4 96 49 73 M 0 8 0.00 M M 4.2 13 20 M M 0 22 20
5 100 52 76 M 0 11 0.00 M M 4.5 15 250 M M 0 21 250
6 101 50 76 M 0 11 0.00 M M 3.1 14 270 M M 0 21 270
7 95 52 74 M 0 9 0.00 M M 3.5 12 270 M M 0 16 270
8 92 58 75 M 0 10 0.00 M M 4.8 15 290 M M 0 21 280
9 85 53 69 M 0 4 0.00 M M 5.0 16 280 M M 0 1 22 280
10 79 55 67 M 0 2 0.00 M M 5.3 14 280 M M 2 1 21 280
11 77 55 66 M 0 1 0.00 M M 5.2 12 270 M M 5 1 17 270
12 88 47 68 M 0 3 0.00 M M 2.8 13 260 M M 0 1 M M
13 84 47 66 M 0 1 0.00 M M 3.7 13 270 M M 1 128 M M
14 86 47 67 M 0 2 0.00 M M 2.8 10 270 M M 0 M M
15 93 47 70 M 0 5 0.00 M M 3.1 12 260 M M 0 M M
16 90 50 70 M 0 5 0.00 M M 3.4 14 280 M M 0 M M
17 86 51 69 M 0 4 0.00 M M 3.3 13 300 M M 0 1 M M
18 93 49 71 M 0 6 0.00 M M 3.1 14 260 M M 0 128 20 260
19 90 53 72 M 0 7 0.00 M M 3.4 14 280 M M 0 18 17 260
20 96 53 75 M 0 10 0.00 M M 3.0 9 290 M M 0 M M
21 89 52 71 M 0 6 0.00 M M 3.3 12 260 M M 0 18 260
22 77 50 64 M 1 0 0.00 M M 4.4 17 280 M M 1 23 270
23 74 54 64 M 1 0 T M M 4.4 12 280 M M 4 M M
24 78 49 64 M 1 0 0.00 M M 4.5 17 280 M M 0 1 18 300
25 72 59 66 M 0 1 T M M 3.7 9 260 M M 9 1 M M
26 75 53 64 M 1 0 0.00 M M 2.9 10 280 M M 5 M M
27 75 49 62 M 3 0 0.00 M M 3.2 9 270 M M 4 M M
28 74 45 60 M 5 0 T M M 2.9 12 270 M M 2 12 17 270
29 77 49 63 M 2 0 0.00 M M 19.9 31 50 M M 0 8 44 50
30 83 60 72 M 0 7 0.00 M M 12.5 18 60 M M 0 31 50
31 87 56 72 M 0 7 0.00 M M 10.0 15 130 M M 0 24 90
================================================================================
SM 2626 1587 22 123 T M 148.8 M 39
================================================================================
AV 84.7 51.2 4.8 FASTST M M 1 MAX(MPH)
MISC ----> 31 50 44 50
================================================================================
NOTES:
# LAST OF SEVERAL OCCURRENCES
COLUMN 17 PEAK WIND IN M.P.H.
PRELIMINARY LOCAL CLIMATOLOGICAL DATA (WS FORM: F-6) , PAGE 2
STATION: CORONA AIRPORT CA
MONTH: OCTOBER
YEAR: 2023
LATITUDE: 33 53 N
LONGITUDE: 117-36 E
[TEMPERATURE DATA] [PRECIPITATION DATA] SYMBOLS USED IN COLUMN 16
AVERAGE MONTHLY: 68.0 TOTAL FOR MONTH: T 1 = FOG OR MIST
DPTR FM NORMAL: 0.0 DPTR FM NORMAL: M 2 = FOG REDUCING VISIBILITY
HIGHEST: 101 ON 6 GRTST 24HR T ON 1- 1 TO 1/4 MILE OR LESS
LOWEST: 44 ON 2 3 = THUNDER
SNOW, ICE PELLETS, HAIL 4 = ICE PELLETS
TOTAL MONTH: M 5 = HAIL
GRTST 24HR M ON M 6 = FREEZING RAIN OR DRIZZLE
GRTST DEPTH: M ON M 7 = DUSTSTORM OR SANDSTORM:
VSBY 1/2 MILE OR LESS
8 = SMOKE OR HAZE
[NO. OF DAYS WITH] [WEATHER - DAYS WITH] 9 = BLOWING SNOW
X = TORNADO
MAX 32 OR BELOW: 0 0.01 INCH OR MORE: 0
MAX 90 OR ABOVE: 10 0.10 INCH OR MORE: 0
MIN 32 OR BELOW: 0 0.50 INCH OR MORE: 0
MIN 0 OR BELOW: 0 1.00 INCH OR MORE: 0
[HDD (BASE 65) ]
TOTAL THIS MO. 22 CLEAR (SCALE 0-3) 25
DPTR FM NORMAL M PTCLDY (SCALE 4-7) 5
TOTAL FM JUL 1 22 CLOUDY (SCALE 8-10) 1
DPTR FM NORMAL M
[CDD (BASE 65) ]
TOTAL THIS MO. 123
DPTR FM NORMAL M [PRESSURE DATA]
TOTAL FM JAN 1 1146 HIGHEST SLP M ON M
DPTR FM NORMAL M LOWEST SLP M ON M
[REMARKS]
#FINAL-10-23#