000
CXAK56 PAFC 141601
CF6AKN
PRELIMINARY LOCAL CLIMATOLOGICAL DATA (WS FORM: F-6)
STATION: KING SALMON
MONTH: JUNE
YEAR: 2020
LATITUDE: 58 41 N
LONGITUDE: 156 39 W
TEMPERATURE IN F: :PCPN: SNOW: WIND :SUNSHINE: SKY :PK WND
================================================================================
1 2 3 4 5 6A 6B 7 8 9 10 11 12 13 14 15 16 17 18
12Z AVG MX 2MIN
DY MAX MIN AVG DEP HDD CDD WTR SNW DPTH SPD SPD DIR MIN PSBL S-S WX SPD DR
================================================================================
1 62 45 54 6 11 0 0.00 M M 16.5 30 80 M M 3 39 90
2 65 40 53 5 12 0 0.00 M M 9.4 21 120 M M 6 28 110
3 66 35 51 2 14 0 0.00 M M 6.5 14 60 M M 3 18 24 90
4 55 41 48 -1 17 0 0.00 M M 9.6 15 240 M M 9 1 22 230
5 48 42 45 -4 20 0 0.03 M M 10.2 15 230 M M 10 18 21 210
6 56 43 50 1 15 0 0.15 M M 10.0 17 250 M M 9 1 23 270
7 54 34 44 -6 21 0 0.02 M M 8.1 15 200 M M 8 1 19 200
8 66 32 49 -1 16 0 T M M 4.6 15 280 M M 7 128 18 270
9 61 43 52 2 13 0 0.00 M M 9.2 14 190 M M 8 18 19 200
10 71 44 58 8 7 0 T M M 7.1 14 170 M M 6 18 18 160
11 66 38 52 2 13 0 T M M 7.4 24 170 M M 9 1 28 170
12 64 47 56 5 9 0 0.00 M M 6.7 15 210 M M 7 20 200
13 66 38 52 1 13 0 T M M 5.5 17 210 M M 5 20 240
14 65 40 53 2 12 0 T M M 6.3 14 210 M M 6 17 220
15 63 42 53 2 12 0 0.00 M M 6.4 14 200 M M 8 19 200
16 64 45 55 3 10 0 0.05 M M 15.2 35 90 M M 5 47 100
17 63 49 56 4 9 0 0.01 M M 16.6 31 100 M M 6 45 110
18 61 44 53 1 12 0 0.08 M M 6.2 20 180 M M 7 1 24 180
19 63 44 54 2 11 0 0.07 M M 4.4 13 290 M M 9 1 17 280
20 60 46 53 1 12 0 0.08 M M 5.8 15 200 M M 9 1 19 200
21 66 38 52 -1 13 0 0.00 M M 9.0 16 100 M M 4 25 100
22 66 42 54 1 11 0 0.02 M M 7.0 15 230 M M 5 20 210
23 60 38 49 -4 16 0 0.02 M M 5.3 14 250 M M 8 1 18 240
24 62 43 53 0 12 0 0.01 M M 8.3 18 200 M M 9 1 25 150
25 65 41 53 -1 12 0 0.10 M M 6.4 13 300 M M 6 17 330
26 57 44 51 -3 14 0 0.02 M M 13.0 24 260 M M 7 1 33 270
27 58 36 47 -7 18 0 T M M 10.0 23 170 M M 5 30 160
28 59 49 54 0 11 0 0.09 M M 11.6 22 160 M M 9 1 28 170
29 56 47 52 -2 13 0 0.07 M M 11.9 21 210 M M 9 1 27 210
30 58 46 52 -2 13 0 T M M 7.5 13 190 M M 9 18 16 210
================================================================================
SM 1846 1256 392 0 0.82 M 261.7 M 211
================================================================================
AV 61.5 41.9 8.7 FASTST M M 7 MAX(MPH)
MISC ----> 35 90 47 100
================================================================================
NOTES:
# LAST OF SEVERAL OCCURRENCES
COLUMN 17 PEAK WIND IN M.P.H.
PRELIMINARY LOCAL CLIMATOLOGICAL DATA (WS FORM: F-6) , PAGE 2
STATION: KING SALMON
MONTH: JUNE
YEAR: 2020
LATITUDE: 58 41 N
LONGITUDE: 156 39 W
[TEMPERATURE DATA] [PRECIPITATION DATA] SYMBOLS USED IN COLUMN 16
AVERAGE MONTHLY: 51.7 TOTAL FOR MONTH: 0.82 1 = FOG OR MIST
DPTR FM NORMAL: 0.2 DPTR FM NORMAL: -0.83 2 = FOG REDUCING VISIBILITY
HIGHEST: 71 ON 10 GRTST 24HR 0.17 ON 6- 7 TO 1/4 MILE OR LESS
LOWEST: 32 ON 8 3 = THUNDER
SNOW, ICE PELLETS, HAIL 4 = ICE PELLETS
TOTAL MONTH: M 5 = HAIL
GRTST 24HR M ON M 6 = FREEZING RAIN OR DRIZZLE
GRTST DEPTH: M ON M 7 = DUSTSTORM OR SANDSTORM:
VSBY 1/2 MILE OR LESS
8 = SMOKE OR HAZE
[NO. OF DAYS WITH] [WEATHER - DAYS WITH] 9 = BLOWING SNOW
X = TORNADO
MAX 32 OR BELOW: 0 0.01 INCH OR MORE: 15
MAX 90 OR ABOVE: 0 0.10 INCH OR MORE: 2
MIN 32 OR BELOW: 1 0.50 INCH OR MORE: 0
MIN 0 OR BELOW: 0 1.00 INCH OR MORE: 0
[HDD (BASE 65) ]
TOTAL THIS MO. 392 CLEAR (SCALE 0-3) 2
DPTR FM NORMAL -15 PTCLDY (SCALE 4-7) 16
TOTAL FM JUL 1 10333 CLOUDY (SCALE 8-10) 12
DPTR FM NORMAL -545
[CDD (BASE 65) ]
TOTAL THIS MO. 0
DPTR FM NORMAL 0 [PRESSURE DATA]
TOTAL FM JAN 1 0 HIGHEST SLP 30.33 ON 30
DPTR FM NORMAL 0 LOWEST SLP 29.41 ON 1
[REMARKS]
#FINAL-06-20#