000
CXUS53 KDMX 020306
CF6ALO
PRELIMINARY LOCAL CLIMATOLOGICAL DATA (WS FORM: F-6)
STATION: WATERLOO IA
MONTH: AUGUST
YEAR: 2020
LATITUDE: 42 32 N
LONGITUDE: 92 24 W
TEMPERATURE IN F: :PCPN: SNOW: WIND :SUNSHINE: SKY :PK WND
================================================================================
1 2 3 4 5 6A 6B 7 8 9 10 11 12 13 14 15 16 17 18
12Z AVG MX 2MIN
DY MAX MIN AVG DEP HDD CDD WTR SNW DPTH SPD SPD DIR MIN PSBL S-S WX SPD DR
================================================================================
1 86 59 73 0 0 8 0.00 0.0 0 4.3 14 360 M M 1 16 330
2 80 62 71 -2 0 6 0.00 0.0 0 10.5 22 360 M M 6 28 340
3 75 52 64 -8 1 0 0.00 0.0 0 9.3 21 10 M M 2 29 360
4 79 50 65 -7 0 0 0.00 0.0 0 2.3 9 320 M M 1 13 360
5 80 50 65 -7 0 0 0.00 0.0 0 5.5 15 200 M M 4 20 230
6 83 61 72 0 0 7 0.00 0.0 0 11.3 20 150 M M 6 26 160
7 89 66 78 6 0 13 0.00 0.0 0 14.4 24 150 M M 4 33 160
8 93 69 81 9 0 16 0.00 0.0 0 11.0 24 180 M M 3 33 170
9 89 70 80 8 0 15 0.31 0.0 0 10.3 25 40 M M 4 138 34 40
10 83 59 71 -1 0 6 0.18 0.0 0 8.2 31 340 M M 4 138 40 340
11 83 54 69 -3 0 4 0.00 0.0 0 3.3 9 110 M M M 1 16 70
12 85 57 71 -1 0 6 0.00 0.0 0 8.8 17 140 M M 2 21 150
13 88 67 78 6 0 13 0.00 0.0 0 9.1 16 110 M M 2 23 160
14 88 66 77 5 0 12 0.00 0.0 0 9.5 16 160 M M 2 1 23 150
15 83 60 72 0 0 7 0.05 0.0 0 9.4 21 340 M M 1 3 29 340
16 91 56 74 3 0 9 0.00 0.0 0 5.6 17 320 M M 0 23 290
17 85 57 71 0 0 6 0.00 0.0 0 8.7 21 350 M M 2 28 360
18 82 53 68 -3 0 3 0.00 0.0 0 3.8 13 360 M M 0 19 340
19 84 51 68 -3 0 3 0.00 0.0 0 5.3 14 170 M M 0 20 190
20 87 62 75 4 0 10 0.00 0.0 0 9.7 17 210 M M 0 23 210
21 88 58 73 2 0 8 0.00 0.0 0 8.0 15 170 M M 0 20 170
22 84 66 75 4 0 10 0.72 0.0 0 7.4 24 190 M M 6 138 30 190
23 93 62 78 8 0 13 0.00 0.0 0 3.0 9 260 M M 2 128 13 310
24 92 66 79 9 0 14 0.00 0.0 0 5.1 14 150 M M 0 1 18 170
25 93 68 81 11 0 16 0.00 0.0 0 7.9 15 180 M M 0 21 220
26 95 70 83 13 0 18 0.00 0.0 0 10.5 22 210 M M 1 29 230
27 95 71 83 13 0 18 0.00 0.0 0 9.2 16 220 M M 1 22 230
28 92 71 82 12 0 17 0.02 0.0 0 11.6 23 320 M M 1 3 30 320
29 81 54 68 -1 0 3 0.00 0.0 0 8.4 20 320 M M 0 26 350
30 81 49 65 -4 0 0 0.00 0.0 0 8.4 18 160 M M 0 32 160
31 79 52 66 -3 0 1 0.05 0.0 0 9.5 23 340 M M 2 13 30 350
================================================================================
SM 2666 1868 1 262 1.33 0.0 249.3 M 57
================================================================================
AV 86.0 60.3 8.0 FASTST M M 2 MAX(MPH)
MISC ----> # 31 340 # 40 340
================================================================================
NOTES:
# LAST OF SEVERAL OCCURRENCES
COLUMN 17 PEAK WIND IN M.P.H.
PRELIMINARY LOCAL CLIMATOLOGICAL DATA (WS FORM: F-6) , PAGE 2
STATION: WATERLOO IA
MONTH: AUGUST
YEAR: 2020
LATITUDE: 42 32 N
LONGITUDE: 92 24 W
[TEMPERATURE DATA] [PRECIPITATION DATA] SYMBOLS USED IN COLUMN 16
AVERAGE MONTHLY: 73.1 TOTAL FOR MONTH: 1.33 1 = FOG OR MIST
DPTR FM NORMAL: 1.9 DPTR FM NORMAL: -2.94 2 = FOG REDUCING VISIBILITY
HIGHEST: 95 ON 27,26 GRTST 24HR 0.72 ON 22-22 TO 1/4 MILE OR LESS
LOWEST: 49 ON 30 3 = THUNDER
SNOW, ICE PELLETS, HAIL 4 = ICE PELLETS
TOTAL MONTH: 0.0 INCH 5 = HAIL
GRTST 24HR 0.0 6 = FREEZING RAIN OR DRIZZLE
GRTST DEPTH: 0 7 = DUSTSTORM OR SANDSTORM:
VSBY 1/2 MILE OR LESS
8 = SMOKE OR HAZE
[NO. OF DAYS WITH] [WEATHER - DAYS WITH] 9 = BLOWING SNOW
X = TORNADO
MAX 32 OR BELOW: 0 0.01 INCH OR MORE: 6
MAX 90 OR ABOVE: 8 0.10 INCH OR MORE: 3
MIN 32 OR BELOW: 0 0.50 INCH OR MORE: 1
MIN 0 OR BELOW: 0 1.00 INCH OR MORE: 0
[HDD (BASE 65) ]
TOTAL THIS MO. 1 CLEAR (SCALE 0-3) 23
DPTR FM NORMAL -15 PTCLDY (SCALE 4-7) 7
TOTAL FM JUL 1 1 CLOUDY (SCALE 8-10) 0
DPTR FM NORMAL -19
[CDD (BASE 65) ]
TOTAL THIS MO. 262
DPTR FM NORMAL 54 [PRESSURE DATA]
TOTAL FM JAN 1 977 HIGHEST SLP 30.16 ON 4
DPTR FM NORMAL 265 LOWEST SLP 29.63 ON 28
[REMARKS]
#FINAL-08-20#