000
CXUS54 KAMA 010710
CF6AMA
PRELIMINARY LOCAL CLIMATOLOGICAL DATA (WS FORM: F-6)
STATION: AMARILLO
MONTH: MARCH
YEAR: 2023
LATITUDE: 35 13 N
LONGITUDE: 101 42 W
TEMPERATURE IN F: :PCPN: SNOW: WIND :SUNSHINE: SKY :PK WND
================================================================================
1 2 3 4 5 6A 6B 7 8 9 10 11 12 13 14 15 16 17 18
12Z AVG MX 2MIN
DY MAX MIN AVG DEP HDD CDD WTR SNW DPTH SPD SPD DIR MIN PSBL S-S WX SPD DR
================================================================================
1 59 35 47 2 18 0 0.00 0.0 0 14.2 23 160 M M 0 31 150
2 59 26 43 -2 22 0 0.00 0.0 0 9.9 26 30 M M 0 36 10
3 63 30 47 1 18 0 0.00 0.0 0 9.8 18 170 M M 0 25 170
4 59 34 47 1 18 0 0.00 0.0 0 15.0 28 10 M M 0 38 260
5 78 37 58 12 7 0 0.00 0.0 M 17.0 31 240 M M 0 42 250
6 73 47 60 13 5 0 0.00 0.0 0 10.9 26 150 M M 0 33 140
7 51 29 40 -7 25 0 0.00 0.0 0 9.6 16 20 M M 3 20 360
8 52 29 41 -6 24 0 0.00 0.0 0 13.1 21 160 M M 7 1 26 30
9 63 34 49 1 16 0 0.00 0.0 0 11.8 25 170 M M 4 32 40
10 67 29 48 0 17 0 0.00 0.0 0 17.6 33 190 M M 1 41 190
11 77 42 60 12 5 0 0.00 0.0 0 18.9 35 270 M M 2 44 280
12 55 34 45 -4 20 0 0.00 0.0 0 9.2 20 120 M M 5 25 120
13 49 33 41 -8 24 0 0.00 0.0 0 15.1 22 140 M M 4 31 130
14 62 33 48 -1 17 0 0.03 T 0 18.0 26 170 M M 4 1 35 170
15 80 43 62 12 3 0 0.00 0.0 0 23.3 39 230 M M 1 51 240
16 60 33 47 -3 18 0 0.33 0.4 0 21.2 36 360 M M 7 128 48 360
17 46 28 37 -13 28 0 0.00 0.0 0 7.9 24 10 M M 8 31 20
18 49 23 36 -15 29 0 0.00 0.0 0 7.2 16 50 M M 2 24 10
19 58 20 39 -12 26 0 0.00 0.0 0 15.9 28 220 M M 0 37 200
20 67 36 52 1 13 0 T 0.0 0 21.4 35 240 M M 3 47 250
21 74 44 59 8 6 0 0.02 0.0 0 15.2 30 240 M M 6 39 270
22 74 47 61 9 4 0 0.00 0.0 0 18.5 33 220 M M 0 44 220
23 68 47 58 6 7 0 0.05 0.0 0 13.2 24 140 M M 2 38 140
24 61 37 49 -3 16 0 0.00 0.0 0 9.3 17 280 M M 2 24 340
25 62 37 50 -2 15 0 0.00 0.0 0 18.2 36 290 M M 0 47 300
26 57 32 45 -8 20 0 0.00 0.0 0 10.3 21 80 M M 4 27 50
27 67 25 46 -7 19 0 0.00 0.0 0 14.0 31 20 M M 0 43 20
28 53 24 39 -14 26 0 0.00 0.0 0 9.9 20 180 M M 0 25 180
29 75 35 55 1 10 0 0.00 0.0 0 17.2 32 220 M M 0 40 230
30 82 46 64 10 1 0 0.00 0.0 M 23.0 40 200 M M 0 53 200
31 68 47 58 4 7 0 0.00 0.0 0 22.4 40 270 M M 0 54 280
================================================================================
SM 1968 1076 484 0 0.43 0.4 458.2 M 65
================================================================================
AV 63.5 34.7 14.8 FASTST M M 2 MAX(MPH)
MISC ----> # 40 200 54 280
================================================================================
NOTES:
# LAST OF SEVERAL OCCURRENCES
COLUMN 17 PEAK WIND IN M.P.H.
PRELIMINARY LOCAL CLIMATOLOGICAL DATA (WS FORM: F-6) , PAGE 2
STATION: AMARILLO
MONTH: MARCH
YEAR: 2023
LATITUDE: 35 13 N
LONGITUDE: 101 42 W
[TEMPERATURE DATA] [PRECIPITATION DATA] SYMBOLS USED IN COLUMN 16
AVERAGE MONTHLY: 49.1 TOTAL FOR MONTH: 0.43 1 = FOG OR MIST
DPTR FM NORMAL: -0.7 DPTR FM NORMAL: -0.84 2 = FOG REDUCING VISIBILITY
HIGHEST: 82 ON 30 GRTST 24HR 0.33 ON 16-16 TO 1/4 MILE OR LESS
LOWEST: 20 ON 19 3 = THUNDER
SNOW, ICE PELLETS, HAIL 4 = ICE PELLETS
TOTAL MONTH: 0.4 INCH 5 = HAIL
GRTST 24HR 0.4 ON 16-16 6 = FREEZING RAIN OR DRIZZLE
GRTST DEPTH: 0 7 = DUSTSTORM OR SANDSTORM:
VSBY 1/2 MILE OR LESS
8 = SMOKE OR HAZE
[NO. OF DAYS WITH] [WEATHER - DAYS WITH] 9 = BLOWING SNOW
X = TORNADO
MAX 32 OR BELOW: 0 0.01 INCH OR MORE: 4
MAX 90 OR ABOVE: 0 0.10 INCH OR MORE: 1
MIN 32 OR BELOW: 11 0.50 INCH OR MORE: 0
MIN 0 OR BELOW: 0 1.00 INCH OR MORE: 0
[HDD (BASE 65) ]
TOTAL THIS MO. 484 CLEAR (SCALE 0-3) 20
DPTR FM NORMAL 8 PTCLDY (SCALE 4-7) 11
TOTAL FM JUL 1 3392 CLOUDY (SCALE 8-10) 0
DPTR FM NORMAL -148
[CDD (BASE 65) ]
TOTAL THIS MO. 0
DPTR FM NORMAL -5 [PRESSURE DATA]
TOTAL FM JAN 1 0 HIGHEST SLP M ON M
DPTR FM NORMAL -5 LOWEST SLP 29.45 ON 30
[REMARKS]
#FINAL-03-23#