000
CXUS54 KAMA 011559
CF6AMA
PRELIMINARY LOCAL CLIMATOLOGICAL DATA (WS FORM: F-6)
STATION: AMARILLO
MONTH: MARCH
YEAR: 2020
LATITUDE: 35 13 N
LONGITUDE: 101 42 W
TEMPERATURE IN F: :PCPN: SNOW: WIND :SUNSHINE: SKY :PK WND
================================================================================
1 2 3 4 5 6A 6B 7 8 9 10 11 12 13 14 15 16 17 18
12Z AVG MX 2MIN
DY MAX MIN AVG DEP HDD CDD WTR SNW DPTH SPD SPD DIR MIN PSBL S-S WX SPD DR
================================================================================
1 73 34 54 10 11 0 0.00 0.0 0 10.4 18 290 M M 0 23 310
2 62 32 47 3 18 0 0.00 0.0 0 10.4 20 30 M M 1 24 10
3 59 37 48 4 17 0 0.00 0.0 0 10.8 20 110 M M 1 22 110
4 58 33 46 1 19 0 0.00 0.0 0 10.6 23 40 M M 0 27 30
5 60 36 48 3 17 0 0.00 0.0 0 15.5 31 20 M M 0 43 40
6 65 29 47 2 18 0 0.00 0.0 0 13.9 28 190 M M 0 34 190
7 70 38 54 8 11 0 0.00 0.0 0 20.7 32 190 M M 0 39 190
8 58 44 51 5 14 0 0.33 0.0 0 18.1 28 190 M M 5 1 32 190
9 67 45 56 10 9 0 0.00 0.0 0 13.7 28 230 M M 1 34 230
10 76 43 60 14 5 0 0.00 0.0 0 16.4 32 220 M M 0 43 210
11 70 46 58 11 7 0 0.00 0.0 0 14.2 22 170 M M 0 27 310
12 76 52 64 17 1 0 0.00 0.0 0 12.0 24 80 M M 0 32 250
13 52 38 45 -2 20 0 0.38 0.0 0 13.6 25 80 M M 9 13 30 90
14 68 39 54 7 11 0 0.38 0.0 0 10.2 25 120 M M 7 123 30 130
15 43 37 40 -8 25 0 0.24 0.0 0 10.1 17 100 M M 10 1 21 110
16 69 39 54 6 11 0 0.00 0.0 0 12.6 25 210 M M 6 12 29 230
17 57 47 52 4 13 0 0.34 0.0 0 13.2 25 140 M M 10 123 31 110
18 72 43 58 10 7 0 T 0.0 0 13.2 24 210 M M 4 12 30 210
19 66 38 52 3 13 0 0.15 0.0 0 24.7 43 250 M M 2 1 52 230
20 47 29 38 -11 27 0 0.00 0.0 0 15.2 33 350 M M 4 42 360
21 51 30 41 -8 24 0 0.00 0.0 0 13.5 23 180 M M 3 1 27 180
22 72 40 56 6 9 0 0.00 0.0 0 15.9 26 230 M M 3 1 33 240
23 69 44 57 7 8 0 0.00 0.0 0 11.5 18 150 M M 3 18 24 140
24 72 45 59 9 6 0 0.00 0.0 0 10.8 18 310 M M 0 25 360
25 84 43 64 14 1 0 0.00 0.0 0 14.9 32 230 M M 0 41 240
26 88 53 71 20 0 6 0.00 0.0 0 16.0 30 220 M M 0 37 230
27 73 53 63 12 2 0 0.00 0.0 0 18.3 32 260 M M 2 39 220
28 65 37 51 0 14 0 0.00 0.0 0 17.1 29 290 M M 0 37 260
29 69 30 50 -1 15 0 0.00 0.0 0 11.5 21 160 M M 0 26 160
30 71 43 57 5 8 0 T 0.0 0 14.3 33 100 M M 4 1 41 110
31 70 38 54 2 11 0 0.00 0.0 0 11.8 23 140 M M 0 12 30 190
================================================================================
SM 2052 1235 372 6 1.82 0.0 435.1 M 75
================================================================================
AV 66.2 39.8 14.0 FASTST M M 2 MAX(MPH)
MISC ----> 43 250 52 230
================================================================================
NOTES:
# LAST OF SEVERAL OCCURRENCES
COLUMN 17 PEAK WIND IN M.P.H.
PRELIMINARY LOCAL CLIMATOLOGICAL DATA (WS FORM: F-6) , PAGE 2
STATION: AMARILLO
MONTH: MARCH
YEAR: 2020
LATITUDE: 35 13 N
LONGITUDE: 101 42 W
[TEMPERATURE DATA] [PRECIPITATION DATA] SYMBOLS USED IN COLUMN 16
AVERAGE MONTHLY: 53.0 TOTAL FOR MONTH: 1.82 1 = FOG OR MIST
DPTR FM NORMAL: 5.1 DPTR FM NORMAL: 0.43 2 = FOG REDUCING VISIBILITY
HIGHEST: 88 ON 26 GRTST 24HR 0.76 ON 13-14 TO 1/4 MILE OR LESS
LOWEST: 29 ON 20, 6 3 = THUNDER
SNOW, ICE PELLETS, HAIL 4 = ICE PELLETS
TOTAL MONTH: 0.0 INCH 5 = HAIL
GRTST 24HR 0.0 6 = FREEZING RAIN OR DRIZZLE
GRTST DEPTH: 0 7 = DUSTSTORM OR SANDSTORM:
VSBY 1/2 MILE OR LESS
8 = SMOKE OR HAZE
[NO. OF DAYS WITH] [WEATHER - DAYS WITH] 9 = BLOWING SNOW
X = TORNADO
MAX 32 OR BELOW: 0 0.01 INCH OR MORE: 6
MAX 90 OR ABOVE: 0 0.10 INCH OR MORE: 6
MIN 32 OR BELOW: 5 0.50 INCH OR MORE: 0
MIN 0 OR BELOW: 0 1.00 INCH OR MORE: 0
[HDD (BASE 65) ]
TOTAL THIS MO. 372 CLEAR (SCALE 0-3) 21
DPTR FM NORMAL -160 PTCLDY (SCALE 4-7) 7
TOTAL FM JUL 1 3577 CLOUDY (SCALE 8-10) 3
DPTR FM NORMAL -233
[CDD (BASE 65) ]
TOTAL THIS MO. 6
DPTR FM NORMAL 4 [PRESSURE DATA]
TOTAL FM JAN 1 6 HIGHEST SLP 30.52 ON 6
DPTR FM NORMAL 4 LOWEST SLP 29.49 ON 27
[REMARKS]
#FINAL-03-20#