000
CXUS52 KJAX 050619
CF6AMG
PRELIMINARY LOCAL CLIMATOLOGICAL DATA (WS FORM: F-6)
STATION: ALMA
MONTH: JULY
YEAR: 2021
LATITUDE: 31 32 N
LONGITUDE: 82 30 W
TEMPERATURE IN F: :PCPN: SNOW: WIND :SUNSHINE: SKY :PK WND
================================================================================
1 2 3 4 5 6A 6B 7 8 9 10 11 12 13 14 15 16 17 18
12Z AVG MX 2MIN
DY MAX MIN AVG DEP HDD CDD WTR SNW DPTH SPD SPD DIR MIN PSBL S-S WX SPD DR
================================================================================
1 84 71 78 -4 0 13 0.22 0.0 0 2.6 14 160 M M 7 13 20 160
2 86 70 78 -4 0 13 T 0.0 0 5.0 14 330 M M 6 13 19 330
3 89 72 81 -1 0 16 0.00 0.0 0 4.5 10 320 M M 5 1 15 340
4 89 69 79 -3 0 14 0.00 0.0 0 1.8 12 160 M M 3 1 19 160
5 85 72 79 -3 0 14 T 0.0 0 3.1 12 100 M M 7 1 20 100
6 91 70 81 -1 0 16 0.12 0.0 0 1.9 20 170 M M 2 13 30 160
7 81 72 77 -5 0 12 2.07 0.0 0 8.9 26 170 M M 10 1 43 160
8 88 72 80 -2 0 15 0.08 0.0 0 8.0 14 210 M M 5 1 22 230
9 87 71 79 -3 0 14 0.42 0.0 0 6.0 21 340 M M 4 13 30 320
10 90 69 80 -2 0 15 0.00 0.0 0 5.8 15 290 M M 2 23 290
11 92 71 82 0 0 17 0.08 0.0 0 5.0 15 250 M M 2 13 21 210
12 91 68 80 -2 0 15 0.25 0.0 0 4.5 18 160 M M 2 13 27 250
13 90 68 79 -3 0 14 0.21 0.0 0 2.5 15 120 M M 2 13 23 140
14 92 69 81 -1 0 16 0.00 0.0 0 2.7 10 160 M M 1 1 14 170
15 91 71 81 -2 0 16 0.00 0.0 0 2.7 12 150 M M 3 1 16 130
16 92 70 81 -2 0 16 0.00 0.0 0 3.5 13 170 M M 2 18 170
17 93 72 83 0 0 18 0.03 0.0 0 3.4 16 300 M M 2 3 22 310
18 92 72 82 -1 0 17 0.06 0.0 0 3.1 26 180 M M 2 13 43 190
19 89 71 80 -3 0 15 0.33 0.0 0 3.9 28 210 M M 3 13 43 200
20 83 73 78 -5 0 13 0.35 0.0 0 4.5 13 230 M M 5 13 19 230
21 89 73 81 -2 0 16 0.03 0.0 0 3.7 21 220 M M 5 1 34 240
22 91 76 84 1 0 19 0.01 0.0 0 4.1 14 250 M M 6 13 20 250
23 92 72 82 -1 0 17 0.00 0.0 0 2.2 8 120 M M 1 1 14 10
24 90 69 80 -3 0 15 0.00 0.0 0 3.5 10 100 M M 1 12 16 90
25 90 67 79 -4 0 14 0.00 0.0 0 2.3 9 350 M M 0 1 16 10
26 88 69 79 -4 0 14 T 0.0 0 2.7 14 350 M M 3 13 20 340
27 91 71 81 -2 0 16 1.23 0.0 0 3.3 18 320 M M 5 13 30 360
28 91 72 82 -1 0 17 0.05 0.0 0 2.3 13 270 M M 3 13 20 260
29 94 70 82 -1 0 17 0.00 0.0 0 2.1 10 160 M M 1 1 15 140
30 94 73 84 1 0 19 0.00 0.0 0 3.3 10 280 M M 1 1 15 210
31 95 72 84 1 0 19 0.69 0.0 0 5.7 28 250 M M 2 13 44 250
================================================================================
SM 2780 2197 0 482 6.23 0.0 118.6 M 103
================================================================================
AV 89.7 70.9 3.8 FASTST M M 3 MAX(MPH)
MISC ----> # 28 210 44 250
================================================================================
NOTES:
# LAST OF SEVERAL OCCURRENCES
COLUMN 17 PEAK WIND IN M.P.H.
PRELIMINARY LOCAL CLIMATOLOGICAL DATA (WS FORM: F-6) , PAGE 2
STATION: ALMA
MONTH: JULY
YEAR: 2021
LATITUDE: 31 32 N
LONGITUDE: 82 30 W
[TEMPERATURE DATA] [PRECIPITATION DATA] SYMBOLS USED IN COLUMN 16
AVERAGE MONTHLY: 80.3 TOTAL FOR MONTH: 6.23 1 = FOG OR MIST
DPTR FM NORMAL: -2.1 DPTR FM NORMAL: 1.00 2 = FOG REDUCING VISIBILITY
HIGHEST: 95 ON 31 GRTST 24HR 2.15 ON 7- 8 TO 1/4 MILE OR LESS
LOWEST: 67 ON 25 3 = THUNDER
SNOW, ICE PELLETS, HAIL 4 = ICE PELLETS
TOTAL MONTH: 0.0 INCH 5 = HAIL
GRTST 24HR 0.0 6 = FREEZING RAIN OR DRIZZLE
GRTST DEPTH: 0 7 = DUSTSTORM OR SANDSTORM:
VSBY 1/2 MILE OR LESS
8 = SMOKE OR HAZE
[NO. OF DAYS WITH] [WEATHER - DAYS WITH] 9 = BLOWING SNOW
X = TORNADO
MAX 32 OR BELOW: 0 0.01 INCH OR MORE: 17
MAX 90 OR ABOVE: 19 0.10 INCH OR MORE: 10
MIN 32 OR BELOW: 0 0.50 INCH OR MORE: 3
MIN 0 OR BELOW: 0 1.00 INCH OR MORE: 2
[HDD (BASE 65) ]
TOTAL THIS MO. 0 CLEAR (SCALE 0-3) 18
DPTR FM NORMAL 0 PTCLDY (SCALE 4-7) 12
TOTAL FM JUL 1 0 CLOUDY (SCALE 8-10) 1
DPTR FM NORMAL 0
[CDD (BASE 65) ]
TOTAL THIS MO. 482
DPTR FM NORMAL -57 [PRESSURE DATA]
TOTAL FM JAN 1 1306 HIGHEST SLP 30.30 ON 14
DPTR FM NORMAL -137 LOWEST SLP 29.73 ON 7
[REMARKS]
#FINAL-07-21#