000
CXUS54 KBMX 011010
CF6ANB
PRELIMINARY LOCAL CLIMATOLOGICAL DATA (WS FORM: F-6)
STATION: ANNISTON
MONTH: JUNE
YEAR: 2022
LATITUDE: 33 35 N
LONGITUDE: 85 51 W
TEMPERATURE IN F: :PCPN: SNOW: WIND :SUNSHINE: SKY :PK WND
================================================================================
1 2 3 4 5 6A 6B 7 8 9 10 11 12 13 14 15 16 17 18
12Z AVG MX 2MIN
DY MAX MIN AVG DEP HDD CDD WTR SNW DPTH SPD SPD DIR MIN PSBL S-S WX SPD DR
================================================================================
1 91 67 79 4 0 14 0.00 0.0 0 1.7 7 100 M M 1 1 10 350
2 89 67 78 3 0 13 0.04 0.0 0 3.3 23 250 M M 2 13 28 240
3 84 64 74 -1 0 9 T 0.0 0 3.7 13 360 M M 5 1 18 300
4 86 61 74 -1 0 9 0.00 0.0 0 5.1 14 70 M M 1 1 20 50
5 87 63 75 -1 0 10 0.00 0.0 0 4.7 10 50 M M 0 15 120
6 88 67 78 2 0 13 0.00 0.0 0 5.3 13 160 M M 2 21 160
7 89 70 80 4 0 15 T 0.0 0 5.8 22 10 M M 6 13 30 10
8 85 69 77 1 0 12 1.09 0.0 M 5.3 22 330 M M 5 13 34 340
9 85 66 76 0 0 11 0.00 0.0 0 4.2 14 360 M M 6 12 18 10
10 82 60 71 -6 0 6 0.00 0.0 0 2.7 10 310 M M 0 12 12 260
11 88 67 78 1 0 13 0.00 0.0 0 2.9 9 230 M M 3 11 350
12 89 68 79 2 0 14 T 0.0 0 2.5 10 230 M M 0 14 240
13 94 72 83 6 0 18 0.00 0.0 0 3.4 12 250 M M 1 15 230
14 95 73 84 7 0 19 0.00 0.0 0 3.5 10 250 M M 1 18 13 280
15 97 71 84 6 0 19 0.16 0.0 0 4.9 32 120 M M 2 13 46 120
16 95 71 83 5 0 18 T 0.0 0 3.3 13 100 M M 0 3 17 100
17 95 67 81 3 0 16 1.46 0.0 M 4.7 29 90 M M 1 13 42 80
18 91 68 80 2 0 15 0.00 0.0 M 5.7 15 340 M M 2 1 20 350
19 88 62 75 -3 0 10 T 0.0 M 5.2 14 70 M M 0 20 40
20 92 62 77 -1 0 12 0.00 0.0 M 3.4 8 70 M M 1 12 220
21 94 66 80 2 0 15 0.00 0.0 M 2.6 10 340 M M 0 14 330
22 96 67 82 3 0 17 0.00 0.0 M 3.1 12 360 M M 0 1 17 310
23 96 71 84 5 0 19 0.03 0.0 M 3.6 14 240 M M 1 138 20 320
24 95 67 81 2 0 16 0.00 0.0 0 2.3 10 10 M M 0 16 120
25 90 74 82 3 0 17 0.00 0.0 0 6.4 13 90 M M 3 18 130
26 91 73 82 3 0 17 T 0.0 0 3.0 9 140 M M 3 3 12 150
27 89 71 80 1 0 15 0.00 0.0 0 3.1 14 30 M M 3 3 19 270
28 88 68 78 -1 0 13 0.44 0.0 0 4.6 17 70 M M 2 138 22 70
29 90 72 81 2 0 16 0.04 0.0 M 5.1 13 100 M M 5 3 21 100
30 87 70 79 -1 0 14 0.06 0.0 M 3.5 13 150 M M 1 13 19 140
================================================================================
SM 2706 2034 0 425 3.32 0.0 118.6 M 57
================================================================================
AV 90.2 67.8 4.0 FASTST M M 2 MAX(MPH)
MISC ----> 32 120 46 120
================================================================================
NOTES:
# LAST OF SEVERAL OCCURRENCES
COLUMN 17 PEAK WIND IN M.P.H.
PRELIMINARY LOCAL CLIMATOLOGICAL DATA (WS FORM: F-6) , PAGE 2
STATION: ANNISTON
MONTH: JUNE
YEAR: 2022
LATITUDE: 33 35 N
LONGITUDE: 85 51 W
[TEMPERATURE DATA] [PRECIPITATION DATA] SYMBOLS USED IN COLUMN 16
AVERAGE MONTHLY: 79.0 TOTAL FOR MONTH: 3.32 1 = FOG OR MIST
DPTR FM NORMAL: 1.6 DPTR FM NORMAL: -1.05 2 = FOG REDUCING VISIBILITY
HIGHEST: 97 ON 15 GRTST 24HR 1.46 ON 17-17 TO 1/4 MILE OR LESS
LOWEST: 60 ON 10 3 = THUNDER
SNOW, ICE PELLETS, HAIL 4 = ICE PELLETS
TOTAL MONTH: 0.0 INCH 5 = HAIL
GRTST 24HR 0.0 6 = FREEZING RAIN OR DRIZZLE
GRTST DEPTH: 0 7 = DUSTSTORM OR SANDSTORM:
VSBY 1/2 MILE OR LESS
8 = SMOKE OR HAZE
[NO. OF DAYS WITH] [WEATHER - DAYS WITH] 9 = BLOWING SNOW
X = TORNADO
MAX 32 OR BELOW: 0 0.01 INCH OR MORE: 8
MAX 90 OR ABOVE: 15 0.10 INCH OR MORE: 4
MIN 32 OR BELOW: 0 0.50 INCH OR MORE: 2
MIN 0 OR BELOW: 0 1.00 INCH OR MORE: 2
[HDD (BASE 65) ]
TOTAL THIS MO. 0 CLEAR (SCALE 0-3) 23
DPTR FM NORMAL 0 PTCLDY (SCALE 4-7) 7
TOTAL FM JUL 1 2320 CLOUDY (SCALE 8-10) 0
DPTR FM NORMAL -315
[CDD (BASE 65) ]
TOTAL THIS MO. 425
DPTR FM NORMAL 53 [PRESSURE DATA]
TOTAL FM JAN 1 753 HIGHEST SLP 30.24 ON 21
DPTR FM NORMAL 112 LOWEST SLP 29.79 ON 5
[REMARKS]
#FINAL-06-22#