000
CXUS54 KBMX 011110
CF6ANB
PRELIMINARY LOCAL CLIMATOLOGICAL DATA (WS FORM: F-6)
STATION: ANNISTON
MONTH: DECEMBER
YEAR: 2023
LATITUDE: 33 35 N
LONGITUDE: 85 51 W
TEMPERATURE IN F: :PCPN: SNOW: WIND :SUNSHINE: SKY :PK WND
================================================================================
1 2 3 4 5 6A 6B 7 8 9 10 11 12 13 14 15 16 17 18
12Z AVG MX 2MIN
DY MAX MIN AVG DEP HDD CDD WTR SNW DPTH SPD SPD DIR MIN PSBL S-S WX SPD DR
================================================================================
1 67 50 59 10 6 0 0.12 0.0 0 5.6 13 190 M M 9 1 20 180
2 69 60 65 16 0 0 0.01 0.0 0 3.6 12 180 M M 10 1 18 180
3 69 42 56 7 9 0 0.09 0.0 0 5.4 13 260 M M 3 1 19 240
4 67 36 52 3 13 0 0.00 0.0 0 5.8 22 260 M M 0 1 31 260
5 60 29 45 -3 20 0 0.00 0.0 0 5.8 16 250 M M 0 24 320
6 55 29 42 -6 23 0 0.00 0.0 0 5.5 15 360 M M 1 24 350
7 59 26 43 -5 22 0 0.00 0.0 M 1.6 9 270 M M 0 13 260
8 66 32 49 1 16 0 0.00 0.0 0 3.6 12 180 M M 3 17 180
9 71 54 63 15 2 0 0.27 0.0 0 5.7 14 200 M M 9 13 24 190
10 68 34 51 3 14 0 0.48 M 0 4.3 21 280 M M 7 13 31 260
11 51 27 39 -9 26 0 0.00 0.0 0 3.7 13 350 M M 0 19 350
12 59 26 43 -4 22 0 0.00 0.0 M 2.1 9 70 M M 0 13 70
13 61 29 45 -2 20 0 0.00 0.0 0 4.3 9 50 M M 0 14 60
14 63 31 47 0 18 0 0.00 0.0 0 4.6 14 70 M M 0 20 100
15 63 34 49 2 16 0 0.00 0.0 M 6.7 14 60 M M 0 20 60
16 61 40 51 4 14 0 0.06 M M 8.1 16 80 M M 6 1 25 60
17 54 43 49 3 16 0 0.08 M M 6.2 14 270 M M 10 1 21 270
18 57 35 46 0 19 0 0.00 0.0 M 9.3 22 270 M M 3 30 280
19 47 26 37 -9 28 0 0.00 0.0 0 3.6 13 30 M M 0 17 10
20 57 27 42 -4 23 0 0.00 0.0 0 4.6 10 40 M M 0 14 30
21 58 28 43 -3 22 0 0.00 0.0 0 2.6 9 40 M M 0 14 40
22 63 32 48 2 17 0 0.00 0.0 0 2.3 8 220 M M 0 11 30
23 69 37 53 7 12 0 0.00 0.0 M 2.9 10 150 M M 0 8 15 150
24 66 44 55 9 10 0 0.09 M M 7.0 16 110 M M 3 27 150
25 66 57 62 17 3 0 1.43 0.0 0 5.2 22 120 M M 10 13 34 110
26 58 42 50 5 15 0 0.00 0.0 0 4.1 13 260 M M 9 1 17 280
27 56 35 46 1 19 0 0.00 0.0 0 3.1 12 230 M M 4 12 16 270
28 51 31 41 -4 24 0 0.00 0.0 0 5.3 13 280 M M 2 1 20 290
29 45 37 41 -4 24 0 T 0.0 0 7.5 17 240 M M 10 23 230
30 42 27 35 -10 30 0 T 0.0 0 5.4 12 240 M M 9 1 15 250
31 58 24 41 -4 24 0 0.00 0.0 0 3.9 18 250 M M 0 1 26 260
================================================================================
SM 1856 1104 527 0 2.63 0.0 149.4 M 108
================================================================================
AV 59.9 35.6 4.8 FASTST M M 3 MAX(MPH)
MISC ----> # 22 260 34 110
================================================================================
NOTES:
# LAST OF SEVERAL OCCURRENCES
COLUMN 17 PEAK WIND IN M.P.H.
PRELIMINARY LOCAL CLIMATOLOGICAL DATA (WS FORM: F-6) , PAGE 2
STATION: ANNISTON
MONTH: DECEMBER
YEAR: 2023
LATITUDE: 33 35 N
LONGITUDE: 85 51 W
[TEMPERATURE DATA] [PRECIPITATION DATA] SYMBOLS USED IN COLUMN 16
AVERAGE MONTHLY: 47.7 TOTAL FOR MONTH: 2.63 1 = FOG OR MIST
DPTR FM NORMAL: 0.9 DPTR FM NORMAL: -1.97 2 = FOG REDUCING VISIBILITY
HIGHEST: 71 ON 9 GRTST 24HR 1.52 ON 24-25 TO 1/4 MILE OR LESS
LOWEST: 24 ON 31 3 = THUNDER
SNOW, ICE PELLETS, HAIL 4 = ICE PELLETS
TOTAL MONTH: 0.0 INCH 5 = HAIL
GRTST 24HR 0.0 6 = FREEZING RAIN OR DRIZZLE
GRTST DEPTH: 0 7 = DUSTSTORM OR SANDSTORM:
VSBY 1/2 MILE OR LESS
8 = SMOKE OR HAZE
[NO. OF DAYS WITH] [WEATHER - DAYS WITH] 9 = BLOWING SNOW
X = TORNADO
MAX 32 OR BELOW: 0 0.01 INCH OR MORE: 9
MAX 90 OR ABOVE: 0 0.10 INCH OR MORE: 4
MIN 32 OR BELOW: 15 0.50 INCH OR MORE: 1
MIN 0 OR BELOW: 0 1.00 INCH OR MORE: 1
[HDD (BASE 65) ]
TOTAL THIS MO. 527 CLEAR (SCALE 0-3) 18
DPTR FM NORMAL -40 PTCLDY (SCALE 4-7) 5
TOTAL FM JUL 1 941 CLOUDY (SCALE 8-10) 8
DPTR FM NORMAL -115
[CDD (BASE 65) ]
TOTAL THIS MO. 0
DPTR FM NORMAL -2 [PRESSURE DATA]
TOTAL FM JAN 1 1969 HIGHEST SLP 30.68 ON 14
DPTR FM NORMAL -2 LOWEST SLP 29.81 ON 3
[REMARKS]
#FINAL-12-23#