000
CXUS53 KAPX 010730
CF6ANJ
PRELIMINARY LOCAL CLIMATOLOGICAL DATA (WS FORM: F-6)
STATION: SAULT STE MARIE MI
MONTH: JULY
YEAR: 2021
LATITUDE: 46 28 N
LONGITUDE: 84 21 W
TEMPERATURE IN F: :PCPN: SNOW: WIND :SUNSHINE: SKY :PK WND
================================================================================
1 2 3 4 5 6A 6B 7 8 9 10 11 12 13 14 15 16 17 18
12Z AVG MX 2MIN
DY MAX MIN AVG DEP HDD CDD WTR SNW DPTH SPD SPD DIR MIN PSBL S-S WX SPD DR
================================================================================
1 70 53 62 -2 3 0 0.00 0.0 0 6.9 17 300 M M 5 25 310
2 72 52 62 -3 3 0 0.02 0.0 0 5.0 15 320 M M 2 3 25 340
3 79 56 68 3 0 3 T 0.0 0 6.3 15 290 M M 2 3 24 310
4 90 59 75 10 0 10 0.00 0.0 0 5.0 16 210 M M 0 23 210
5 82 65 74 9 0 9 0.04 0.0 0 5.0 12 310 M M 5 138 19 300
6 78 59 69 4 0 4 0.01 0.0 0 6.4 14 310 M M 2 18 20 300
7 68 57 63 -2 2 0 0.01 0.0 0 5.0 10 190 M M 8 18 50
8 72 55 64 -1 1 0 0.00 0.0 0 6.8 13 300 M M 5 18 310
9 77 48 63 -3 2 0 0.00 0.0 0 5.3 13 300 M M 0 20 290
10 82 49 66 0 0 1 0.00 0.0 0 3.3 13 320 M M 0 20 320
11 84 54 69 3 0 4 0.00 0.0 0 3.5 12 300 M M 0 16 350
12 85 56 71 5 0 6 0.00 0.0 0 4.5 14 150 M M 0 21 150
13 77 64 71 5 0 6 0.20 0.0 0 2.1 7 230 M M 6 1 11 80
14 85 62 74 8 0 9 0.16 0.0 0 2.7 14 260 M M 5 13 28 270
15 78 60 69 3 0 4 1.18 0.0 0 6.8 15 310 M M 7 18 24 10
16 83 55 69 3 0 4 0.00 0.0 0 1.2 10 310 M M 1 18 14 310
17 85 59 72 6 0 7 0.00 0.0 0 3.3 12 320 M M 0 17 320
18 80 63 72 6 0 7 0.00 0.0 0 6.0 13 290 M M 0 19 300
19 85 64 75 9 0 10 0.00 0.0 0 5.3 13 290 M M 0 18 290
20 72 59 66 0 0 1 T 0.0 0 4.3 12 360 M M 6 20 60
21 76 56 66 0 0 1 0.00 0.0 0 5.1 12 290 M M 2 18 290
22 72 55 64 -3 1 0 0.01 0.0 0 2.2 8 210 M M 3 12 190
23 81 56 69 2 0 4 0.01 0.0 0 7.3 15 130 M M 3 26 150
24 74 64 69 2 0 4 1.54 0.0 0 6.0 14 310 M M 9 1 25 240
25 81 59 70 3 0 5 0.00 0.0 0 4.4 14 310 M M 2 128 21 310
26 84 58 71 4 0 6 0.01 0.0 0 3.5 10 290 M M 1 13 16 310
27 81 62 72 5 0 7 0.02 0.0 0 4.5 13 310 M M 5 38 18 310
28 82 59 71 4 0 6 0.91 0.0 0 3.3 10 360 M M 2 138 14 350
29 76 59 68 1 0 3 1.50 0.0 0 7.7 20 300 M M 6 138 35 310
30 67 54 61 -6 4 0 0.00 0.0 0 7.7 16 320 M M 2 26 300
31 68 54 61 -6 4 0 0.85 0.0 0 4.6 10 330 M M 10 13 16 290
================================================================================
SM 2426 1785 20 121 6.47 0.0 151.0 M 99
================================================================================
AV 78.3 57.6 4.9 FASTST M M 3 MAX(MPH)
MISC ----> 20 300 35 310
================================================================================
NOTES:
# LAST OF SEVERAL OCCURRENCES
COLUMN 17 PEAK WIND IN M.P.H.
PRELIMINARY LOCAL CLIMATOLOGICAL DATA (WS FORM: F-6) , PAGE 2
STATION: SAULT STE MARIE MI
MONTH: JULY
YEAR: 2021
LATITUDE: 46 28 N
LONGITUDE: 84 21 W
[TEMPERATURE DATA] [PRECIPITATION DATA] SYMBOLS USED IN COLUMN 16
AVERAGE MONTHLY: 67.9 TOTAL FOR MONTH: 6.47 1 = FOG OR MIST
DPTR FM NORMAL: 1.9 DPTR FM NORMAL: 3.40 2 = FOG REDUCING VISIBILITY
HIGHEST: 90 ON 4 GRTST 24HR 2.41 ON 28-29 TO 1/4 MILE OR LESS
LOWEST: 48 ON 9 3 = THUNDER
SNOW, ICE PELLETS, HAIL 4 = ICE PELLETS
TOTAL MONTH: 0.0 INCH 5 = HAIL
GRTST 24HR 0.0 6 = FREEZING RAIN OR DRIZZLE
GRTST DEPTH: 0 7 = DUSTSTORM OR SANDSTORM:
VSBY 1/2 MILE OR LESS
8 = SMOKE OR HAZE
[NO. OF DAYS WITH] [WEATHER - DAYS WITH] 9 = BLOWING SNOW
X = TORNADO
MAX 32 OR BELOW: 0 0.01 INCH OR MORE: 15
MAX 90 OR ABOVE: 1 0.10 INCH OR MORE: 7
MIN 32 OR BELOW: 0 0.50 INCH OR MORE: 5
MIN 0 OR BELOW: 0 1.00 INCH OR MORE: 3
[HDD (BASE 65) ]
TOTAL THIS MO. 20 CLEAR (SCALE 0-3) 19
DPTR FM NORMAL -40 PTCLDY (SCALE 4-7) 10
TOTAL FM JUL 1 20 CLOUDY (SCALE 8-10) 2
DPTR FM NORMAL -40
[CDD (BASE 65) ]
TOTAL THIS MO. 121
DPTR FM NORMAL 30 [PRESSURE DATA]
TOTAL FM JAN 1 233 HIGHEST SLP 30.21 ON 22
DPTR FM NORMAL 102 LOWEST SLP 29.69 ON 24
[REMARKS]
#FINAL-07-21#