000
CXUS53 KAPX 020551
CLMANJ
CLIMATE REPORT
NATIONAL WEATHER SERVICE
1251 AM EST SAT DEC 02 2023
...................................
...THE SAULT STE MARIE MI CLIMATE SUMMARY FOR THE MONTH OF NOVEMBER 2023...
CLIMATE NORMAL PERIOD: 1991 TO 2020
CLIMATE RECORD PERIOD: 1888 TO 2023
WEATHER OBSERVED NORMAL DEPART LAST YEAR`S
VALUE DATE(S) VALUE FROM VALUE
NORMAL
..............................................................
TEMPERATURE (F)
RECORD
HIGH 75 11/09/2020
LOW -12 11/29/1929
HIGHEST 60 11/16 MM MM
LOWEST 12 11/28 MM MM
AVG. MAXIMUM 41.5 41.2 0.3
AVG. MINIMUM 27.5 28.3 -0.8
MEAN 34.5 34.8 -0.3
DAYS MAX <= 32 5 5.9 -0.9
DAYS MIN <= 0 0 0.1 -0.1
DAYS MIN <= -20 0
PRECIPITATION (INCHES)
TOTALS 3.43 3.44 -0.01
DAYS >= .01 16 16.5 -0.5
DAYS >= .10 9 8.9 0.1
DAYS >= .50 3 1.7 1.3
DAYS >= 1.00 1 0.4 0.6
GREATEST
24 HR. TOTAL 1.18 11/05 TO 11/06
SNOWFALL (INCHES)
RECORDS
TOTAL 65.4 2014
TOTALS 22.1 16.0 6.1 11.7
DAYS >= TRACE 14 10.3 10
GREATEST
SNOW DEPTH 12 11/28 8
11/29
DEGREE DAYS
HEATING TOTAL 907 908 -1
SINCE 7/1 1621 1834 -213
COOLING TOTAL 0 0 0
SINCE 1/1 269 236 33
..............................................................
WIND (MPH)
AVERAGE WIND SPEED 8.1
HIGHEST WIND SPEED/DIRECTION 35/220 DATE 11/16
HIGHEST GUST SPEED/DIRECTION 50/220 DATE 11/16
SKY COVER
AVERAGE SKY COVER 0.74
AVERAGE RH (PERCENT) 77
- INDICATES NEGATIVE NUMBERS.
R INDICATES RECORD WAS SET OR TIED.
MM INDICATES DATA IS MISSING.
T INDICATES TRACE AMOUNT.
$$