180
CXUS55 KBOU 010759
CF6APA
PRELIMINARY LOCAL CLIMATOLOGICAL DATA (WS FORM: F-6)
STATION: CENTENNIAL CO
MONTH: MAY
YEAR: 2020
LATITUDE: 39 33 N
LONGITUDE: 104 51 W
TEMPERATURE IN F: :PCPN: SNOW: WIND :SUNSHINE: SKY :PK WND
================================================================================
1 2 3 4 5 6A 6B 7 8 9 10 11 12 13 14 15 16 17 18
12Z AVG MX 2MIN
DY MAX MIN AVG DEP HDD CDD WTR SNW DPTH SPD SPD DIR MIN PSBL S-S WX SPD DR
================================================================================
1 84 51 68 17 0 3 0.00 M M 9.1 23 320 M M 5 36 320
2 66 48 57 6 8 0 T M M 9.7 24 350 M M 8 3 29 360
3 76 44 60 9 5 0 0.01 M M 9.2 24 20 M M 5 123 34 20
4 71 40 56 4 9 0 0.00 M M 12.0 32 340 M M 5 42 360
5 71 33 52 0 13 0 0.00 M M 6.0 16 90 M M 3 25 60
6 71 36 54 2 11 0 0.00 M M 11.0 24 180 M M 3 34 170
7 72 40 56 3 9 0 0.00 M M 10.8 30 20 M M 2 8 45 20
8 61 35 48 -5 17 0 0.00 M M 11.5 22 170 M M 5 30 160
9 61 42 52 -2 13 0 0.00 M M 10.6 21 10 M M 7 34 350
10 64 35 50 -4 15 0 0.00 M M 7.2 18 170 M M 4 27 170
11 55 37 46 -8 19 0 T M M 6.6 23 360 M M 9 1 28 10
12 76 41 59 5 6 0 0.00 M M 8.2 18 320 M M 7 12 23 310
13 80 51 66 11 0 1 0.00 M M 9.5 18 200 M M 6 25 30
14 73 48 61 6 4 0 T M M 8.8 32 20 M M 7 3 41 30
15 68 47 58 2 7 0 0.07 M M 6.5 25 360 M M 8 35 32 10
16 69 46 58 2 7 0 0.00 M M 6.5 16 80 M M 6 23 90
17 79 42 61 5 4 0 0.00 M M 5.9 16 30 M M 5 23 30
18 89 53 71 15 0 6 0.00 M M 8.7 28 150 M M 6 40 150
19 91 51 71 14 0 6 0.00 M M 13.8 38 160 M M 4 3 53 160
20 87 56 72 15 0 7 0.00 M M 18.2 36 220 M M 3 48 220
21 75 44 60 3 5 0 0.00 M M 7.2 21 120 M M 2 27 120
22 81 47 64 6 1 0 0.00 M M 12.0 31 160 M M 3 41 170
23 82 48 65 7 0 0 0.00 M M 10.4 25 360 M M 6 37 40
24 60 41 51 -7 14 0 1.00 M M 6.0 21 320 M M 8 138 28 320
25 64 38 51 -8 14 0 T M M 5.7 16 20 M M 5 22 10
26 76 44 60 1 5 0 0.00 M M 7.1 17 20 M M 1 23 10
27 81 51 66 7 0 1 0.04 M M 6.5 24 270 M M 5 3 34 300
28 74 54 64 4 1 0 T M M 7.2 17 170 M M 7 23 170
29 88 54 71 11 0 6 0.04 M M 9.4 24 210 M M 4 3 32 200
30 83 59 71 11 0 6 0.00 M M 7.9 15 250 M M 5 22 30
31 86 54 70 10 0 5 T 0.0 0 8.3 24 170 M M 7 32 200
================================================================================
SM 2314 1410 187 41 1.16 0.0 277.5 M 161
================================================================================
AV 74.7 45.5 9.0 FASTST M M 5 MAX(MPH)
MISC ----> # 38 160 # 53 160
================================================================================
NOTES:
# LAST OF SEVERAL OCCURRENCES
COLUMN 17 PEAK WIND IN M.P.H.
PRELIMINARY LOCAL CLIMATOLOGICAL DATA (WS FORM: F-6) , PAGE 2
STATION: CENTENNIAL CO
MONTH: MAY
YEAR: 2020
LATITUDE: 39 33 N
LONGITUDE: 104 51 W
[TEMPERATURE DATA] [PRECIPITATION DATA] SYMBOLS USED IN COLUMN 16
AVERAGE MONTHLY: 60.1 TOTAL FOR MONTH: 1.16 1 = FOG OR MIST
DPTR FM NORMAL: 4.4 DPTR FM NORMAL: -1.23 2 = FOG REDUCING VISIBILITY
HIGHEST: 91 ON 19 GRTST 24HR 1.00 ON 24-24 TO 1/4 MILE OR LESS
LOWEST: 33 ON 5 3 = THUNDER
SNOW, ICE PELLETS, HAIL 4 = ICE PELLETS
TOTAL MONTH: 0.0 INCH 5 = HAIL
GRTST 24HR 0.0 6 = FREEZING RAIN OR DRIZZLE
GRTST DEPTH: 0 7 = DUSTSTORM OR SANDSTORM:
VSBY 1/2 MILE OR LESS
8 = SMOKE OR HAZE
[NO. OF DAYS WITH] [WEATHER - DAYS WITH] 9 = BLOWING SNOW
X = TORNADO
MAX 32 OR BELOW: 0 0.01 INCH OR MORE: 5
MAX 90 OR ABOVE: 1 0.10 INCH OR MORE: 1
MIN 32 OR BELOW: 0 0.50 INCH OR MORE: 1
MIN 0 OR BELOW: 0 1.00 INCH OR MORE: 1
[HDD (BASE 65) ]
TOTAL THIS MO. 187 CLEAR (SCALE 0-3) 6
DPTR FM NORMAL -110 PTCLDY (SCALE 4-7) 24
TOTAL FM JUL 1 5663 CLOUDY (SCALE 8-10) 1
DPTR FM NORMAL -451
[CDD (BASE 65) ]
TOTAL THIS MO. 41
DPTR FM NORMAL 30 [PRESSURE DATA]
TOTAL FM JAN 1 42 HIGHEST SLP 30.18 ON 28
DPTR FM NORMAL 31 LOWEST SLP 29.53 ON 23
[REMARKS]
#FINAL-05-20#