000
CXUS56 KMTR 010900
CF6APC
PRELIMINARY LOCAL CLIMATOLOGICAL DATA (WS FORM: F-6)
STATION: NAPA AIRPORT
MONTH: JUNE
YEAR: 2022
LATITUDE: 38 13 N
LONGITUDE: 122 17 W
TEMPERATURE IN F: :PCPN: SNOW: WIND :SUNSHINE: SKY :PK WND
================================================================================
1 2 3 4 5 6A 6B 7 8 9 10 11 12 13 14 15 16 17 18
12Z AVG MX 2MIN
DY MAX MIN AVG DEP HDD CDD WTR SNW DPTH SPD SPD DIR MIN PSBL S-S WX SPD DR
================================================================================
1 82 46 64 1 1 0 0.00 M M 7.4 17 200 M M 0 20 200
2 78 53 66 3 0 1 0.00 M M 11.8 24 240 M M 0 28 240
3 77 53 65 2 0 0 0.00 M M 10.5 20 260 M M 1 24 240
4 72 56 64 0 1 0 0.01 M M 9.8 21 200 M M 9 25 210
5 75 58 67 3 0 2 0.26 M M 11.6 20 270 M M 9 1 22 270
6 84 53 69 5 0 4 0.00 M M 8.7 18 210 M M 0 23 220
7 81 50 66 2 0 1 0.00 M M 6.9 18 200 M M 0 1 25 240
8 81 55 68 4 0 3 0.00 M M 12.0 21 200 M M 0 24 200
9 89 52 71 7 0 6 0.00 M M 9.0 21 190 M M 0 24 190
10 97 60 79 15 0 14 0.00 M M 9.3 25 280 M M 0 8 32 280
11 92 57 75 10 0 10 0.00 M M 11.3 26 260 M M 0 31 240
12 76 55 66 1 0 1 0.00 M M 13.2 23 260 M M 4 28 270
13 80 45 63 -2 2 0 0.00 M M 6.0 18 210 M M 0 21 200
14 85 47 66 1 0 1 0.00 M M 7.2 18 200 M M 0 22 200
15 82 52 67 2 0 2 0.00 M M 8.1 21 240 M M 0 18 24 240
16 80 54 67 2 0 2 0.00 M M 14.7 29 270 M M 0 35 260
17 72 51 62 -3 3 0 0.00 M M 12.8 22 270 M M 2 26 270
18 76 44 60 -6 5 0 0.00 M M 8.0 21 200 M M 0 1 26 240
19 84 44 64 -2 1 0 0.00 M M 7.7 22 200 M M 0 25 190
20 90 48 69 3 0 4 T M M 6.1 22 280 M M 0 26 280
21 103 51 77 11 0 12 0.00 M M 4.7 15 280 M M 0 19 290
22 89 57 73 7 0 8 0.00 M M 7.2 21 190 M M 0 25 190
23 87 57 72 6 0 7 0.00 M M 7.9 15 200 M M 0 18 210
24 81 50 66 0 0 1 0.00 M M 8.0 17 190 M M 0 1 21 180
25 80 47 64 -2 1 0 0.00 M M 7.9 20 190 M M 0 1 21 190
26 81 51 66 0 0 1 0.00 M M 8.1 16 200 M M 2 20 220
27 90 53 72 6 0 7 0.00 M M 9.1 21 230 M M 3 23 220
28 83 51 67 1 0 2 0.00 M M 10.4 20 210 M M 0 23 210
29 74 51 63 -3 2 0 0.00 M M 11.1 22 200 M M 3 26 190
30 71 54 63 -3 2 0 0.00 M M 13.3 23 200 M M 5 26 190
================================================================================
SM 2472 1555 18 89 0.27 M 279.8 M 38
================================================================================
AV 82.4 51.8 9.3 FASTST M M 1 MAX(MPH)
MISC ----> 29 270 35 260
================================================================================
NOTES:
# LAST OF SEVERAL OCCURRENCES
COLUMN 17 PEAK WIND IN M.P.H.
PRELIMINARY LOCAL CLIMATOLOGICAL DATA (WS FORM: F-6) , PAGE 2
STATION: NAPA AIRPORT
MONTH: JUNE
YEAR: 2022
LATITUDE: 38 13 N
LONGITUDE: 122 17 W
[TEMPERATURE DATA] [PRECIPITATION DATA] SYMBOLS USED IN COLUMN 16
AVERAGE MONTHLY: 67.1 TOTAL FOR MONTH: 0.27 1 = FOG OR MIST
DPTR FM NORMAL: 2.0 DPTR FM NORMAL: 0.05 2 = FOG REDUCING VISIBILITY
HIGHEST: 103 ON 21 GRTST 24HR 0.27 ON 4- 5 TO 1/4 MILE OR LESS
LOWEST: 44 ON 19,18 3 = THUNDER
SNOW, ICE PELLETS, HAIL 4 = ICE PELLETS
TOTAL MONTH: M 5 = HAIL
GRTST 24HR M ON M 6 = FREEZING RAIN OR DRIZZLE
GRTST DEPTH: M ON M 7 = DUSTSTORM OR SANDSTORM:
VSBY 1/2 MILE OR LESS
8 = SMOKE OR HAZE
[NO. OF DAYS WITH] [WEATHER - DAYS WITH] 9 = BLOWING SNOW
X = TORNADO
MAX 32 OR BELOW: 0 0.01 INCH OR MORE: 2
MAX 90 OR ABOVE: 5 0.10 INCH OR MORE: 1
MIN 32 OR BELOW: 0 0.50 INCH OR MORE: 0
MIN 0 OR BELOW: 0 1.00 INCH OR MORE: 0
[HDD (BASE 65) ]
TOTAL THIS MO. 18 CLEAR (SCALE 0-3) 25
DPTR FM NORMAL -34 PTCLDY (SCALE 4-7) 3
TOTAL FM JUL 1 2898 CLOUDY (SCALE 8-10) 2
DPTR FM NORMAL -57
[CDD (BASE 65) ]
TOTAL THIS MO. 89
DPTR FM NORMAL 36 [PRESSURE DATA]
TOTAL FM JAN 1 122 HIGHEST SLP M ON M
DPTR FM NORMAL 51 LOWEST SLP 29.73 ON 16
[REMARKS]
#FINAL-06-22#