000
CXUS52 KMFL 011241
CLMAPF
CLIMATE REPORT
NATIONAL WEATHER SERVICE MIAMI, FL
841 AM EDT SUN OCT 01 2023
...................................
...THE NAPLES CLIMATE SUMMARY FOR THE MONTH OF SEPTEMBER 2023...
CLIMATE NORMAL PERIOD: 1991 TO 2020
CLIMATE RECORD PERIOD: 1942 TO 2023
WEATHER OBSERVED NORMAL DEPART LAST YEAR`S
VALUE DATE(S) VALUE FROM VALUE DATE(S)
NORMAL
................................................................
TEMPERATURE (F)
RECORD
HIGH 98 09/14/1974
09/23/1946
LOW 65 09/29/2000
09/27/1991
09/29/1983
HIGHEST 94 09/03 94 09/04
09/05
09/11
LOWEST 72 09/09 72 09/18
09/20
AVG. MAXIMUM 92.2 89.6 2.6 89.4
AVG. MINIMUM 77.0 75.1 1.9 75.0
MEAN 84.6 82.4 2.2 82.2
DAYS MAX >= 90 26 20
DAYS MAX <= 32 0 0
DAYS MIN <= 32 0 0
DAYS MIN <= 0 0 0
PRECIPITATION (INCHES)
RECORD
MAXIMUM 20.84 2001
MINIMUM 1.23 2019
TOTALS 2.08 8.60 -6.52 11.76
DAILY AVG. 0.07 0.29 -0.22 0.39
DAYS >= .01 10 MM
DAYS >= .10 4 MM
DAYS >= .50 2 MM
DAYS >= 1.00 0 MM
GREATEST
24 HR. TOTAL 0.90 09/26 TO 09/27 3.29
DEGREE DAYS
HEATING TOTAL 0 0 0 0
SINCE 7/1 0 0 0 MM
COOLING TOTAL 558 520 38 487
SINCE 1/1 4122 3287 835 MM
................................................................
WIND (MPH)
AVERAGE WIND SPEED 6.6
HIGHEST WIND SPEED/DIRECTION 23/050 DATE 09/19
23/240 09/30
HIGHEST GUST SPEED/DIRECTION 29/220 DATE 09/24
SKY COVER
POSSIBLE SUNSHINE (PERCENT) MM
AVERAGE SKY COVER 0.21
NUMBER OF DAYS FAIR 25
NUMBER OF DAYS PC 5
NUMBER OF DAYS CLOUDY 0
AVERAGE RH (PERCENT) 75
WEATHER CONDITIONS. NUMBER OF DAYS WITH
THUNDERSTORM 15 MIXED PRECIP 0
HEAVY RAIN 2 RAIN 3
LIGHT RAIN 12 FREEZING RAIN 0
LT FREEZING RAIN 0 HAIL 0
HEAVY SNOW 0 SNOW 0
LIGHT SNOW 0 SLEET 0
FOG 5 FOG W/VIS <= 1/4 MILE 0
HAZE 0
- INDICATES NEGATIVE NUMBERS.
R INDICATES RECORD WAS SET OR TIED.
MM INDICATES DATA IS MISSING.
T INDICATES TRACE AMOUNT.
$$