000
CXUS53 KAPX 010830
CF6APX
PRELIMINARY LOCAL CLIMATOLOGICAL DATA (WS FORM: F-6)
STATION: GAYLORD WFO
MONTH: DECEMBER
YEAR: 2022
LATITUDE: 45 4 N
LONGITUDE: 84 43 W
TEMPERATURE IN F: :PCPN: SNOW: WIND :SUNSHINE: SKY :PK WND
================================================================================
1 2 3 4 5 6A 6B 7 8 9 10 11 12 13 14 15 16 17 18
12Z AVG MX 2MIN
DY MAX MIN AVG DEP HDD CDD WTR SNW DPTH SPD SPD DIR MIN PSBL S-S WX SPD DR
================================================================================
1 28 21 25 -4 40 0 0.04 0.5 3 M M M M M M 9 M M
2 40 28 34 6 31 0 0.00 0.0 3 M M M M M M M M
3 42 19 31 3 34 0 0.28 2.2 1 M M M M M M M M
4 30 17 24 -4 41 0 0.00 0.0 2 M M M M M M M M
5 37 29 33 5 32 0 0.06 1.3 1 M M M M M M M M
6 32 27 30 3 35 0 0.07 1.9 4 M M M M M M 12 M M
7 35 25 30 3 35 0 0.03 0.2 3 M M M M M M 16 M M
8 25 17 21 -6 44 0 T T 1 M M M M M M M M
9 28 16 22 -4 43 0 T T 1 M M M M M M M M
10 29 27 28 2 37 0 0.01 0.1 T M M M M M M M M
11 32 27 30 4 35 0 0.04 0.7 1 M M M M M M 1 M M
12 29 26 28 3 37 0 T T 1 M M M M M M M M
13 32 24 28 3 37 0 0.00 0.0 1 M M M M M M M M
14 32 27 30 5 35 0 T 0.0 1 M M M M M M M M
15 33 31 32 8 33 0 0.45 1.0 1 M M M M M M 16 M M
16 31 23 27 3 38 0 0.10 1.3 3 M M M M M M M M
17 28 23 26 2 39 0 T 0.2 3 M M M M M M M M
18 29 23 26 2 39 0 0.47 6.0 5 M M M M M M M M
19 24 22 23 0 42 0 0.06 0.4 8 M M M M M M M M
20 27 18 23 0 42 0 0.04 0.5 8 M M M M M M M M
21 18 13 16 -7 49 0 0.01 0.4 8 M M M M M M M M
22 33 13 23 0 42 0 0.26 2.1 8 M M M M M M M M
23 26 12 19 -3 46 0 0.89 16.8 9 M M M M M M M M
24 18 15 17 -5 48 0 0.49 8.3 25 M M M M M M M M
25 19 13 16 -6 49 0 0.16 2.9 23 M M M M M M M M
26 21 13 17 -5 48 0 0.02 0.6 19 M M M M M M M M
27 22 16 19 -2 46 0 T T 18 M M M M M M M M
28 37 21 29 8 36 0 0.00 0.0 16 M M M M M M M M
29 47 36 42 21 23 0 T 0.0 15 M M M M M M 12 M M
30 47 33 40 19 25 0 T 0.0 5 M M M M M M M M
31 33 29 31 11 34 0 0.00 0.0 1 M M M M M M M M
================================================================================
SM 944 684 1195 0 3.48 47.4 M M M
================================================================================
AV 30.5 22.1 M FASTST M M M MAX(MPH)
MISC ----> M M M M
================================================================================
NOTES:
# LAST OF SEVERAL OCCURRENCES
COLUMN 17 PEAK WIND IN M.P.H.
PRELIMINARY LOCAL CLIMATOLOGICAL DATA (WS FORM: F-6) , PAGE 2
STATION: GAYLORD WFO
MONTH: DECEMBER
YEAR: 2022
LATITUDE: 45 4 N
LONGITUDE: 84 43 W
[TEMPERATURE DATA] [PRECIPITATION DATA] SYMBOLS USED IN COLUMN 16
AVERAGE MONTHLY: 26.3 TOTAL FOR MONTH: 3.48 1 = FOG OR MIST
DPTR FM NORMAL: 1.9 DPTR FM NORMAL: 0.48 2 = FOG REDUCING VISIBILITY
HIGHEST: 47 ON 30,29 GRTST 24HR 0.89 ON 23-23 TO 1/4 MILE OR LESS
LOWEST: 12 ON 23 3 = THUNDER
SNOW, ICE PELLETS, HAIL 4 = ICE PELLETS
TOTAL MONTH: 52.0 INCHES 5 = HAIL
GRTST 24HR 16.8 ON 23-23 6 = FREEZING RAIN OR DRIZZLE
GRTST DEPTH: 25 ON 24 7 = DUSTSTORM OR SANDSTORM:
VSBY 1/2 MILE OR LESS
8 = SMOKE OR HAZE
[NO. OF DAYS WITH] [WEATHER - DAYS WITH] 9 = BLOWING SNOW
X = TORNADO
MAX 32 OR BELOW: 21 0.01 INCH OR MORE: 18
MAX 90 OR ABOVE: 0 0.10 INCH OR MORE: 8
MIN 32 OR BELOW: 29 0.50 INCH OR MORE: 1
MIN 0 OR BELOW: 0 1.00 INCH OR MORE: 0
[HDD (BASE 65) ]
TOTAL THIS MO. 1195 CLEAR (SCALE 0-3) 0
DPTR FM NORMAL -63 PTCLDY (SCALE 4-7) 0
TOTAL FM JUL 1 2788 CLOUDY (SCALE 8-10) 31
DPTR FM NORMAL -306
[CDD (BASE 65) ]
TOTAL THIS MO. 0
DPTR FM NORMAL 0 [PRESSURE DATA]
TOTAL FM JAN 1 350 HIGHEST SLP M ON M
DPTR FM NORMAL 26 LOWEST SLP M ON M
[REMARKS]
#FINAL-12-22#