000
CXUS53 KARX 010930
CF6ARX
PRELIMINARY LOCAL CLIMATOLOGICAL DATA (WS FORM: F-6)
STATION: La Crosse Weather Office WI
MONTH: JUNE
YEAR: 2020
LATITUDE: 43 49 N
LONGITUDE: 91 12 W
TEMPERATURE IN F: :PCPN: SNOW: WIND :SUNSHINE: SKY :PK WND
================================================================================
1 2 3 4 5 6A 6B 7 8 9 10 11 12 13 14 15 16 17 18
12Z AVG MX 2MIN
DY MAX MIN AVG DEP HDD CDD WTR SNW DPTH SPD SPD DIR MIN PSBL S-S WX SPD DR
================================================================================
1 81 57 69 7 0 4 0.07 0.0 0 M M M M M M 30 M
2 89 61 75 13 0 10 1.09 T 0 M M M M M M 35 45 M
3 82 61 72 10 0 7 0.00 0.0 0 M M M M M M 1 45 M
4 85 62 74 11 0 9 0.00 0.0 0 M M M M M M 19 M
5 79 63 71 8 0 6 0.60 0.0 0 M M M M M M 3 23 M
6 77 58 68 5 0 3 T 0.0 0 M M M M M M 21 M
7 80 55 68 4 0 3 0.09 0.0 0 M M M M M M 3 26 M
8 87 62 75 11 0 10 0.00 0.0 0 M M M M M M 26 M
9 79 63 71 7 0 6 2.38 0.0 0 M M M M M M 29 M
10 67 57 62 -3 3 0 0.11 0.0 0 M M M M M M 29 M
11 76 52 64 -1 1 0 T 0.0 0 M M M M M M 32 M
12 78 56 67 2 0 2 T 0.0 0 M M M M M M 32 M
13 68 46 57 -9 8 0 0.00 0.0 0 M M M M M M 21 M
14 72 46 59 -7 6 0 0.00 0.0 0 M M M M M M 25 M
15 76 55 66 0 0 1 0.00 0.0 0 M M M M M M 27 M
16 81 61 71 4 0 6 0.00 0.0 0 M M M M M M 24 M
17 81 64 73 6 0 8 0.00 0.0 0 M M M M M M 27 M
18 81 65 73 6 0 8 0.00 0.0 0 M M M M M M 27 M
19 74 63 69 1 0 4 0.47 0.0 0 M M M M M M 21 M
20 75 59 67 -1 0 2 1.23 0.0 0 M M M M M M 1 20 M
21 82 56 69 1 0 4 0.93 0.0 0 M M M M M M 3 25 M
22 64 57 61 -7 4 0 0.59 0.0 0 M M M M M M 25 M
23 71 56 64 -5 1 0 0.08 0.0 0 M M M M M M 26 M
24 74 52 63 -6 2 0 T 0.0 0 M M M M M M 3 26 M
25 80 56 68 -1 0 3 0.00 0.0 0 M M M M M M 26 M
26 78 64 71 2 0 6 0.23 0.0 0 M M M M M M 16 M
27 83 65 74 4 0 9 0.00 0.0 0 M M M M M M 15 M
28 85 65 75 5 0 10 0.00 0.0 0 M M M M M M 3 23 M
29 79 67 73 3 0 8 T 0.0 0 M M M M M M 25 M
30 86 67 77 7 0 12 0.00 0.0 0 M M M M M M 25 M
================================================================================
SM 2350 1771 25 141 7.87 T M M M
================================================================================
AV 78.3 59.0 M FASTST M M 3 MAX(MPH)
MISC ----> M M 45 M
================================================================================
NOTES:
# LAST OF SEVERAL OCCURRENCES
COLUMN 17 PEAK WIND IN M.P.H.
PRELIMINARY LOCAL CLIMATOLOGICAL DATA (WS FORM: F-6) , PAGE 2
STATION: La Crosse Weather Office WI
MONTH: JUNE
YEAR: 2020
LATITUDE: 43 49 N
LONGITUDE: 91 12 W
[TEMPERATURE DATA] [PRECIPITATION DATA] SYMBOLS USED IN COLUMN 16
AVERAGE MONTHLY: 68.7 TOTAL FOR MONTH: 7.87 1 = FOG OR MIST
DPTR FM NORMAL: 2.4 DPTR FM NORMAL: 3.14 2 = FOG REDUCING VISIBILITY
HIGHEST: 89 ON 2 GRTST 24HR 2.38 ON 9- 9 TO 1/4 MILE OR LESS
LOWEST: 46 ON 14,13 3 = THUNDER
SNOW, ICE PELLETS, HAIL 4 = ICE PELLETS
TOTAL MONTH: T 5 = HAIL
GRTST 24HR T ON 2- 2 6 = FREEZING RAIN OR DRIZZLE
GRTST DEPTH: 0 7 = DUSTSTORM OR SANDSTORM:
VSBY 1/2 MILE OR LESS
8 = SMOKE OR HAZE
[NO. OF DAYS WITH] [WEATHER - DAYS WITH] 9 = BLOWING SNOW
X = TORNADO
MAX 32 OR BELOW: 0 0.01 INCH OR MORE: 12
MAX 90 OR ABOVE: 0 0.10 INCH OR MORE: 9
MIN 32 OR BELOW: 0 0.50 INCH OR MORE: 6
MIN 0 OR BELOW: 0 1.00 INCH OR MORE: 3
[HDD (BASE 65) ]
TOTAL THIS MO. 25 CLEAR (SCALE 0-3) 0
DPTR FM NORMAL -38 PTCLDY (SCALE 4-7) 0
TOTAL FM JUL 1 7522 CLOUDY (SCALE 8-10) 0
DPTR FM NORMAL -202
[CDD (BASE 65) ]
TOTAL THIS MO. 141
DPTR FM NORMAL 40 [PRESSURE DATA]
TOTAL FM JAN 1 171 HIGHEST SLP M ON M
DPTR FM NORMAL 53 LOWEST SLP M ON M
[REMARKS]
#FINAL-06-20#