000
CXUS54 KMAF 011110
CF6ATS
PRELIMINARY LOCAL CLIMATOLOGICAL DATA (WS FORM: F-6)
STATION: ARTESIA
MONTH: JULY
YEAR: 2022
LATITUDE: 32 54 N
LONGITUDE: 104 30 W
TEMPERATURE IN F: :PCPN: SNOW: WIND :SUNSHINE: SKY :PK WND
================================================================================
1 2 3 4 5 6A 6B 7 8 9 10 11 12 13 14 15 16 17 18
12Z AVG MX 2MIN
DY MAX MIN AVG DEP HDD CDD WTR SNW DPTH SPD SPD DIR MIN PSBL S-S WX SPD DR
================================================================================
1 97 72 85 M 0 20 0.00 M M 6.7 14 150 M M 0 17 M
2 97 72 85 M 0 20 0.00 M M 8.4 16 150 M M 0 21 130
3 95 70 83 M 0 18 0.00 M M 9.6 17 160 M M 0 26 160
4 95 70 83 M 0 18 0.00 M M 11.2 22 230 M M 0 32 170
5 93 72 83 M 0 18 0.00 M M 9.4 17 150 M M 0 8 22 150
6 97 70 84 M 0 19 0.00 M M 8.3 21 280 M M 1 3 31 280
7 97 70 84 M 0 19 0.00 M M 8.7 22 260 M M 0 32 260
8 95 72 84 M 0 19 0.00 M M 4.9 16 10 M M 1 23 10
9 99 75 87 M 0 22 0.00 M M 5.8 17 120 M M 1 22 100
10 99 70 85 M 0 20 0.00 M M 6.2 12 150 M M 0 17 110
11 100 73 87 M 0 22 0.00 M M 5.7 12 80 M M 0 18 70
12 97 73 85 M 0 20 0.00 M M 9.5 22 50 M M 1 28 50
13 97 72 85 M 0 20 0.00 M M 10.6 32 150 M M 1 38 150
14 97 70 84 M 0 19 0.00 M M 9.7 16 150 M M 0 32 140
15 99 70 85 M 0 20 0.00 M M 8.1 14 150 M M 0 18 110
16 95 70 83 M 0 18 0.00 M M 7.4 15 160 M M 0 22 150
17 97 68 83 M 0 18 0.00 M M 6.7 13 150 M M 0 24 160
18 100 72 86 M 0 21 0.00 M M 6.7 14 160 M M 0 20 160
19 106 73 90 M 0 25 0.00 M M 11.3 18 150 M M 0 25 150
20 104 77 91 M 0 26 0.00 M M 9.4 22 350 M M 0 32 350
21 100 50 75 M 0 10 0.00 M M 9.2 21 150 M M 0 33 130
22 100 75 88 M 0 23 0.00 M M 11.2 23 140 M M 1 8 35 130
23 97 73 85 M 0 20 0.00 M M 10.0 17 130 M M 0 23 130
24 97 73 85 M 0 20 0.00 M M 9.8 17 130 M M 0 24 140
25 99 77 88 M 0 23 0.01 M M 11.0 18 240 M M 2 32 310
26 99 70 85 M 0 20 0.00 M M 7.1 15 180 M M 0 23 220
27 97 73 85 M 0 20 0.01 M M 7.9 16 300 M M 2 28 270
28 97 70 84 M 0 19 0.00 M M 8.2 16 130 M M 0 24 110
29 97 73 85 M 0 20 0.00 M M 10.8 20 340 M M 1 22 340
30 97 73 85 M 0 20 0.00 M M 6.7 12 360 M M 1 18 310
31 99 72 86 M 0 21 0.00 M M 5.4 20 310 M M 1 30 310
================================================================================
SM 3035 2210 0 618 0.02 M 261.7 M 13
================================================================================
AV 97.9 71.3 8.4 FASTST M M 0 MAX(MPH)
MISC ----> 32 150 38 150
================================================================================
NOTES:
# LAST OF SEVERAL OCCURRENCES
COLUMN 17 PEAK WIND IN M.P.H.
PRELIMINARY LOCAL CLIMATOLOGICAL DATA (WS FORM: F-6) , PAGE 2
STATION: ARTESIA
MONTH: JULY
YEAR: 2022
LATITUDE: 32 54 N
LONGITUDE: 104 30 W
[TEMPERATURE DATA] [PRECIPITATION DATA] SYMBOLS USED IN COLUMN 16
AVERAGE MONTHLY: 84.6 TOTAL FOR MONTH: 0.02 1 = FOG OR MIST
DPTR FM NORMAL: 0.0 DPTR FM NORMAL: M 2 = FOG REDUCING VISIBILITY
HIGHEST: 106 ON 19 GRTST 24HR 0.01 ON 25-25 TO 1/4 MILE OR LESS
LOWEST: 50 ON 21 3 = THUNDER
SNOW, ICE PELLETS, HAIL 4 = ICE PELLETS
TOTAL MONTH: M 5 = HAIL
GRTST 24HR M ON M 6 = FREEZING RAIN OR DRIZZLE
GRTST DEPTH: M ON M 7 = DUSTSTORM OR SANDSTORM:
VSBY 1/2 MILE OR LESS
8 = SMOKE OR HAZE
[NO. OF DAYS WITH] [WEATHER - DAYS WITH] 9 = BLOWING SNOW
X = TORNADO
MAX 32 OR BELOW: 0 0.01 INCH OR MORE: 2
MAX 90 OR ABOVE: 31 0.10 INCH OR MORE: 0
MIN 32 OR BELOW: 0 0.50 INCH OR MORE: 0
MIN 0 OR BELOW: 0 1.00 INCH OR MORE: 0
[HDD (BASE 65) ]
TOTAL THIS MO. 0 CLEAR (SCALE 0-3) 31
DPTR FM NORMAL M PTCLDY (SCALE 4-7) 0
TOTAL FM JUL 1 0 CLOUDY (SCALE 8-10) 0
DPTR FM NORMAL M
[CDD (BASE 65) ]
TOTAL THIS MO. 618
DPTR FM NORMAL M [PRESSURE DATA]
TOTAL FM JAN 1 1541 HIGHEST SLP M ON M
DPTR FM NORMAL M LOWEST SLP M ON M
[REMARKS]
#FINAL-07-22#